{"id":100,"date":"2013-06-10T14:14:56","date_gmt":"2013-06-10T19:14:56","guid":{"rendered":"http:\/\/blog.espol.edu.ec\/jchica\/?page_id=100"},"modified":"2013-06-10T14:31:05","modified_gmt":"2013-06-10T19:31:05","slug":"diagnostico-de-huanglongbing-y-diaphorina-citri","status":"publish","type":"page","link":"https:\/\/blog.espol.edu.ec\/jchica\/investigacion\/diagnostico-de-huanglongbing-y-diaphorina-citri\/","title":{"rendered":"Diagn\u00f3stico de Huanglongbing y <i>Diaphorina citri<\/i>"},"content":{"rendered":"<p>Este proyecto es la tesis de pregrado de Juan Francisco Cornejo.<\/p>\n<p>La enfermedad del <a href=\"http:\/\/cisr.ucr.edu\/citrus_greening.html\">Huanglongbing<\/a> (HLB) es actualmente la mayor amenaza a la citricultura a nivel mundial<sup>1<\/sup>. El HLB es causado por bacterias pertenecientes al g\u00e9nero <em>Candidatus<\/em> Liberibacter. Estas bacterias, hasta ahora incultivables, se desarrollan en el floema del \u00e1rbol produciendo su obstrucci\u00f3n y afectando consecuentemente el transporte y distribuci\u00f3n de fotosintatos y otros nutrientes<sup>2<\/sup>. Una vez infectados con HLB los \u00e1rboles reducen su producci\u00f3n, producen fruta de muy baja calidad y eventualmente mueren alrededor de 2-3 a\u00f1os despu\u00e9s de la infecci\u00f3n inicial<sup>3<\/sup>. Bajo condiciones naturales, la enfermedad es transmitida por el ps\u00edlido asi\u00e1tico de los c\u00edtricos, <a href=\"http:\/\/wiki.bugwood.org\/Diaphorina_citri\" target=\"_blank\"><em>Diaphorina citri<\/em> <\/a>(Sternorrhyncha: Psyllidae), y por el ps\u00edlido africano de los c\u00edtricos, <a href=\"http:\/\/wiki.bugwood.org\/Trioza_erytreae\" target=\"_blank\"><em>Trioza erytreae<\/em><\/a> (Sternorrhyncha: Triozidae)<sup>1<\/sup>. Las bacterias y sus vectores est\u00e1n presentes en las mayores \u00e1reas productoras de c\u00edtricos del mundo excepto la cuenca Mediterr\u00e1nea<sup>1<\/sup>. En las Am\u00e9ricas, la enfermedad fue inicialmente reportada en Brasil, y actualmente est\u00e1 diseminada en el sur de los Estados Unidos, M\u00e9xico y los pa\u00edses de la cuenca del Caribe<sup>4,5<\/sup>. En Am\u00e9rica del sur, la enfermedad est\u00e1 reportada \u00fanicamente en Brasil, aunque el vector <em>Diaphorina citri<\/em> has sido reportado en Argentina, Bolivia, Colombia y Venezuela<sup>6<\/sup>. En Ecuador no han habido hasta ahora reportes ni del vector ni de la enfermedad.<\/p>\n<p>En el Ecuador existen cerca de 30.000 hect\u00e1reas de c\u00edtricos sembradas que generan una producci\u00f3n anual de aproximadamente 210.000 toneladas m\u00e9tricas de fruta<sup>7<\/sup>. Esta producci\u00f3n es utilizada principalmente para satisfacer el mercado local y minoritariamente para la exportaci\u00f3n. La mayor producci\u00f3n de c\u00edtricos en Ecuador de ubica en las zonas subtropicales de las provincias de Los R\u00edos y Bol\u00edvar y en la provincia de Manab\u00ed y es cultivada por peque\u00f1os y medianos productores usando sistemas de producci\u00f3n precarios y deficientes en el manejo fitosanitario del cultivo. Debido al deficiente control y manejo de las plantaciones, programas de propagaci\u00f3n sin control fitosanitario y a\u00fan deficientes mecanismos de protecci\u00f3n de la industria, la citricultura ecuatoriana es altamente vulnerable a una posible introducci\u00f3n de material infectado con HLB y\/o su dispersi\u00f3n a trav\u00e9s de su vector lo cual podr\u00eda reducir significativamente la oferta nacional de c\u00edtricos, limitar el desarrollo del sector y afectar negativamente la econom\u00eda de los miembros de esta industria. El objetivo de este proyecto es determinar la situaci\u00f3n actual de la citricultura ecuatoriana\u00a0 frente a la amenaza del HLB y proveer informaci\u00f3n clave para el dise\u00f1o o activaci\u00f3n de estrategias de respuesta frente a la enfermedad y para la protecci\u00f3n de la industria.<\/p>\n<h2>Actualizaciones<\/h2>\n<ul>\n<li>Primera detecci\u00f3n (20 de Enero 2013) de <em>Diaphorina citri<\/em> en Ecuador en un arbusto de <em>Murraya paniculata<\/em> (Mirto) en una zona urbana de Guayaquil (<a title=\"Primera detecci\u00f3n de Diaphorina citri\" href=\"http:\/\/maps.google.com\/maps?q=2%C2%B010%E2%80%9928.16%E2%80%B3S,+79%C2%B053%E2%80%9954.31%E2%80%B3W&amp;hl=en&amp;ie=UTF8&amp;sll=37.0625,-95.677068&amp;sspn=39.592876,79.013672&amp;t=m&amp;z=16\" target=\"_blank\">2\u00b010'28.16\"S, 79\u00b053'54.31\"W<\/a>). <a title=\"Agrocalidad\" href=\"http:\/\/agrocalidad.gob.ec\/agrocalidad\/\" target=\"_blank\">Agrocalidad<\/a> alertada sobre el hallazgo.<\/li>\n<li>Mapa de la dispersi\u00f3n de detecciones de ps\u00edlidos en <a href=\"http:\/\/blog.espol.edu.ec\/jchica\/files\/2013\/06\/PsilidosGuayaquil-s.jpeg\" target=\"_blank\">Guayaquil<\/a> y en <a href=\"http:\/\/blog.espol.edu.ec\/jchica\/files\/2013\/06\/PsilidosEcuador.jpeg\" target=\"_blank\">Ecuador<\/a>.<\/li>\n<li>Muestras de c\u00edtricos y mirtos colectadas dan resultados negativos de detecci\u00f3n por PCR para HLB.<\/li>\n<\/ul>\n<h2>Referencias<\/h2>\n<ol>\n<li>Bov\u00e9, J.M. 2006.\u00a0Huanglongbing: a destructive, newly-emerging, century-old disease of citrus. <a href=\"http:\/\/dx.doi.org\/10.4454\/jpp.v88i1.828\" target=\"_blank\">J. Plant Pathol. 88:13-37<\/a>.<\/li>\n<li>Achor, D.S., Etxeberria, E., Wang, N., Folimonova, S.Y., Chung, K.R. and L.G. Albrigo. 2010.\u00a0 Sequence of anatomical symptom observations in citrus affected with Huanglongbing disease. <a href=\"http:\/\/dx.doi.org\/10.3923\/ppj.2010.56.64\">Plant Pathol. J. 9:56-64.<\/a><\/li>\n<li>Bassanezi, R.B., Montesino, L.H. and E.S. Stuchi. 2009. Effects of Huanglongbing on fruit quality of sweet orange cultivars in Brazil. <a href=\"http:\/\/dx.doi.org\/10.1007\/s10658-009-9506-3\" target=\"_blank\">Eur. J. Plant Pathol. 125:565-572.<\/a><\/li>\n<li>Halbert, S. E. and K.L. Manjunath. 2004. Asian citrus psyllids (Sternorrhyncha: Psyllidae) and greening disease of citrus: A literature review and assessment of risk in Florida.<a href=\"http:\/\/dx.doi.org\/10.1653\/0015-4040(2004)087%5B0330:ACPSPA%5D2.0.CO;2\" target=\"_blank\"> Florida Entomologist 87:330-353<\/a>.<\/li>\n<li>Halbert, S. E. and C.A. N\u00fa\u00f1ez. 2004. Distribution of the Asian citrus psyllid, <em>Diaphorina citri<\/em> Kuwayama (Rhynchota: Psyllidae) in the Caribbean Basin. <a href=\"http:\/\/dx.doi.org\/10.1653\/0015-4040(2004)087%5B0401:DOTACP%5D2.0.CO;2\">Florida Entomologist 87:401-402<\/a>.<\/li>\n<li>Hall, D.G. 2008. <a href=\"http:\/\/www.ars.usda.gov\/SP2UserFiles\/person\/35403\/HallDiaphorinabiologyhistoryworldstatus2008.pdf\" target=\"_blank\">Biology, history and world status <em>Diaphorina citri<\/em>.<\/a> I Taller Internacional sobre Huanglongbing de los c\u00edtricos (Candidatus <em>Liberibacter<\/em> spp.) y el ps\u00edlido asi\u00e1tico de los c\u00edtricos (<em>Diaphorina citri<\/em>), Hermosillo, Sonora, M\u00e9xico.<\/li>\n<li>Valarezo, A. 2012. Situaci\u00f3n de la citricultura en el Ecuador. Taller Subregional sobre HLB y su vector, Guayaquil, Ecuador.<\/li>\n<\/ol>\n","protected":false},"excerpt":{"rendered":"<p>Este proyecto es la tesis de pregrado de Juan Francisco Cornejo. La enfermedad del Huanglongbing (HLB) es actualmente la mayor amenaza a la citricultura a nivel mundial1. El HLB es causado por bacterias pertenecientes al g\u00e9nero Candidatus Liberibacter. Estas bacterias, &hellip; <a href=\"https:\/\/blog.espol.edu.ec\/jchica\/investigacion\/diagnostico-de-huanglongbing-y-diaphorina-citri\/\">Sigue leyendo <span class=\"meta-nav\">&rarr;<\/span><\/a><\/p>\n","protected":false},"author":6822,"featured_media":0,"parent":2,"menu_order":0,"comment_status":"closed","ping_status":"open","template":"","meta":{"footnotes":""},"class_list":["post-100","page","type-page","status-publish","hentry"],"_links":{"self":[{"href":"https:\/\/blog.espol.edu.ec\/jchica\/wp-json\/wp\/v2\/pages\/100","targetHints":{"allow":["GET"]}}],"collection":[{"href":"https:\/\/blog.espol.edu.ec\/jchica\/wp-json\/wp\/v2\/pages"}],"about":[{"href":"https:\/\/blog.espol.edu.ec\/jchica\/wp-json\/wp\/v2\/types\/page"}],"author":[{"embeddable":true,"href":"https:\/\/blog.espol.edu.ec\/jchica\/wp-json\/wp\/v2\/users\/6822"}],"replies":[{"embeddable":true,"href":"https:\/\/blog.espol.edu.ec\/jchica\/wp-json\/wp\/v2\/comments?post=100"}],"version-history":[{"count":20,"href":"https:\/\/blog.espol.edu.ec\/jchica\/wp-json\/wp\/v2\/pages\/100\/revisions"}],"predecessor-version":[{"id":121,"href":"https:\/\/blog.espol.edu.ec\/jchica\/wp-json\/wp\/v2\/pages\/100\/revisions\/121"}],"up":[{"embeddable":true,"href":"https:\/\/blog.espol.edu.ec\/jchica\/wp-json\/wp\/v2\/pages\/2"}],"wp:attachment":[{"href":"https:\/\/blog.espol.edu.ec\/jchica\/wp-json\/wp\/v2\/media?parent=100"}],"curies":[{"name":"wp","href":"https:\/\/api.w.org\/{rel}","templated":true}]}}