{"id":14,"date":"2013-05-10T16:02:40","date_gmt":"2013-05-10T21:02:40","guid":{"rendered":"http:\/\/blog.espol.edu.ec\/jchica\/?page_id=14"},"modified":"2013-06-10T14:21:13","modified_gmt":"2013-06-10T19:21:13","slug":"miembros","status":"publish","type":"page","link":"https:\/\/blog.espol.edu.ec\/jchica\/miembros\/","title":{"rendered":"Miembros"},"content":{"rendered":"<p>Al pertenecer a un programa de pregrado, la poblaci\u00f3n del laboratorio es altamente fluctuante, pero puede ser categorizada en tres grupos: miembros fijos, semi-fijos y estacionales.<\/p>\n<h2>Eduardo Chica<\/h2>\n<p>El \u00fanico miembro fijo del laboratorio que funge como jefe de laboratorio y administrador de este sitio y qui\u00e9n escribe estas l\u00edneas. Luego de trabajar por cerca de seis a\u00f1os en citricultura en Florida, estoy intentando hacerme camino en el estudio de la fisiolog\u00eda y horticultura de frutales tropicales, donde a\u00fan hay bastante por hacer en Ecuador. Quienes est\u00e9n interesados en una rese\u00f1a m\u00e1s formal de lo que estado haciendo pueden encontrarla <a title=\"Hoja de vida\" href=\"http:\/\/blog.espol.edu.ec\/jchica\/files\/2013\/05\/CV-ES.pdf\" target=\"_blank\">aqu\u00ed<\/a>.<\/p>\n<h2>Juan Francisco Cornejo<\/h2>\n<p>Estudiante de \u00faltimo a\u00f1o de la carrera de ingenier\u00eda agr\u00edcola y biol\u00f3gica de la ESPOL. Recientemente termin\u00f3 un diagn\u00f3stico preliminar de <a title=\"Huanglongbing\" href=\"https:\/\/sites.google.com\/site\/diaphorina\/hlb\" target=\"_blank\">Huanglongbing<\/a> en c\u00edtricos del litoral ecuatoriano y est\u00e1 actualmente terminando de escribir su trabajo de tesis. Adicionalmente, Juan Francisco contin\u00faa investigando la dispersi\u00f3n del vector de la enfermedad, el ps\u00edlido asi\u00e1tico de los c\u00edtricos, que fue reportado por nuestro grupo por primera vez en Ecuador en Enero de 2013 (m\u00e1s informaci\u00f3n sobre esto en la <a title=\"Diagn\u00f3stico de Huanglongbing y Diaphorina citri\" href=\"http:\/\/blog.espol.edu.ec\/jchica\/investigacion\/diagnostico-de-huanglongbing-y-diaphorina-citri\/\" target=\"_blank\">p\u00e1gina del proyecto<\/a>).<\/p>\n<h2>Jaime Naranjo<\/h2>\n<p>Egresado de la carrera de ingenier\u00eda agr\u00edcola y biol\u00f3gica de la ESPOL. Jaime est\u00e1 actualmente trabajando en su tesis de grado sobre la tolerancia a la salinidad de especies de cucurbit\u00e1ceas silvestres del Ecuador y su aptitud para ser usada como <a title=\"Injertado de hortalizas\" href=\"http:\/\/www.vegetablegrafting.org\/\" target=\"_blank\">portainjerto<\/a> de cucurbit\u00e1ceas comerciales. Antes de este proyecto, Jaime trabaj\u00f3 en la caracterizaci\u00f3n de la biodiversidad de las estribaciones occidentales de los Andes en Ecuador y es un experto identificador de especies nativas del <a title=\"Bosque seco tropical\" href=\"http:\/\/espanol.tnc.org\/dondetrabajamos\/ecuador\/lugares\/\" target=\"_blank\">bosque seco tropical<\/a>.<\/p>\n<h2>M\u00f3nica Par\u00eds-Moreno<\/h2>\n<p>M\u00f3nica es el miembro m\u00e1s reciente del laboratorio. Ella es profesora del colegio t\u00e9cnico agropecuario Galo Plaza Lasso de Daule y actualmente est\u00e1 trabajando en su trabajo de tesis sobre la influencia de la aplicaci\u00f3n de citoquininas en el cultivo de arroz, espec\u00edficamente en el efecto de las citoquininas sobre el macollamiento, que es uno de los factores determinantes de la productividad en arroz.<\/p>\n<h2>Miembros estacionales<\/h2>\n<p>Los miembros estacionales del laboratorio son los estudiantes de la carrera de ingenier\u00eda agr\u00edcola y biol\u00f3gica de la ESPOL registrados en los <a title=\"Cursos\" href=\"http:\/\/blog.espol.edu.ec\/jchica\/cursos\/\" target=\"_blank\">cursos<\/a> que dicto en ESPOL. Dentro del desarrollo de las materias intento que los estudiantes desarrollen peque\u00f1os proyectos de investigaci\u00f3n relacionados con la materia que est\u00e1n viendo y con los intereses de investigaci\u00f3n del laboratorio. Debido al dise\u00f1o del programa de estudios de la carrera, t\u00edpicamente podemos interactuar por cerca de un a\u00f1o y por tanto existe potencial para desarrollar algunos proyectos interesantes.<\/p>\n","protected":false},"excerpt":{"rendered":"<p>Al pertenecer a un programa de pregrado, la poblaci\u00f3n del laboratorio es altamente fluctuante, pero puede ser categorizada en tres grupos: miembros fijos, semi-fijos y estacionales. Eduardo Chica El \u00fanico miembro fijo del laboratorio que funge como jefe de laboratorio &hellip; <a href=\"https:\/\/blog.espol.edu.ec\/jchica\/miembros\/\">Sigue leyendo <span class=\"meta-nav\">&rarr;<\/span><\/a><\/p>\n","protected":false},"author":6822,"featured_media":0,"parent":0,"menu_order":0,"comment_status":"closed","ping_status":"closed","template":"","meta":{"footnotes":""},"class_list":["post-14","page","type-page","status-publish","hentry"],"_links":{"self":[{"href":"https:\/\/blog.espol.edu.ec\/jchica\/wp-json\/wp\/v2\/pages\/14","targetHints":{"allow":["GET"]}}],"collection":[{"href":"https:\/\/blog.espol.edu.ec\/jchica\/wp-json\/wp\/v2\/pages"}],"about":[{"href":"https:\/\/blog.espol.edu.ec\/jchica\/wp-json\/wp\/v2\/types\/page"}],"author":[{"embeddable":true,"href":"https:\/\/blog.espol.edu.ec\/jchica\/wp-json\/wp\/v2\/users\/6822"}],"replies":[{"embeddable":true,"href":"https:\/\/blog.espol.edu.ec\/jchica\/wp-json\/wp\/v2\/comments?post=14"}],"version-history":[{"count":20,"href":"https:\/\/blog.espol.edu.ec\/jchica\/wp-json\/wp\/v2\/pages\/14\/revisions"}],"predecessor-version":[{"id":27,"href":"https:\/\/blog.espol.edu.ec\/jchica\/wp-json\/wp\/v2\/pages\/14\/revisions\/27"}],"wp:attachment":[{"href":"https:\/\/blog.espol.edu.ec\/jchica\/wp-json\/wp\/v2\/media?parent=14"}],"curies":[{"name":"wp","href":"https:\/\/api.w.org\/{rel}","templated":true}]}}