{"id":87,"date":"2012-07-12T16:06:57","date_gmt":"2012-07-12T16:06:57","guid":{"rendered":"http:\/\/blog.espol.edu.ec\/jdcalder\/?page_id=87"},"modified":"2012-07-12T20:12:30","modified_gmt":"2012-07-12T20:12:30","slug":"sobre-mi","status":"publish","type":"page","link":"https:\/\/blog.espol.edu.ec\/jdcalder\/sobre-mi\/","title":{"rendered":"Sobre Mi"},"content":{"rendered":"<p><strong> Biograf\u00eda <\/strong><br \/>\nNac\u00ed el 12 de julio de 1994<\/p>\n<p>Estudie en la escuela ''Carmen Wither Navarro'' hasta 5to curso, en 6to curso pase al colegio ''Tnte. Hugo Ortiz.''<br \/>\n<a href=\"http:\/\/blog.espol.edu.ec\/jdcalder\/files\/2012\/07\/401219_310079732378334_1877043163_a1.jpg\"><img loading=\"lazy\" decoding=\"async\" class=\"alignleft size-thumbnail wp-image-95\" src=\"http:\/\/blog.espol.edu.ec\/jdcalder\/files\/2012\/07\/401219_310079732378334_1877043163_a1-150x135.jpg\" alt=\"\" width=\"150\" height=\"135\" \/><\/a><\/p>\n<p>&nbsp;<\/p>\n<p>&nbsp;<\/p>\n<p>&nbsp;<\/p>\n<p>&nbsp;<\/p>\n<p>&nbsp;<\/p>\n<p>&nbsp;<\/p>\n<p>&nbsp;<\/p>\n<p>&nbsp;<\/p>\n<p>&nbsp;<\/p>\n<p>Actualmente estoy en la Escuela Superior Polit\u00e9cnica del Litoral, estudiando ingenier\u00eda en Log\u00edstica y Transporte.<\/p>\n<p>&nbsp;<\/p>\n<p>&nbsp;<\/p>\n<p><strong>Preferencias musicales:<\/strong><\/p>\n<p>Me gusta de todo tipo siempre y cuando tengan una melodia y letra agradable<\/p>\n<p>me encantas bandas como:<\/p>\n<p>&nbsp;<\/p>\n<div id=\"attachment_98\" style=\"width: 310px\" class=\"wp-caption alignleft\"><a href=\"http:\/\/blog.espol.edu.ec\/jdcalder\/files\/2012\/07\/Linkin-Park11.jpeg\"><img loading=\"lazy\" decoding=\"async\" aria-describedby=\"caption-attachment-98\" class=\"size-medium wp-image-98\" src=\"http:\/\/blog.espol.edu.ec\/jdcalder\/files\/2012\/07\/Linkin-Park11-300x213.jpg\" alt=\"\" width=\"300\" height=\"213\" srcset=\"https:\/\/blog.espol.edu.ec\/jdcalder\/files\/2012\/07\/Linkin-Park11-300x213.jpg 300w, https:\/\/blog.espol.edu.ec\/jdcalder\/files\/2012\/07\/Linkin-Park11.jpeg 450w\" sizes=\"auto, (max-width: 300px) 100vw, 300px\" \/><\/a><p id=\"caption-attachment-98\" class=\"wp-caption-text\">Linkin Park<\/p><\/div>\n<p>&nbsp;<\/p>\n<p>&nbsp;<\/p>\n<p>&nbsp;<\/p>\n<p>&nbsp;<\/p>\n<p>&nbsp;<\/p>\n<p>&nbsp;<\/p>\n<p>&nbsp;<\/p>\n<p>&nbsp;<\/p>\n<p>&nbsp;<\/p>\n<p>&nbsp;<\/p>\n<p>&nbsp;<\/p>\n<p>&nbsp;<\/p>\n<div id=\"attachment_96\" style=\"width: 310px\" class=\"wp-caption alignleft\"><a href=\"http:\/\/blog.espol.edu.ec\/jdcalder\/files\/2012\/07\/Rata_Blanca-Guerrero_Del_Arco_Iris-Frontal.jpg\"><img loading=\"lazy\" decoding=\"async\" aria-describedby=\"caption-attachment-96\" class=\"size-medium wp-image-96\" src=\"http:\/\/blog.espol.edu.ec\/jdcalder\/files\/2012\/07\/Rata_Blanca-Guerrero_Del_Arco_Iris-Frontal-300x300.jpg\" alt=\"\" width=\"300\" height=\"300\" srcset=\"https:\/\/blog.espol.edu.ec\/jdcalder\/files\/2012\/07\/Rata_Blanca-Guerrero_Del_Arco_Iris-Frontal-300x300.jpg 300w, https:\/\/blog.espol.edu.ec\/jdcalder\/files\/2012\/07\/Rata_Blanca-Guerrero_Del_Arco_Iris-Frontal-150x150.jpg 150w, https:\/\/blog.espol.edu.ec\/jdcalder\/files\/2012\/07\/Rata_Blanca-Guerrero_Del_Arco_Iris-Frontal.jpg 953w\" sizes=\"auto, (max-width: 300px) 100vw, 300px\" \/><\/a><p id=\"caption-attachment-96\" class=\"wp-caption-text\">Rata Blanca<\/p><\/div>\n<p>&nbsp;<\/p>\n<p>&nbsp;<\/p>\n<p>&nbsp;<\/p>\n<p>&nbsp;<\/p>\n<p>&nbsp;<\/p>\n<p>&nbsp;<\/p>\n<p>&nbsp;<\/p>\n<p>&nbsp;<\/p>\n<p>&nbsp;<\/p>\n<p>&nbsp;<\/p>\n<p>&nbsp;<\/p>\n<p>&nbsp;<\/p>\n<p>&nbsp;<\/p>\n<p>&nbsp;<\/p>\n<p>&nbsp;<\/p>\n<div id=\"attachment_99\" style=\"width: 310px\" class=\"wp-caption alignleft\"><a href=\"http:\/\/blog.espol.edu.ec\/jdcalder\/files\/2012\/07\/2.jpg\"><img loading=\"lazy\" decoding=\"async\" aria-describedby=\"caption-attachment-99\" class=\"size-medium wp-image-99\" src=\"http:\/\/blog.espol.edu.ec\/jdcalder\/files\/2012\/07\/2-300x213.jpg\" alt=\"\" width=\"300\" height=\"213\" srcset=\"https:\/\/blog.espol.edu.ec\/jdcalder\/files\/2012\/07\/2-300x213.jpg 300w, https:\/\/blog.espol.edu.ec\/jdcalder\/files\/2012\/07\/2.jpg 397w\" sizes=\"auto, (max-width: 300px) 100vw, 300px\" \/><\/a><p id=\"caption-attachment-99\" class=\"wp-caption-text\">BloodHound Gang<\/p><\/div>\n<p>&nbsp;<\/p>\n<p>&nbsp;<\/p>\n<p>&nbsp;<\/p>\n<p>&nbsp;<\/p>\n<p>&nbsp;<\/p>\n<p>&nbsp;<\/p>\n<p>&nbsp;<\/p>\n<p>&nbsp;<\/p>\n<p>&nbsp;<\/p>\n<p>&nbsp;<\/p>\n<p>&nbsp;<\/p>\n<p>&nbsp;<\/p>\n<p>&nbsp;<\/p>\n<p>&nbsp;<\/p>\n<p>&nbsp;<\/p>\n<p>&nbsp;<\/p>\n<p>&nbsp;<\/p>\n<p>&nbsp;<\/p>\n<p>&nbsp;<\/p>\n<p>&nbsp;<\/p>\n<p>&nbsp;<\/p>\n<p>&nbsp;<\/p>\n<p>&nbsp;<\/p>\n<p>&nbsp;<\/p>\n<p>&nbsp;<\/p>\n<p>&nbsp;<\/p>\n<p>&nbsp;<\/p>\n<p>&nbsp;<\/p>\n<p>&nbsp;<\/p>\n<p>&nbsp;<\/p>\n<p>&nbsp;<\/p>\n<p>&nbsp;<\/p>\n<p>&nbsp;<\/p>\n<p>&nbsp;<\/p>\n<p>&nbsp;<\/p>\n<p>&nbsp;<\/p>\n<p><strong>Pel\u00edculas Favoritas \u00a0 \u00a0\u00a0<\/strong><\/p>\n<p>&nbsp;<\/p>\n<div id=\"attachment_101\" style=\"width: 212px\" class=\"wp-caption alignleft\"><a href=\"http:\/\/blog.espol.edu.ec\/jdcalder\/files\/2012\/07\/Clash-of-the-Titans-00.jpg\"><img loading=\"lazy\" decoding=\"async\" aria-describedby=\"caption-attachment-101\" class=\"size-medium wp-image-101\" src=\"http:\/\/blog.espol.edu.ec\/jdcalder\/files\/2012\/07\/Clash-of-the-Titans-00-202x300.jpg\" alt=\"\" width=\"202\" height=\"300\" srcset=\"https:\/\/blog.espol.edu.ec\/jdcalder\/files\/2012\/07\/Clash-of-the-Titans-00-202x300.jpg 202w, https:\/\/blog.espol.edu.ec\/jdcalder\/files\/2012\/07\/Clash-of-the-Titans-00-691x1024.jpg 691w, https:\/\/blog.espol.edu.ec\/jdcalder\/files\/2012\/07\/Clash-of-the-Titans-00.jpg 750w\" sizes=\"auto, (max-width: 202px) 100vw, 202px\" \/><\/a><p id=\"caption-attachment-101\" class=\"wp-caption-text\">Furia de Titanes<\/p><\/div>\n<p>&nbsp;<\/p>\n<p>&nbsp;<\/p>\n<p>&nbsp;<\/p>\n<p>&nbsp;<\/p>\n<p>&nbsp;<\/p>\n<p>&nbsp;<\/p>\n<p>&nbsp;<\/p>\n<p>&nbsp;<\/p>\n<p>&nbsp;<\/p>\n<p>&nbsp;<\/p>\n<p>&nbsp;<\/p>\n<p>&nbsp;<\/p>\n<p>&nbsp;<\/p>\n<p>&nbsp;<\/p>\n<p>&nbsp;<\/p>\n<p>&nbsp;<\/p>\n<p>&nbsp;<\/p>\n<p>&nbsp;<\/p>\n<p>&nbsp;<\/p>\n<p>&nbsp;<\/p>\n<p>&nbsp;<\/p>\n<p>&nbsp;<\/p>\n<p>&nbsp;<\/p>\n<p>&nbsp;<\/p>\n<p>y entre comedias:<\/p>\n<p><a href=\"http:\/\/blog.espol.edu.ec\/jdcalder\/files\/2012\/07\/sex-drive_514994361.jpg\"><img loading=\"lazy\" decoding=\"async\" class=\"size-medium wp-image-102\" src=\"http:\/\/blog.espol.edu.ec\/jdcalder\/files\/2012\/07\/sex-drive_514994361-300x226.jpg\" alt=\"\" width=\"300\" height=\"226\" srcset=\"https:\/\/blog.espol.edu.ec\/jdcalder\/files\/2012\/07\/sex-drive_514994361-300x226.jpg 300w, https:\/\/blog.espol.edu.ec\/jdcalder\/files\/2012\/07\/sex-drive_514994361.jpg 412w\" sizes=\"auto, (max-width: 300px) 100vw, 300px\" \/><\/a><\/p>\n<p>&nbsp;<\/p>\n<p>&nbsp;<\/p>\n<p>&nbsp;<\/p>\n<p>&nbsp;<\/p>\n<p>Espero que el blog sea de su agrado.<\/p>\n<p>Muchas Gracias<\/p>\n<p>\ud83d\ude00<\/p>\n<div id=\"attachment_115\" style=\"width: 190px\" class=\"wp-caption alignnone\"><a href=\"http:\/\/blog.espol.edu.ec\/jdcalder\/files\/2012\/07\/283678_3744020355882_214280902_a1.jpg\"><img loading=\"lazy\" decoding=\"async\" aria-describedby=\"caption-attachment-115\" class=\"size-full wp-image-115\" src=\"http:\/\/blog.espol.edu.ec\/jdcalder\/files\/2012\/07\/283678_3744020355882_214280902_a1.jpg\" alt=\"\" width=\"180\" height=\"135\" \/><\/a><p id=\"caption-attachment-115\" class=\"wp-caption-text\">Jhon Calderon<\/p><\/div>\n<p>&nbsp;<\/p>\n<p>&nbsp;<\/p>\n<p>&nbsp;<\/p>\n<p>&nbsp;<\/p>\n<p>&nbsp;<\/p>\n<p>&nbsp;<\/p>\n<p>&nbsp;<\/p>\n<p>&nbsp;<\/p>\n","protected":false},"excerpt":{"rendered":"<p>Biograf\u00eda Nac\u00ed el 12 de julio de 1994 Estudie en la escuela ''Carmen Wither Navarro'' hasta 5to curso, en 6to curso pase al colegio ''Tnte. Hugo Ortiz.'' &nbsp; &nbsp; &nbsp; &nbsp; &nbsp; &nbsp; &nbsp; &nbsp; &nbsp; Actualmente estoy en la Escuela Superior Polit\u00e9cnica del Litoral, estudiando ingenier\u00eda en Log\u00edstica y Transporte. &nbsp; &nbsp; Preferencias musicales: [&hellip;]<\/p>\n","protected":false},"author":7479,"featured_media":0,"parent":0,"menu_order":3,"comment_status":"open","ping_status":"closed","template":"","meta":{"footnotes":""},"class_list":["post-87","page","type-page","status-publish","hentry"],"_links":{"self":[{"href":"https:\/\/blog.espol.edu.ec\/jdcalder\/wp-json\/wp\/v2\/pages\/87","targetHints":{"allow":["GET"]}}],"collection":[{"href":"https:\/\/blog.espol.edu.ec\/jdcalder\/wp-json\/wp\/v2\/pages"}],"about":[{"href":"https:\/\/blog.espol.edu.ec\/jdcalder\/wp-json\/wp\/v2\/types\/page"}],"author":[{"embeddable":true,"href":"https:\/\/blog.espol.edu.ec\/jdcalder\/wp-json\/wp\/v2\/users\/7479"}],"replies":[{"embeddable":true,"href":"https:\/\/blog.espol.edu.ec\/jdcalder\/wp-json\/wp\/v2\/comments?post=87"}],"version-history":[{"count":19,"href":"https:\/\/blog.espol.edu.ec\/jdcalder\/wp-json\/wp\/v2\/pages\/87\/revisions"}],"predecessor-version":[{"id":93,"href":"https:\/\/blog.espol.edu.ec\/jdcalder\/wp-json\/wp\/v2\/pages\/87\/revisions\/93"}],"wp:attachment":[{"href":"https:\/\/blog.espol.edu.ec\/jdcalder\/wp-json\/wp\/v2\/media?parent=87"}],"curies":[{"name":"wp","href":"https:\/\/api.w.org\/{rel}","templated":true}]}}