{"id":122,"date":"2014-11-12T00:30:54","date_gmt":"2014-11-12T00:30:54","guid":{"rendered":"http:\/\/blog.espol.edu.ec\/jdefaz\/?page_id=122"},"modified":"2014-11-12T02:18:20","modified_gmt":"2014-11-12T02:18:20","slug":"beneficios-del-ajedrez","status":"publish","type":"page","link":"https:\/\/blog.espol.edu.ec\/jdefaz\/beneficios-del-ajedrez\/","title":{"rendered":"Beneficios del Ajedrez"},"content":{"rendered":"<p>1. Eleva tu cociente intelectual<\/p>\n<p>\u00bfLa gente inteligente tiene predisposici\u00f3n al ajedrez o las personas se hacen m\u00e1s listas gracias al juego? Cuando resuelvas lo de la gallina y el huevo te puedes entretener con este dilema. Sin embargo, hay estudios que se mojan, como uno realizado con 4.000 estudiantes venezolanos. Despu\u00e9s de cuatro meses dando jaques, se comprob\u00f3 que su CI hab\u00eda mejorado.<\/p>\n<p>El doctor <a href=\"http:\/\/en.wikipedia.org\/wiki\/Peter_Dauvergne\" target=\"_blank\">Peter Dauvergne<\/a>, de la<a href=\"http:\/\/sydney.edu.au\/\" target=\"_blank\"> Universidad de Sidney<\/a>. En \u00e9l habla de de las ventajas del ajedrez para los chavales, que mejoran su capacidad para resolver problemas, mejoran sus habilidades lectoras, de lenguaje, matem\u00e1ticas y memor\u00edsticas, desarrollan un pensamiento creativo y original, aprenden a tomar decisiones m\u00e1s precisas y r\u00e1pidas bajo presi\u00f3n, mejoran sus notas en los ex\u00e1menes, aprenden a elegir mejor entre varias opciones, se concentran mejor, etc\u00e9tera, etc\u00e9tera, y todo ello independientemente de su sexo y de su nivel sociecon\u00f3mico.<\/p>\n<p>Solo con este punto quedan claras las propiedades casi milagrosas del ajedrez.<\/p>\n<p>2. Ayuda a prevenir el alzheimer<\/p>\n<p>El cerebro tambi\u00e9n es un m\u00fasculo. Un estudio del doctor Robert Freidlandpublicado en \u00abThe New England Journal of Medicine\u00bb aseguraba que los mayores de 75 a\u00f1os que hab\u00edan practicado actividades como el ajedrez estaban mucho mejor preparados para luchar contra el alzheimer, la demencia y otras enfermedades mentales. Por el contrario, aquellos que rara vez se entreten\u00edan con juegos de tablero eran mucho m\u00e1s propensos y ten\u00edan cerebros que envejec\u00edan m\u00e1s r\u00e1pido.<\/p>\n<p>Dicho lo cual, tampoco est\u00e1 mal dar un paseo de vez en cuando. Seas joven o viejo, haz algo de ejercicio de cuello para abajo.\u00a0M\u00e1s informaci\u00f3n, en este enlace (en ingl\u00e9s), en este otro (en espa\u00f1ol) y tambi\u00e9n aqu\u00ed (de nuevo en castellano).<\/p>\n<p>3. Ejercita ambos hemisferios cerebrales<\/p>\n<p>\u00ab<a href=\"http:\/\/www.nytimes.com\/\" target=\"_blank\">The New York Times<\/a>\u00bb se hac\u00eda eco hace unos meses del estudio de unos investigadores alemanes que ven\u00eda a demostrar que tanto los grandes maestros como los novatos, cuando juegan una partida o analizan una posici\u00f3n (sirve el problema diario que publica ABC) hacen trabajar por igual a los dos hemisferios del cerebro.<\/p>\n<p>El resultado sorprendi\u00f3 a los propios investigadores, que pensaban que el lado izquierdo del coco tendr\u00eda un papel m\u00e1s relevante. Resulta que somos tan listos que para resolver m\u00e1s r\u00e1pido las dificultades que plantea nuestro juego favorito echamos mano hasta de la \u00faltima neurona disponible. Pincha en los enlaces del principio del p\u00e1rrafo si la explicaci\u00f3n se te queda corta.<\/p>\n<p>4. Mejora la creatividad<\/p>\n<p>El hemisferio derecho del cerebro es el responsable de la creatividad y por lo le\u00eddo en el punto anterior no debe sorprender que el ajedrez ayude a desarrollarla, algo que es de sentido com\u00fan para cualquiera que conozca un poco este juego, aunque hay grandes maestros m\u00e1s artistas y otros m\u00e1s parecidos a robots. De todos los estudios disponibles, destaca uno del doctor Robert Ferguson, realizado con estudiantes. Despu\u00e9s de 32 semanas, el grupo de alumnos ajedrecistas obtuvo mejores resultados en las pruebas de creatividad, con la originalidad como principal mejora de sus aptitudes. Si hubieran estudiado las partidas de Tal o Bronstein probablemente habr\u00edan llegado a\u00fan m\u00e1s lejos.<\/p>\n<p>5. Potencia la memoria<\/p>\n<p>Esto es tambi\u00e9n una obviedad, aunque puede volver a plantear el dilema de la gallina y el huevo. No es posible ser un buen ajedrecista sin buena memoria. Para salir de dudas, un viejo estudio de 1985 demostraba que los estudiantes que practicaban el ajedrez destacaban por su mejor memoria en todas las asignaturas.<\/p>\n<p>En otro experimento realizado en Pensilvania se comprob\u00f3 que los alumnos que nunca hab\u00edan jugado tambi\u00e9n mejoraban notablemente su memoria y sus habilidades verbales, lo que tiene gracia teniendo en cuenta lo poco que se suele hablar durante una partida.<\/p>\n<p><a href=\"http:\/\/blog.espol.edu.ec\/jdefaz\/files\/2014\/11\/chess-cerebro.jpg\"><img loading=\"lazy\" decoding=\"async\" class=\"aligncenter wp-image-125 size-medium\" src=\"http:\/\/blog.espol.edu.ec\/jdefaz\/files\/2014\/11\/chess-cerebro-276x300.jpg\" alt=\"chess cerebro\" width=\"276\" height=\"300\" srcset=\"https:\/\/blog.espol.edu.ec\/jdefaz\/files\/2014\/11\/chess-cerebro-276x300.jpg 276w, https:\/\/blog.espol.edu.ec\/jdefaz\/files\/2014\/11\/chess-cerebro.jpg 307w\" sizes=\"auto, (max-width: 276px) 100vw, 276px\" \/><\/a><\/p>\n","protected":false},"excerpt":{"rendered":"<p>1. Eleva tu cociente intelectual \u00bfLa gente inteligente tiene predisposici\u00f3n al ajedrez o las personas se hacen m\u00e1s listas gracias al juego? Cuando resuelvas lo de la gallina y el huevo te puedes entretener con este dilema. Sin embargo, hay &hellip; <a href=\"https:\/\/blog.espol.edu.ec\/jdefaz\/beneficios-del-ajedrez\/\">Sigue leyendo <span class=\"meta-nav\">&rarr;<\/span><\/a><\/p>\n","protected":false},"author":9289,"featured_media":0,"parent":0,"menu_order":0,"comment_status":"open","ping_status":"open","template":"","meta":{"footnotes":""},"class_list":["post-122","page","type-page","status-publish","hentry"],"_links":{"self":[{"href":"https:\/\/blog.espol.edu.ec\/jdefaz\/wp-json\/wp\/v2\/pages\/122","targetHints":{"allow":["GET"]}}],"collection":[{"href":"https:\/\/blog.espol.edu.ec\/jdefaz\/wp-json\/wp\/v2\/pages"}],"about":[{"href":"https:\/\/blog.espol.edu.ec\/jdefaz\/wp-json\/wp\/v2\/types\/page"}],"author":[{"embeddable":true,"href":"https:\/\/blog.espol.edu.ec\/jdefaz\/wp-json\/wp\/v2\/users\/9289"}],"replies":[{"embeddable":true,"href":"https:\/\/blog.espol.edu.ec\/jdefaz\/wp-json\/wp\/v2\/comments?post=122"}],"version-history":[{"count":4,"href":"https:\/\/blog.espol.edu.ec\/jdefaz\/wp-json\/wp\/v2\/pages\/122\/revisions"}],"predecessor-version":[{"id":150,"href":"https:\/\/blog.espol.edu.ec\/jdefaz\/wp-json\/wp\/v2\/pages\/122\/revisions\/150"}],"wp:attachment":[{"href":"https:\/\/blog.espol.edu.ec\/jdefaz\/wp-json\/wp\/v2\/media?parent=122"}],"curies":[{"name":"wp","href":"https:\/\/api.w.org\/{rel}","templated":true}]}}