{"id":69,"date":"2015-11-21T04:05:17","date_gmt":"2015-11-21T04:05:17","guid":{"rendered":"http:\/\/blog.espol.edu.ec\/jeacgome\/?page_id=69"},"modified":"2015-11-21T04:05:17","modified_gmt":"2015-11-21T04:05:17","slug":"jumpstyle","status":"publish","type":"page","link":"https:\/\/blog.espol.edu.ec\/jeacgome\/jumpstyle\/","title":{"rendered":"Jumpstyle"},"content":{"rendered":"<p style=\"text-align: justify\"><span style=\"color: #000000\">El t\u00e9rmino '<i><b>Jump'<\/b><\/i> (<i>salto<\/i> en <a style=\"color: #000000\" title=\"Idioma espa\u00f1ol\" href=\"https:\/\/es.wikipedia.org\/wiki\/Idioma_espa%C3%B1ol\">espa\u00f1ol<\/a>) y el t\u00e9rmino <b>Jumpen<\/b> (uni\u00f3n del t\u00e9rmino jump- (ingl\u00e9s) y el sufijo -en (holand\u00e9s)) se utiliza tanto para un <a style=\"color: #000000\" title=\"G\u00e9nero musical\" href=\"https:\/\/es.wikipedia.org\/wiki\/G%C3%A9nero_musical\">g\u00e9nero musical<\/a> como para un estilo de <a class=\"mw-redirect\" style=\"color: #000000\" title=\"Baile\" href=\"https:\/\/es.wikipedia.org\/wiki\/Baile\">baile<\/a>. El Jumpstyle naci\u00f3 a principios de los noventa en <a style=\"color: #000000\" title=\"B\u00e9lgica\" href=\"https:\/\/es.wikipedia.org\/wiki\/B%C3%A9lgica\">B\u00e9lgica<\/a>como una variante m\u00e1s lenta del <a class=\"mw-disambig\" style=\"color: #000000\" title=\"Hardcore\" href=\"https:\/\/es.wikipedia.org\/wiki\/Hardcore\">Hardcore<\/a>. Se le atribuy\u00f3 el nombre <i>Jumpstyle<\/i> debido a sus fuertes bajos encargados de marcar el ritmo con los cuales, la gente los bailaba saltando. Pero all\u00ed no tuvo muy buena acogida. Un a\u00f1o m\u00e1s tarde de aparecer en B\u00e9lgica, entr\u00f3 en los Pa\u00edses Bajos, que con la ayuda de <a style=\"color: #000000\" title=\"Patrick Jumpen\" href=\"https:\/\/es.wikipedia.org\/wiki\/Patrick_Jumpen\">Patrick Jumpen<\/a> (productor n\u00ba1 de m\u00fasica Jump en 2006) se favoreci\u00f3 su expansi\u00f3n por gran parte de Europa y en especial, el este.<\/span><\/p>\n<p style=\"text-align: justify\"><span style=\"color: #000000\">unque se denominen como estilos distintos, no dejan de ser Jumpstyle. El cambio de nombre no es m\u00e1s que la excusa que se le ha ido dando en cuanto a la evoluci\u00f3n con el paso de los a\u00f1os, cada uno con sus propios pasos b\u00e1sicos y su estructura, siendo las piernas el componente m\u00e1s importante en cada uno de ellos.<\/span><\/p>\n<ul style=\"text-align: justify\">\n<li><span style=\"color: #000000\"><b><img decoding=\"async\" class=\"alignleft\" src=\"http:\/\/3.bp.blogspot.com\/-mSzmL0odZj4\/UZDOcK-l4-I\/AAAAAAAAAGc\/R3vR6_8VrqA\/s1600\/jumpstyle.png\" alt=\"\" \/>Oldschool<\/b> \u2014 Formado por algunos de los primeros pasos creados en Europa. Son pasos sencillos y b\u00e1sicos con los cuales se ha favorecido la extensi\u00f3n del baile, ya que son r\u00e1pidos y f\u00e1ciles de aprender. Hay un gran n\u00famero de tutoriales para aprender por todo Internet. (Paso b\u00e1sico de 5 toques)<\/span><\/li>\n<li><span style=\"color: #000000\"><b>Hardjump<\/b> \u2014 Es el nombre que reciben los primeros cambios de base en el Jumpstyle. Se aprendieron nuevas combinaciones y transiciones y el paso b\u00e1sico paso a tener 6 toques, cambiando la postura volvi\u00e9ndose un baile m\u00e1s acorde a un nuevo estilo de m\u00fasica, m\u00e1s r\u00e1pido y m\u00e1s fuerte, el cual es mucho m\u00e1s utilizado que el estilo de m\u00fasica<strong class=\"selflink\">Jumpstyle<\/strong> llamado <a style=\"color: #000000\" title=\"Hardstyle\" href=\"https:\/\/es.wikipedia.org\/wiki\/Hardstyle\">Hardstyle<\/a>.<\/span><\/li>\n<\/ul>\n<p style=\"text-align: justify\">\n<p>&nbsp;<\/p>\n","protected":false},"excerpt":{"rendered":"<p>El t\u00e9rmino 'Jump' (salto en espa\u00f1ol) y el t\u00e9rmino Jumpen (uni\u00f3n del t\u00e9rmino jump- (ingl\u00e9s) y el sufijo -en (holand\u00e9s)) se utiliza tanto para un g\u00e9nero musical como para un estilo de baile. El Jumpstyle naci\u00f3 a principios de los noventa en B\u00e9lgicacomo una variante m\u00e1s lenta del Hardcore. Se le atribuy\u00f3 el nombre Jumpstyle [&hellip;]<\/p>\n","protected":false},"author":10020,"featured_media":0,"parent":0,"menu_order":0,"comment_status":"closed","ping_status":"closed","template":"","meta":{"footnotes":""},"class_list":["post-69","page","type-page","status-publish","hentry"],"_links":{"self":[{"href":"https:\/\/blog.espol.edu.ec\/jeacgome\/wp-json\/wp\/v2\/pages\/69","targetHints":{"allow":["GET"]}}],"collection":[{"href":"https:\/\/blog.espol.edu.ec\/jeacgome\/wp-json\/wp\/v2\/pages"}],"about":[{"href":"https:\/\/blog.espol.edu.ec\/jeacgome\/wp-json\/wp\/v2\/types\/page"}],"author":[{"embeddable":true,"href":"https:\/\/blog.espol.edu.ec\/jeacgome\/wp-json\/wp\/v2\/users\/10020"}],"replies":[{"embeddable":true,"href":"https:\/\/blog.espol.edu.ec\/jeacgome\/wp-json\/wp\/v2\/comments?post=69"}],"version-history":[{"count":1,"href":"https:\/\/blog.espol.edu.ec\/jeacgome\/wp-json\/wp\/v2\/pages\/69\/revisions"}],"predecessor-version":[{"id":70,"href":"https:\/\/blog.espol.edu.ec\/jeacgome\/wp-json\/wp\/v2\/pages\/69\/revisions\/70"}],"wp:attachment":[{"href":"https:\/\/blog.espol.edu.ec\/jeacgome\/wp-json\/wp\/v2\/media?parent=69"}],"curies":[{"name":"wp","href":"https:\/\/api.w.org\/{rel}","templated":true}]}}