{"id":10,"date":"2014-10-30T14:52:28","date_gmt":"2014-10-30T14:52:28","guid":{"rendered":"http:\/\/blog.espol.edu.ec\/jeacorte\/?page_id=10"},"modified":"2014-11-11T02:44:41","modified_gmt":"2014-11-11T02:44:41","slug":"importante","status":"publish","type":"page","link":"https:\/\/blog.espol.edu.ec\/jeacorte\/importante\/","title":{"rendered":"LA POLITICA CUAN IMPORTANTE ES? (power point)"},"content":{"rendered":"<p><iframe loading=\"lazy\" src=\"\/\/www.slideshare.net\/slideshow\/embed_code\/8216613\" width=\"425\" height=\"355\" frameborder=\"0\" allowfullscreen> <\/iframe> <\/p>\n<div style=\"margin-bottom:5px\"> <strong> <a href=\"\/\/www.slideshare.net\/bscgameover\/ideologas-politicas-a-nivel-mundial-y-situacin-poltica-del-ecuador\" title=\"Ideolog\u00edas politicas a nivel mundial y situaci\u00f3n pol\u00edtica del Ecuador.\" target=\"_blank\">Ideolog\u00edas politicas a nivel mundial y situaci\u00f3n pol\u00edtica del Ecuador.<\/a> <\/strong> from <strong><a href=\"\/\/www.slideshare.net\/bscgameover\" target=\"_blank\">Byron Contreras<\/a><\/strong> <\/div>\n","protected":false},"excerpt":{"rendered":"<p>Ideolog\u00edas politicas a nivel mundial y situaci\u00f3n pol\u00edtica del Ecuador. from Byron Contreras<\/p>\n","protected":false},"author":9396,"featured_media":0,"parent":0,"menu_order":0,"comment_status":"open","ping_status":"open","template":"","meta":{"footnotes":""},"class_list":["post-10","page","type-page","status-publish","hentry"],"_links":{"self":[{"href":"https:\/\/blog.espol.edu.ec\/jeacorte\/wp-json\/wp\/v2\/pages\/10","targetHints":{"allow":["GET"]}}],"collection":[{"href":"https:\/\/blog.espol.edu.ec\/jeacorte\/wp-json\/wp\/v2\/pages"}],"about":[{"href":"https:\/\/blog.espol.edu.ec\/jeacorte\/wp-json\/wp\/v2\/types\/page"}],"author":[{"embeddable":true,"href":"https:\/\/blog.espol.edu.ec\/jeacorte\/wp-json\/wp\/v2\/users\/9396"}],"replies":[{"embeddable":true,"href":"https:\/\/blog.espol.edu.ec\/jeacorte\/wp-json\/wp\/v2\/comments?post=10"}],"version-history":[{"count":2,"href":"https:\/\/blog.espol.edu.ec\/jeacorte\/wp-json\/wp\/v2\/pages\/10\/revisions"}],"predecessor-version":[{"id":57,"href":"https:\/\/blog.espol.edu.ec\/jeacorte\/wp-json\/wp\/v2\/pages\/10\/revisions\/57"}],"wp:attachment":[{"href":"https:\/\/blog.espol.edu.ec\/jeacorte\/wp-json\/wp\/v2\/media?parent=10"}],"curies":[{"name":"wp","href":"https:\/\/api.w.org\/{rel}","templated":true}]}}