{"id":2,"date":"2009-11-09T10:28:10","date_gmt":"2009-11-09T15:28:10","guid":{"rendered":""},"modified":"2014-03-20T23:48:48","modified_gmt":"2014-03-21T04:48:48","slug":"about","status":"publish","type":"page","link":"https:\/\/blog.espol.edu.ec\/jeanma111\/about\/","title":{"rendered":"ECUADOR"},"content":{"rendered":"<p style=\"text-align: center\"><object width=\"425\" height=\"344\" classid=\"d27cdb6e-ae6d-11cf-96b8-444553540000\"><param name=\"allowFullScreen\" value=\"true\" \/><param name=\"allowscriptaccess\" value=\"always\" \/><param name=\"src\" value=\"http:\/\/www.youtube.com\/v\/_8tFEvf0UVs&amp;hl=es_ES&amp;fs=1&amp;color1=0x006699&amp;color2=0x54abd6\" \/><param name=\"allowfullscreen\" value=\"true\" \/><embed width=\"425\" height=\"344\" type=\"application\/x-shockwave-flash\" src=\"http:\/\/www.youtube.com\/v\/_8tFEvf0UVs&amp;hl=es_ES&amp;fs=1&amp;color1=0x006699&amp;color2=0x54abd6\" allowFullScreen=\"true\" allowscriptaccess=\"always\" allowfullscreen=\"true\" \/><\/object><\/p>\n<p style=\"text-align: center\"><object width=\"425\" height=\"349\" classid=\"d27cdb6e-ae6d-11cf-96b8-444553540000\"><param name=\"allowFullScreen\" value=\"true\" \/><param name=\"allowScriptAccess\" value=\"always\" \/><param name=\"src\" value=\"http:\/\/www.youtube.com\/v\/i8oHPOMIU1U&amp;border=1&amp;color1=0x234900&amp;color2=0x4e9e00&amp;hl=es_ES&amp;feature=player_embedded&amp;fs=1\" \/><param name=\"allowfullscreen\" value=\"true\" \/><embed width=\"425\" height=\"349\" type=\"application\/x-shockwave-flash\" src=\"http:\/\/www.youtube.com\/v\/i8oHPOMIU1U&amp;border=1&amp;color1=0x234900&amp;color2=0x4e9e00&amp;hl=es_ES&amp;feature=player_embedded&amp;fs=1\" allowFullScreen=\"true\" allowScriptAccess=\"always\" allowfullscreen=\"true\" \/><\/object><\/p>\n<div><span>\u00a0<\/span><\/div>\n<div style=\"text-align: center\"><span>\u00a0<\/span><span><strong>\u00bfPor qu\u00e9 Gal\u00e1pagos es una Maravilla<\/strong><\/span><\/div>\n<div><span><strong>Natural?<\/strong><\/span><\/div>\n<div style=\"text-align: center\"><span>\u00a0<\/span><\/div>\n<div>\n<p class=\"MsoNormal\" style=\"margin: 6pt 0cm auto;text-align: center\" align=\"center\"><span><img loading=\"lazy\" decoding=\"async\" class=\"aligncenter size-full wp-image-323\" alt=\"Islas Galapagos\" src=\"http:\/\/blog.espol.edu.ec\/jeanma111\/files\/2009\/11\/galapagos-islands.jpg\" width=\"450\" height=\"304\" srcset=\"https:\/\/blog.espol.edu.ec\/jeanma111\/files\/2009\/11\/galapagos-islands.jpg 450w, https:\/\/blog.espol.edu.ec\/jeanma111\/files\/2009\/11\/galapagos-islands-300x202.jpg 300w\" sizes=\"auto, (max-width: 450px) 100vw, 450px\" \/><\/span><\/p>\n<p class=\"MsoNormal\" style=\"text-align: justify\"><span><span style=\"color: #00ccff\">Las Islas Gal\u00e1pagos deben su nombre a las tortugas del mismo nombre que fueron cuidadosamente estudiadas por Charles Darwin durante su visita en 1835 abordo del Beagle, que posteriormente fueron base de su \"Teor\u00eda de la Evoluci\u00f3n de las Especies\", que modific\u00f3 la forma en c\u00f3mo conceb\u00edamos la creaci\u00f3n de la vida.<\/span><\/span><\/p>\n<p style=\"text-align: justify\"><span style=\"color: #00ccff\">Las islas Gal\u00e1pagos son territorio y forman parte de la Rep\u00fablica del Ecuador desde el 12 de Febrero de 1832, con lo cual debe quedar claro que no son propiedad ni est\u00e1n bajo la jurisdicci\u00f3n de las hermanas rep\u00fablicas de Colombia o de Per\u00fa.<\/span><\/p>\n<p style=\"text-align: justify\"><span style=\"color: #00ccff\">A continuaci\u00f3n describiremos los incre\u00edbles factores que hacen de las islas Gal\u00e1pagos una maravilla natural para la Humanidad.<\/span><\/p>\n<h1 style=\"margin: 0cm 0cm 0pt\"><span style=\"font-size: 18pt\">\u00bfPor qu\u00e9 la Amazon\u00eda de Ecuador es una Maravilla Natural?<\/span><\/h1>\n<p class=\"MsoNormal\" style=\"margin: auto 0cm;text-align: center\"><span><img loading=\"lazy\" decoding=\"async\" class=\"aligncenter size-full wp-image-324\" alt=\"Amazonia\" src=\"http:\/\/blog.espol.edu.ec\/jeanma111\/files\/2009\/11\/flooded-forest-near-careiro-island-central-amazonia-sml-image-courtesy-of-cristina-cox-fernandeshr.jpg\" width=\"902\" height=\"614\" srcset=\"https:\/\/blog.espol.edu.ec\/jeanma111\/files\/2009\/11\/flooded-forest-near-careiro-island-central-amazonia-sml-image-courtesy-of-cristina-cox-fernandeshr.jpg 1879w, https:\/\/blog.espol.edu.ec\/jeanma111\/files\/2009\/11\/flooded-forest-near-careiro-island-central-amazonia-sml-image-courtesy-of-cristina-cox-fernandeshr-300x204.jpg 300w, https:\/\/blog.espol.edu.ec\/jeanma111\/files\/2009\/11\/flooded-forest-near-careiro-island-central-amazonia-sml-image-courtesy-of-cristina-cox-fernandeshr-1023x697.jpg 1023w\" sizes=\"auto, (max-width: 902px) 100vw, 902px\" \/><\/span><\/p>\n<p class=\"MsoNormal\" style=\"text-align: justify\"><span><span style=\"color: #339966\">La Amazon\u00eda de Ecuador es un escenario donde la conservaci\u00f3n es cada vez m\u00e1s importante, la Amazon\u00eda de Ecuador posee parques nacionales y reservas de la biosfera que representan una enorme concentraci\u00f3n de riqueza natural.<\/span><\/span><\/p>\n<p style=\"text-align: justify\"><span style=\"color: #339966\">Es as\u00ed que la exuberante naturaleza e intensa vegetaci\u00f3n de la Amazon\u00eda de Ecuador que incluye volcanes subtropicales como el Reventador, el Sangay, el Sumaco y picos nevados como los de Altar, as\u00ed como el enigm\u00e1tico parque nacional Llanganates donde seg\u00fan la leyenda se esconde el tesoro que Rumi\u00f1ahui escondi\u00f3 de los espa\u00f1oles.<\/span><\/p>\n<p style=\"text-align: justify\"><span style=\"color: #339966\">Las reservas y parque naturales son el h\u00e1bitat de m\u00e1s de 600 especies de peces, conviven tapires, anacondas, tortugas, entre otros.<\/span><\/p>\n<p style=\"text-align: justify\"><span style=\"color: #339966\">La reserva de producci\u00f3n Faun\u00edstica Cuyabeno donde habitan tanto reptiles as\u00ed como delfines rosados. En la Reserva Biol\u00f3gica Limoncocha est\u00e1 la laguna del mismo nombre conocida por ser el h\u00e1bitat del caim\u00e1n negro. Otra belleza natural es el parque Nacional Sumaco Napo Galeras que, junto con el Parque Nacional Yasun\u00ed, fue declarado por la UNESCO como reserva de Biosfera. Aqu\u00ed los visitantes pueden recorrer un sendero hasta el volc\u00e1n Sumaco.<\/span><\/p>\n<p style=\"text-align: justify\"><span style=\"color: #339966\"><strong>Para votar da un CLIC en la imagen de abajo...esperamos contar con tu voto...Don\u00b4t Forget!!!<\/strong><\/span><\/p>\n<p style=\"text-align: center\"><a href=\"http:\/\/www.maravillasecuador.com\/#\"><img loading=\"lazy\" decoding=\"async\" class=\"size-medium wp-image-333  aligncenter\" alt=\"Elige las 7 Maravillas del Mundo!!! Ahora!!!\" src=\"http:\/\/blog.espol.edu.ec\/jeanma111\/files\/2009\/12\/normal_elige_las_7_maravillas_del_mundo_moderno1-300x189.jpg\" width=\"300\" height=\"189\" srcset=\"https:\/\/blog.espol.edu.ec\/jeanma111\/files\/2009\/12\/normal_elige_las_7_maravillas_del_mundo_moderno1-300x189.jpg 300w, https:\/\/blog.espol.edu.ec\/jeanma111\/files\/2009\/12\/normal_elige_las_7_maravillas_del_mundo_moderno1.jpg 530w\" sizes=\"auto, (max-width: 300px) 100vw, 300px\" \/><\/a><\/p>\n<\/div>\n","protected":false},"excerpt":{"rendered":"<p>\u00a0 \u00a0\u00bfPor qu\u00e9 Gal\u00e1pagos es una Maravilla Natural? \u00a0 Las Islas Gal\u00e1pagos deben su nombre a las tortugas del mismo nombre que fueron cuidadosamente estudiadas por Charles Darwin durante su visita en 1835 abordo del Beagle, que posteriormente fueron base de su \"Teor\u00eda de la Evoluci\u00f3n de las Especies\", que modific\u00f3 la forma en c\u00f3mo [&hellip;]<\/p>\n","protected":false},"author":3346,"featured_media":0,"parent":0,"menu_order":0,"comment_status":"open","ping_status":"open","template":"","meta":{"footnotes":""},"class_list":["post-2","page","type-page","status-publish","hentry"],"_links":{"self":[{"href":"https:\/\/blog.espol.edu.ec\/jeanma111\/wp-json\/wp\/v2\/pages\/2","targetHints":{"allow":["GET"]}}],"collection":[{"href":"https:\/\/blog.espol.edu.ec\/jeanma111\/wp-json\/wp\/v2\/pages"}],"about":[{"href":"https:\/\/blog.espol.edu.ec\/jeanma111\/wp-json\/wp\/v2\/types\/page"}],"author":[{"embeddable":true,"href":"https:\/\/blog.espol.edu.ec\/jeanma111\/wp-json\/wp\/v2\/users\/3346"}],"replies":[{"embeddable":true,"href":"https:\/\/blog.espol.edu.ec\/jeanma111\/wp-json\/wp\/v2\/comments?post=2"}],"version-history":[{"count":12,"href":"https:\/\/blog.espol.edu.ec\/jeanma111\/wp-json\/wp\/v2\/pages\/2\/revisions"}],"predecessor-version":[{"id":2808,"href":"https:\/\/blog.espol.edu.ec\/jeanma111\/wp-json\/wp\/v2\/pages\/2\/revisions\/2808"}],"wp:attachment":[{"href":"https:\/\/blog.espol.edu.ec\/jeanma111\/wp-json\/wp\/v2\/media?parent=2"}],"curies":[{"name":"wp","href":"https:\/\/api.w.org\/{rel}","templated":true}]}}