{"id":138,"date":"2011-07-11T01:25:23","date_gmt":"2011-07-11T01:25:23","guid":{"rendered":"http:\/\/blog.espol.edu.ec\/jelizald\/?page_id=138"},"modified":"2011-07-11T01:25:23","modified_gmt":"2011-07-11T01:25:23","slug":"new-doramas","status":"publish","type":"page","link":"https:\/\/blog.espol.edu.ec\/jelizald\/new-doramas\/","title":{"rendered":"New Doramas"},"content":{"rendered":"<p><strong>T\u00edtulo:<\/strong> Heartstrings (\ub10c \ub0b4\uac8c \ubc18\ud588\uc5b4)<\/p>\n<li><strong>Titulo en espa\u00f1ol: <\/strong>Cuerdas del corazon<\/li>\n<p><a href=\"http:\/\/blog.espol.edu.ec\/jelizald\/files\/2011\/07\/310px-266998_232318650127672_122371204455751_1022570_6589290_o.jpg\"><img loading=\"lazy\" decoding=\"async\" class=\"alignnone size-full wp-image-139\" title=\"310px-266998_232318650127672_122371204455751_1022570_6589290_o\" src=\"http:\/\/blog.espol.edu.ec\/jelizald\/files\/2011\/07\/310px-266998_232318650127672_122371204455751_1022570_6589290_o.jpg\" alt=\"\" width=\"310\" height=\"462\" srcset=\"https:\/\/blog.espol.edu.ec\/jelizald\/files\/2011\/07\/310px-266998_232318650127672_122371204455751_1022570_6589290_o.jpg 310w, https:\/\/blog.espol.edu.ec\/jelizald\/files\/2011\/07\/310px-266998_232318650127672_122371204455751_1022570_6589290_o-201x300.jpg 201w\" sizes=\"auto, (max-width: 310px) 100vw, 310px\" \/><\/a><\/p>\n<p><strong>Heartstrings<\/strong>, es una comedia rom\u00e1ntica que cuenta la historia de j\u00f3venes universitarios persiguiendo sus sue\u00f1os en el Instituto de las Artes de Se\u00fal.<\/p>\n<p>Lee Kyu Won(Park Shin Hye) es una aplicada estudiante que se especializa en los instrumentos tradicionales de Corea, impulsada por su abuelo miembro de una familia prestigiosa. En un viaje a Jeju, conoce por casualidad a Lee Shin (Jung Yong Hwa), miembro de la banda The Stupid, considerada famosa en el instituto.<\/p>\n<p>En un club, Kyu Won presencia el rechazo de una declaraci\u00f3n de una fan de The Stupid, por parte de Lee Shin; por lo que lo considera engreido y estupido. Pero, para recaudar fondos y ayudar a una docente enferma, necesita del apoyo de la banda, evento al cual Lee Shin no asiste, creando una tensi\u00f3n aun mayor entre ambos.<\/p>\n<p>Ambos tienen una batalla de bandas: Musica tradicional vs. The Stupid, quien pierda ser\u00e1 el esclavo del otro por un mes. En la presentaci\u00f3n de Kyu Won, la cuerda de su instrumento se rompe, por lo que pierde. Ahora tendr\u00e1 que soportar a quien, seg\u00fan ella, es un narcisista.<\/p>\n<p>Por otro lado, Kim Suk Hyun (Song Chang Ui) es un productor de Brodway que tuvo una relacion tormentosa con la profesora de ballet Jung Yoon Soo (So Yi Hyun), de la cual Lee Shin est\u00e1 enamorado. Sin embargo, todo parese cambiar cuando sus intereses lentamente comienzan a centrarse en su juguete de tortura... la alegre e inosente Kyu Won, quien a pesar de detestar la odiosa forma de ser de Lee Shin no pudo evitar enamorarse de \u00e9l, pero al estar consiente de los sentimientos de est\u00e9 hac\u00eda Jung Yoon Soo, empieza a ver con otros ojos a Song Chang Ui, quien se enamora de ella justo en el momento en que el aparentemente fr\u00edo y egolatra coraz\u00f3n de Lee Shin es cautivado por Kyu Won.<\/p>\n<p>Por si fuera poco, a sus vidas aparese Hyun Ki Young (Lee Hyun Jin), un ex-alumno que sue\u00f1a con ser un gran actor de musicales y que Kim Suk Hyun busca para que participe en el evento de los 100 aniversarios al considerarlo id\u00f3neo para el papel principal, lo que lo obliga de nueva cuenta a asistir a la universidad de la cual lo echaron, convirti\u00e9ndose as\u00ed en un rival de amor para Lee Shin<\/p>\n","protected":false},"excerpt":{"rendered":"<p>T\u00edtulo: Heartstrings (\ub10c \ub0b4\uac8c \ubc18\ud588\uc5b4) Titulo en espa\u00f1ol: Cuerdas del corazon Heartstrings, es una comedia rom\u00e1ntica que cuenta la historia de j\u00f3venes universitarios persiguiendo sus sue\u00f1os en el Instituto de las Artes de Se\u00fal. Lee Kyu Won(Park Shin Hye) es una aplicada estudiante que se especializa en los instrumentos tradicionales de Corea, impulsada por su [&hellip;]<\/p>\n","protected":false},"author":5845,"featured_media":0,"parent":0,"menu_order":0,"comment_status":"open","ping_status":"open","template":"","meta":{"footnotes":""},"class_list":["post-138","page","type-page","status-publish","hentry"],"_links":{"self":[{"href":"https:\/\/blog.espol.edu.ec\/jelizald\/wp-json\/wp\/v2\/pages\/138","targetHints":{"allow":["GET"]}}],"collection":[{"href":"https:\/\/blog.espol.edu.ec\/jelizald\/wp-json\/wp\/v2\/pages"}],"about":[{"href":"https:\/\/blog.espol.edu.ec\/jelizald\/wp-json\/wp\/v2\/types\/page"}],"author":[{"embeddable":true,"href":"https:\/\/blog.espol.edu.ec\/jelizald\/wp-json\/wp\/v2\/users\/5845"}],"replies":[{"embeddable":true,"href":"https:\/\/blog.espol.edu.ec\/jelizald\/wp-json\/wp\/v2\/comments?post=138"}],"version-history":[{"count":2,"href":"https:\/\/blog.espol.edu.ec\/jelizald\/wp-json\/wp\/v2\/pages\/138\/revisions"}],"predecessor-version":[{"id":141,"href":"https:\/\/blog.espol.edu.ec\/jelizald\/wp-json\/wp\/v2\/pages\/138\/revisions\/141"}],"wp:attachment":[{"href":"https:\/\/blog.espol.edu.ec\/jelizald\/wp-json\/wp\/v2\/media?parent=138"}],"curies":[{"name":"wp","href":"https:\/\/api.w.org\/{rel}","templated":true}]}}