{"id":13,"date":"2009-06-19T16:17:33","date_gmt":"2009-06-19T20:17:33","guid":{"rendered":"http:\/\/blog.espol.edu.ec\/jepiguti\/?page_id=13"},"modified":"2009-06-28T14:56:53","modified_gmt":"2009-06-28T18:56:53","slug":"home-page","status":"publish","type":"page","link":"https:\/\/blog.espol.edu.ec\/jepiguti\/","title":{"rendered":"HOME PAGE"},"content":{"rendered":"<p style=\"text-align: center\"><a href=\"www.blog.espol.edu.ec\/jepiguti\"><img loading=\"lazy\" decoding=\"async\" class=\"aligncenter\" src=\"http:\/\/usuarios.lycos.es\/piratacurus\/Imagenes\/bienvenido.gif\" alt=\"\" width=\"600\" height=\"273\" \/><\/a><\/p>\n<h3 style=\"text-align: justify\">HOLAAAA!!!!!!<\/h3>\n<h3 style=\"text-align: justify\">Bienvenid@ a mi blog.... me llamo Jenny Guti\u00e9rrez, estudio en la ESPOL, mi carrera es Ingieneria en la Administracion de la Producci\u00f3n Industrial ...uno de mis pasatiempos favoritos es tocar la guitarra, por esa razon este blog va dedicado a eso... aqui podras encontrar videos de mis presentaciones, tambien videos de reconocidos guitarristas a nivel mundial, y por supuesto notas musicales y algunos tutoriales....<\/h3>\n<p style=\"text-align: center\"><a href=\"www.blog.espol.edu.ec\/jepiguti\"><img decoding=\"async\" class=\"aligncenter\" src=\"http:\/\/img294.imageshack.us\/img294\/3047\/acousticguitarnotesflyoen5.gif\" alt=\"\" \/><\/a><\/p>\n<h3 style=\"text-align: justify\">Espero que disfrutes de mi blog... !!!<\/h3>\n<h3 style=\"text-align: justify\">no olvides dejar tu comentario cada vez que me visites ... recuerda que tu comentario es importante para mi!!!<\/h3>\n<h3 style=\"text-align: justify\">\"La m\u00fasica es sin\u00f3nimo de libertad, de tocar lo que quieras y como quieras, siempre que sea bueno y tenga pasi\u00f3n, que la m\u00fasica sea el alimento del amor\"\u00a0 Kurt D Cobain (1967-1994) M\u00fasico Estadounidense.<\/h3>\n<p style=\"text-align: justify\">\n<p><a href=\"www.blog.espol.edu.ec\/jepiguti\"><img loading=\"lazy\" decoding=\"async\" class=\"aligncenter\" src=\"http:\/\/img297.imageshack.us\/img297\/1634\/comentario2ax.jpg\" alt=\"\" width=\"159\" height=\"141\" \/><\/a><\/p>\n","protected":false},"excerpt":{"rendered":"<p>HOLAAAA!!!!!! Bienvenid@ a mi blog.... me llamo Jenny Guti\u00e9rrez, estudio en la ESPOL, mi carrera es Ingieneria en la Administracion de la Producci\u00f3n Industrial ...uno de mis pasatiempos favoritos es tocar la guitarra, por esa razon este blog va dedicado a eso... aqui podras encontrar videos de mis presentaciones, tambien videos de reconocidos guitarristas a [&hellip;]<\/p>\n","protected":false},"author":1659,"featured_media":0,"parent":0,"menu_order":0,"comment_status":"open","ping_status":"open","template":"","meta":{"footnotes":""},"class_list":["post-13","page","type-page","status-publish","hentry"],"_links":{"self":[{"href":"https:\/\/blog.espol.edu.ec\/jepiguti\/wp-json\/wp\/v2\/pages\/13","targetHints":{"allow":["GET"]}}],"collection":[{"href":"https:\/\/blog.espol.edu.ec\/jepiguti\/wp-json\/wp\/v2\/pages"}],"about":[{"href":"https:\/\/blog.espol.edu.ec\/jepiguti\/wp-json\/wp\/v2\/types\/page"}],"author":[{"embeddable":true,"href":"https:\/\/blog.espol.edu.ec\/jepiguti\/wp-json\/wp\/v2\/users\/1659"}],"replies":[{"embeddable":true,"href":"https:\/\/blog.espol.edu.ec\/jepiguti\/wp-json\/wp\/v2\/comments?post=13"}],"version-history":[{"count":10,"href":"https:\/\/blog.espol.edu.ec\/jepiguti\/wp-json\/wp\/v2\/pages\/13\/revisions"}],"predecessor-version":[{"id":15,"href":"https:\/\/blog.espol.edu.ec\/jepiguti\/wp-json\/wp\/v2\/pages\/13\/revisions\/15"}],"wp:attachment":[{"href":"https:\/\/blog.espol.edu.ec\/jepiguti\/wp-json\/wp\/v2\/media?parent=13"}],"curies":[{"name":"wp","href":"https:\/\/api.w.org\/{rel}","templated":true}]}}