{"id":124,"date":"2014-05-17T21:25:37","date_gmt":"2014-05-17T21:25:37","guid":{"rendered":"http:\/\/blog.espol.edu.ec\/jhohearr\/?page_id=124"},"modified":"2014-05-17T21:25:37","modified_gmt":"2014-05-17T21:25:37","slug":"energia-hidraulica-en-el-ecuador","status":"publish","type":"page","link":"https:\/\/blog.espol.edu.ec\/jhohearr\/energia-hidraulica-en-el-ecuador\/","title":{"rendered":"Energ\u00eda Hidr\u00e1ulica en el Ecuador"},"content":{"rendered":"<p>Esta energ\u00eda es una de las m\u00e1s utilizadas en el Ecuador. Pero al discutir todos en grupo nos dimos cuenta de que esta energ\u00eda alg\u00fan d\u00eda llegara su fin ya que los r\u00edos poco a poco van perdiendo su potencial y pueden llegar al punto de no producir suficiente potencial para mover las turbinas y producir energ\u00eda.<\/p>\n<p>Empresa de Paute<\/p>\n<p>Fue concebido en 1961 por el ingeniero Daniel Palacios Izquierdo, durante sus recorridos descubri\u00f3 el accidente geogr\u00e1fico que por sus caracter\u00edsticas consist\u00eda en un recurso aprovechable para la generaci\u00f3n hidroel\u00e9ctrica.<\/p>\n<p>El r\u00edo Paute portador de un gran caudal en el sitio denominado Cola de San Pablo, en corta distancia medida en l\u00ednea recta, presenta una gran diferencia de niveles, haci\u00e9ndose aprovechable esa energ\u00eda potencial.<\/p>\n<p>Esta empresa ya va trabajando durante muchos a\u00f1os y como ya lo hemos vivido han existido d\u00edas de sequia por los que hubo una deficiencia energ\u00e9tica pero aunque fueron dif\u00edciles se superaron. La empresa de Paute es una de las empresas m\u00e1s importantes en el Ecuador ya que abastece de energ\u00eda a un gran porcentaje del pa\u00eds y si esta llega a tener fallas aun no hay otra represa que cubra la demanda de energ\u00eda el\u00e9ctrica del pa\u00eds como lo hace la represa de Paute.<\/p>\n<p>Ahora el Ecuador cuenta con nuevos proyectos hidroel\u00e9ctricos los cuales ayudaran a abastecer de energ\u00eda el\u00e9ctrica al pa\u00eds y aunque se repitan las sequias del paute ya no habr\u00e1 un gran impacto ya que existir\u00e1n otros fuentes energ\u00e9ticas que abastecer\u00e1n al pa\u00eds.<\/p>\n<p>Coca Codo Sinclair<\/p>\n<p>El \u00e1rea del proyecto se ubica en la cuenca del r\u00edo Coca, desde la confluencia del r\u00edo Salado, hasta el sitio denominado Codo Sinclair. Las obras del proyecto se localizan en el cant\u00f3n El Chaco, Provincia del Napo; as\u00ed como en el cant\u00f3n Gonzalo Pizarro Provincia de Sucumb\u00edos.<\/p>\n<p>En los planes oficiales est\u00e1 que la central cuente con una potencia instalada de 1.500 megavatios, energ\u00eda suficiente para encender a la vez 16 millones de focos y abastecer al 75% de la demanda de energ\u00eda del pa\u00eds.<br \/>\nEl costo total de la obra es de $ 1.979,7 millones y la compa\u00f1\u00eda china Sinohydro financiara y construir\u00e1 el proyecto.<\/p>\n<p>Esta empresa nos brindar\u00e1 una excelente energ\u00eda el\u00e9ctrica y proveer\u00e1 una cantidad similar del abastecimiento de la empresa del paute. Ahora el Ecuador ya no tendr\u00e1 falta de energ\u00eda el\u00e9ctrica como a\u00f1os anteriores ya que si alguna de las represas llega a tener fallas estar\u00e1 la otra para que no haya problemas energ\u00e9ticos en el pa\u00eds. Adem\u00e1s, con los otros 8 proyectos hidroel\u00e9ctricos del Ecuador para el 2013 se minorar\u00e1 las posibilidades de que existan fallas energ\u00e9ticas en el pa\u00eds.<\/p>\n<p>Nuevos proyectos hidroel\u00e9ctricos del pa\u00eds.<\/p>\n<p>El gobierno del Ecuador ha propuesto construir nueve proyectos hidroel\u00e9ctricos\u00a0hasta el 2013, de baja o mediana potencia.\u00a0Como la planta hidroel\u00e9ctrica \"Quijos-Baeza\", con una potencia de 100 megavatios, que se construir\u00e1 en la provincia amaz\u00f3nica de Napo; \"R\u00edo Luis\", de 15,5 megavatios en la costera de El Oro; \"Buenos Aires\", de 980 megavatios en la andina de Imbabura.<br \/>\nAsimismo, el proyecto \"Minas, Jubones, La Uni\u00f3n\", de 285 megavatios, en la zona austral del pa\u00eds; \"La Uni\u00f3n\", de 84 megavatios entre las provincias de Azuay y El Oro; \"Soldados-Yanuncay\", de 27,8 megavatios, tambi\u00e9n en Azuay.<br \/>\nEl plan hidroel\u00e9ctrico incluye, adem\u00e1s, los proyectos \"Jondach\", en la provincia de Napo, de 30,6 megavatios; \"Llanganates\", en la misma jurisdicci\u00f3n, de 27,7 megavatios; y \"Mazar-Dudas\", en la andina de Ca\u00f1ar, de 22,3 megavatios.<br \/>\nPara los nuevos proyectos, el Feiseh desembolsar\u00e1 224.410.802 d\u00f3lares y se prev\u00e9 que, en conjunto, aportar\u00e1n 1.710 megavatios de potencia energ\u00e9tica.<br \/>\nTambi\u00e9n existen otros grandes proyectos que ya se encuentran en construcci\u00f3n, como \"Coca-Codo-Sinclair\", con una potencia de 1.500 megavatios; \"Sopladora\", de 400 megavatios; \"Toachi-Pilat\u00f3n\", de 228 megavatios; y \"Oca\u00f1a\", con una generaci\u00f3n de 26 megavatios, entre otros.<br \/>\nNuestro pa\u00eds tiene buenos proyectos para el futuro los cuales ser\u00e1n de gran ayuda para abastecer de mejor manera, energ\u00eda el\u00e9ctrica al pa\u00eds. Pero al mismo tiempo destruir\u00e1 una porci\u00f3n de la naturaleza del Ecuador por lo que estos proyectos tambi\u00e9n poseen su lado negativo. Y el grupo llego a la conclusi\u00f3n de que los proyectos se deben realizar pero tratando de no hacer un cambio dr\u00e1stico al medio ambiente ecuatoriano.<\/p>\n","protected":false},"excerpt":{"rendered":"<p>Esta energ\u00eda es una de las m\u00e1s utilizadas en el Ecuador. Pero al discutir todos en grupo nos dimos cuenta de que esta energ\u00eda alg\u00fan d\u00eda llegara su fin ya que los r\u00edos poco a poco van perdiendo su potencial y pueden llegar al punto de no producir suficiente potencial para mover las turbinas y [&hellip;]<\/p>\n","protected":false},"author":8793,"featured_media":0,"parent":0,"menu_order":0,"comment_status":"open","ping_status":"open","template":"","meta":{"footnotes":""},"class_list":["post-124","page","type-page","status-publish","hentry"],"_links":{"self":[{"href":"https:\/\/blog.espol.edu.ec\/jhohearr\/wp-json\/wp\/v2\/pages\/124","targetHints":{"allow":["GET"]}}],"collection":[{"href":"https:\/\/blog.espol.edu.ec\/jhohearr\/wp-json\/wp\/v2\/pages"}],"about":[{"href":"https:\/\/blog.espol.edu.ec\/jhohearr\/wp-json\/wp\/v2\/types\/page"}],"author":[{"embeddable":true,"href":"https:\/\/blog.espol.edu.ec\/jhohearr\/wp-json\/wp\/v2\/users\/8793"}],"replies":[{"embeddable":true,"href":"https:\/\/blog.espol.edu.ec\/jhohearr\/wp-json\/wp\/v2\/comments?post=124"}],"version-history":[{"count":1,"href":"https:\/\/blog.espol.edu.ec\/jhohearr\/wp-json\/wp\/v2\/pages\/124\/revisions"}],"predecessor-version":[{"id":126,"href":"https:\/\/blog.espol.edu.ec\/jhohearr\/wp-json\/wp\/v2\/pages\/124\/revisions\/126"}],"wp:attachment":[{"href":"https:\/\/blog.espol.edu.ec\/jhohearr\/wp-json\/wp\/v2\/media?parent=124"}],"curies":[{"name":"wp","href":"https:\/\/api.w.org\/{rel}","templated":true}]}}