{"id":135,"date":"2014-05-17T21:45:05","date_gmt":"2014-05-17T21:45:05","guid":{"rendered":"http:\/\/blog.espol.edu.ec\/jhohearr\/?page_id=135"},"modified":"2014-05-17T21:45:05","modified_gmt":"2014-05-17T21:45:05","slug":"energia-eolica-en-el-ecuador","status":"publish","type":"page","link":"https:\/\/blog.espol.edu.ec\/jhohearr\/energia-eolica-en-el-ecuador\/","title":{"rendered":"Energ\u00eda E\u00f3lica en el Ecuador"},"content":{"rendered":"<p>\u2022 Situaci\u00f3n Actual:<\/p>\n<p>El primer parque e\u00f3lico del pa\u00eds se inaugur\u00f3 en octubre del 2007 en la isla San Crist\u00f3bal del Archipi\u00e9lago de Gal\u00e1pagos, con una potencia instalada de 2,4 MW. Y se espera que en a\u00f1os despu\u00e9s est\u00e9 en operaci\u00f3n un segundo parque e\u00f3lico ubicado en otra de las islas del Archipi\u00e9lago de Gal\u00e1pagos, proyecto Baltra \u2013 Santa Cruz, con una potencia instalada de 3,2 MW.<\/p>\n<p>Dada la relevancia medioambiental del Archipi\u00e9lago de Gal\u00e1pagos, el MEER se ha establecido como meta satisfacer toda la demanda el\u00e9ctrica con energ\u00edas renovables. Las expectativas de potencia instalada en generaci\u00f3n e\u00f3lica para el 2015 que perfila el MEER, se encuentran entre los 40 y 50 MW:<\/p>\n<p style=\"text-align: center\"><a href=\"http:\/\/blog.espol.edu.ec\/jhohearr\/files\/2014\/05\/h.jpg\"><img loading=\"lazy\" decoding=\"async\" class=\"alignnone size-medium wp-image-136\" src=\"http:\/\/blog.espol.edu.ec\/jhohearr\/files\/2014\/05\/h-300x171.jpg\" alt=\"h\" width=\"300\" height=\"171\" srcset=\"https:\/\/blog.espol.edu.ec\/jhohearr\/files\/2014\/05\/h-300x171.jpg 300w, https:\/\/blog.espol.edu.ec\/jhohearr\/files\/2014\/05\/h.jpg 454w\" sizes=\"auto, (max-width: 300px) 100vw, 300px\" \/><\/a><\/p>\n<p>Energia e\u00f3lica en Loja<\/p>\n<p>El Parque E\u00f3lico Villonaco se encuentra ubicado en la provincia de Loja a 4km. de su capital, espec\u00edficamente entre los cantones de Loja y Catamayo.<\/p>\n<p>Su construcci\u00f3n se realiz\u00f3 entre los puntos m\u00e1s altos del cerro Villonaco, a una altura aproximada de 2.720 m.s.n.m. Cuenta con 11 aerogeneradores, cada uno con una altura m\u00e1xima de 100 m de altura; y un centro de interpretaci\u00f3n, destinado a acoger a los visitantes que deseen conocer acerca del desarrollo de la energ\u00eda e\u00f3lica en el Ecuador.<\/p>\n<p>Posee una potencia nominal de 16.5 MW y aportar\u00e1 60 millones de kWh\/a\u00f1o al Sistema Nacional Interconectado, reduciendo en 35 mil toneladas las emisiones de CO2\/a\u00f1o, as\u00ed como el consumo equivalente de combustibles en 4.5 millones de galones diesel\/a\u00f1o, lo que corresponde a un ahorro de 13 millones de d\u00f3lares anuales para el pa\u00eds.<\/p>\n<p>El Parque E\u00f3lico Villonaco es considerado como uno de los proyectos emblem\u00e1ticos y estrat\u00e9gicos del Gobierno Ecuatoriano, que contribuir\u00e1 con la diversificaci\u00f3n de la matriz energ\u00e9tica actual. Energ\u00eda limpia para el Ecuador, utilizando un recurso renovable e inagotable.<\/p>\n","protected":false},"excerpt":{"rendered":"<p>\u2022 Situaci\u00f3n Actual: El primer parque e\u00f3lico del pa\u00eds se inaugur\u00f3 en octubre del 2007 en la isla San Crist\u00f3bal del Archipi\u00e9lago de Gal\u00e1pagos, con una potencia instalada de 2,4 MW. Y se espera que en a\u00f1os despu\u00e9s est\u00e9 en operaci\u00f3n un segundo parque e\u00f3lico ubicado en otra de las islas del Archipi\u00e9lago de Gal\u00e1pagos, [&hellip;]<\/p>\n","protected":false},"author":8793,"featured_media":0,"parent":0,"menu_order":0,"comment_status":"open","ping_status":"open","template":"","meta":{"footnotes":""},"class_list":["post-135","page","type-page","status-publish","hentry"],"_links":{"self":[{"href":"https:\/\/blog.espol.edu.ec\/jhohearr\/wp-json\/wp\/v2\/pages\/135","targetHints":{"allow":["GET"]}}],"collection":[{"href":"https:\/\/blog.espol.edu.ec\/jhohearr\/wp-json\/wp\/v2\/pages"}],"about":[{"href":"https:\/\/blog.espol.edu.ec\/jhohearr\/wp-json\/wp\/v2\/types\/page"}],"author":[{"embeddable":true,"href":"https:\/\/blog.espol.edu.ec\/jhohearr\/wp-json\/wp\/v2\/users\/8793"}],"replies":[{"embeddable":true,"href":"https:\/\/blog.espol.edu.ec\/jhohearr\/wp-json\/wp\/v2\/comments?post=135"}],"version-history":[{"count":1,"href":"https:\/\/blog.espol.edu.ec\/jhohearr\/wp-json\/wp\/v2\/pages\/135\/revisions"}],"predecessor-version":[{"id":138,"href":"https:\/\/blog.espol.edu.ec\/jhohearr\/wp-json\/wp\/v2\/pages\/135\/revisions\/138"}],"wp:attachment":[{"href":"https:\/\/blog.espol.edu.ec\/jhohearr\/wp-json\/wp\/v2\/media?parent=135"}],"curies":[{"name":"wp","href":"https:\/\/api.w.org\/{rel}","templated":true}]}}

Energía Eólica en el Ecuador

<p>• Situación Actual:</p>
<p>El primer parque eólico del país se inauguró en octubre del 2007 en la isla San Cristóbal del Archipiélago de Galápagos, con una potencia instalada de 2,4 MW. Y se espera que en años después esté en operación un segundo parque eólico ubicado en otra de las islas del Archipiélago de Galápagos, proyecto Baltra – Santa Cruz, con una potencia instalada de 3,2 MW.</p>
<p>Dada la relevancia medioambiental del Archipiélago de Galápagos, el MEER se ha establecido como meta satisfacer toda la demanda eléctrica con energías renovables. Las expectativas de potencia instalada en generación eólica para el 2015 que perfila el MEER, se encuentran entre los 40 y 50 MW:</p>
<p style="text-align: center"><a href="http://blog.espol.edu.ec/jhohearr/files/2014/05/h.jpg"><img loading="lazy" decoding="async" class="alignnone size-medium wp-image-136" src="http://blog.espol.edu.ec/jhohearr/files/2014/05/h-300x171.jpg" alt="h" width="300" height="171" srcset="https://blog.espol.edu.ec/jhohearr/files/2014/05/h-300x171.jpg 300w, https://blog.espol.edu.ec/jhohearr/files/2014/05/h.jpg 454w" sizes="auto, (max-width: 300px) 100vw, 300px" /></a></p>
<p>Energia eólica en Loja</p>
<p>El Parque Eólico Villonaco se encuentra ubicado en la provincia de Loja a 4km. de su capital, específicamente entre los cantones de Loja y Catamayo.</p>
<p>Su construcción se realizó entre los puntos más altos del cerro Villonaco, a una altura aproximada de 2.720 m.s.n.m. Cuenta con 11 aerogeneradores, cada uno con una altura máxima de 100 m de altura; y un centro de interpretación, destinado a acoger a los visitantes que deseen conocer acerca del desarrollo de la energía eólica en el Ecuador.</p>
<p>Posee una potencia nominal de 16.5 MW y aportará 60 millones de kWh/año al Sistema Nacional Interconectado, reduciendo en 35 mil toneladas las emisiones de CO2/año, así como el consumo equivalente de combustibles en 4.5 millones de galones diesel/año, lo que corresponde a un ahorro de 13 millones de dólares anuales para el país.</p>
<p>El Parque Eólico Villonaco es considerado como uno de los proyectos emblemáticos y estratégicos del Gobierno Ecuatoriano, que contribuirá con la diversificación de la matriz energética actual. Energía limpia para el Ecuador, utilizando un recurso renovable e inagotable.</p>

<p>• Situación Actual: El primer parque eólico del país se inauguró en octubre del 2007 en la isla San Cristóbal del Archipiélago de Galápagos, con una potencia instalada de 2,4 MW. Y se espera que en años después esté en operación un segundo parque eólico ubicado en otra de las islas del Archipiélago de Galápagos, [&hellip;]</p>
