{"id":8,"date":"2010-10-14T19:38:29","date_gmt":"2010-10-14T19:38:29","guid":{"rendered":"http:\/\/blog.espol.edu.ec\/jhongiler\/?page_id=8"},"modified":"2010-11-02T07:53:22","modified_gmt":"2010-11-02T07:53:22","slug":"aqui-pronto-tendran-las-ultimas-noticias","status":"publish","type":"page","link":"https:\/\/blog.espol.edu.ec\/jhongiler\/aqui-pronto-tendran-las-ultimas-noticias\/","title":{"rendered":"Steve Jobs, el creador..."},"content":{"rendered":"<p style=\"margin-bottom: 20px\">\n<p><a href=\"http:\/\/blog.espol.edu.ec\/jhongiler\/files\/2010\/10\/Steve-Jobs.jpg\"><img loading=\"lazy\" decoding=\"async\" class=\"alignnone size-medium wp-image-51\" title=\"Steve Jobs\" src=\"http:\/\/blog.espol.edu.ec\/jhongiler\/files\/2010\/10\/Steve-Jobs-300x294.jpg\" alt=\"\" width=\"300\" height=\"294\" srcset=\"https:\/\/blog.espol.edu.ec\/jhongiler\/files\/2010\/10\/Steve-Jobs-300x294.jpg 300w, https:\/\/blog.espol.edu.ec\/jhongiler\/files\/2010\/10\/Steve-Jobs.jpg 612w\" sizes=\"auto, (max-width: 300px) 100vw, 300px\" \/><\/a><\/p>\n<p style=\"margin-bottom: 20px\">\n<p>Steven Paul Jobs (nacido el 24 de febrero de 1955 en San Francisco, California, EE. UU.) es un famoso empresario e inform\u00e1tico estadounidense, presidente de Apple Inc. y m\u00e1ximo accionista individual de The Walt Disney Company. Es una de las m\u00e1s importantes figuras de la industria de la computaci\u00f3n y del entretenimiento digital.<\/p>\n<p>Junto al co-fundador de Apple, Steve Wozniak, Jobs ayud\u00f3 a la popularizaci\u00f3n de la computadora personal a finales de los a\u00f1os 70. Fue uno de los primeros en entrever el potencial de los sistemas de Interfaz Gr\u00e1fica de Usuario (GUI).<\/p>\n<p>Despu\u00e9s de tener problemas con la c\u00fapula directiva de la empresa que \u00e9l mismo fund\u00f3, Jobs fue despedido de Apple Computer en 1985, regresando a la compa\u00f1\u00eda en 1997, donde es director ejecutivo desde entonces.<\/p>\n<p style=\"margin-bottom: 20px\">\n<p>Stevo Jobs anuncia el iPhone 4<\/p>\n<p style=\"margin-bottom: 20px\">\n<div id=\"_mcePaste\" style=\"width: 1px;height: 1px;overflow: hidden\"><img decoding=\"async\" src=\"\/Users\/J%27SPC%7E1\/AppData\/Local\/Temp\/moz-screenshot.png\" alt=\"\" \/><\/div>\n<p><object classid=\"clsid:d27cdb6e-ae6d-11cf-96b8-444553540000\" width=\"640\" height=\"385\"><param name=\"allowFullScreen\" value=\"true\" \/><param name=\"allowscriptaccess\" value=\"always\" \/><param name=\"src\" value=\"http:\/\/www.youtube.com\/v\/I1edQuxclUs?fs=1&amp;hl=en_US\" \/><param name=\"allowfullscreen\" value=\"true\" \/><embed type=\"application\/x-shockwave-flash\" width=\"640\" height=\"385\" src=\"http:\/\/www.youtube.com\/v\/I1edQuxclUs?fs=1&amp;hl=en_US\" allowscriptaccess=\"always\" allowfullscreen=\"true\"><\/embed><\/object><\/p>\n","protected":false},"excerpt":{"rendered":"<p>Steven Paul Jobs (nacido el 24 de febrero de 1955 en San Francisco, California, EE. UU.) es un famoso empresario e inform\u00e1tico estadounidense, presidente de Apple Inc. y m\u00e1ximo accionista individual de The Walt Disney Company. Es una de las m\u00e1s importantes figuras de la industria de la computaci\u00f3n y del entretenimiento digital. Junto al [&hellip;]<\/p>\n","protected":false},"author":5229,"featured_media":0,"parent":0,"menu_order":0,"comment_status":"open","ping_status":"open","template":"","meta":{"footnotes":""},"class_list":["post-8","page","type-page","status-publish","hentry"],"_links":{"self":[{"href":"https:\/\/blog.espol.edu.ec\/jhongiler\/wp-json\/wp\/v2\/pages\/8","targetHints":{"allow":["GET"]}}],"collection":[{"href":"https:\/\/blog.espol.edu.ec\/jhongiler\/wp-json\/wp\/v2\/pages"}],"about":[{"href":"https:\/\/blog.espol.edu.ec\/jhongiler\/wp-json\/wp\/v2\/types\/page"}],"author":[{"embeddable":true,"href":"https:\/\/blog.espol.edu.ec\/jhongiler\/wp-json\/wp\/v2\/users\/5229"}],"replies":[{"embeddable":true,"href":"https:\/\/blog.espol.edu.ec\/jhongiler\/wp-json\/wp\/v2\/comments?post=8"}],"version-history":[{"count":12,"href":"https:\/\/blog.espol.edu.ec\/jhongiler\/wp-json\/wp\/v2\/pages\/8\/revisions"}],"predecessor-version":[{"id":148,"href":"https:\/\/blog.espol.edu.ec\/jhongiler\/wp-json\/wp\/v2\/pages\/8\/revisions\/148"}],"wp:attachment":[{"href":"https:\/\/blog.espol.edu.ec\/jhongiler\/wp-json\/wp\/v2\/media?parent=8"}],"curies":[{"name":"wp","href":"https:\/\/api.w.org\/{rel}","templated":true}]}}