{"id":89,"date":"2016-11-15T04:24:12","date_gmt":"2016-11-15T04:24:12","guid":{"rendered":"http:\/\/blog.espol.edu.ec\/jicornej\/?page_id=89"},"modified":"2016-11-15T04:24:12","modified_gmt":"2016-11-15T04:24:12","slug":"bon-jovi","status":"publish","type":"page","link":"https:\/\/blog.espol.edu.ec\/jicornej\/bon-jovi\/","title":{"rendered":"Bon jovi."},"content":{"rendered":"<p class=\"biog\">Banda del llamado <i>Heavy comercial<\/i>, formada en New Jersey con Jon Bon Jovi (nacido como John Bongiovi, en marzo de 1962) al frente. Es uno de los grupos de rock que m\u00e1s han vendido desde su creaci\u00f3n en 1983; lo integran con Richie Sambora (1959), David Bryan (1962), Alec John Such (1956) y Tico Torres (1953).<\/p>\n<p class=\"biog\">Fichados por Mercury, en 1984 lanzaron su \u00e1lbum de debut, <i>Bon Jovi,<\/i> que no pas\u00f3 del puesto 39 en las listas de su pa\u00eds. Pero empezaron a romper con su <i>Slippery When Wet<\/i>, que vendi\u00f3 m\u00e1s de nueve millones de copias en los Estados Unidos y que lleg\u00f3 al n\u00famero uno. Corr\u00eda el a\u00f1o 1986, y el grupo ya hab\u00eda dado conciertos por toda Norteam\u00e9rica durante esos dos a\u00f1os.<\/p>\n<p class=\"biog\">Mantenerse en giras casi\u00a0permanentes dio buenos frutos, puesto que acabaron los ochenta con cuatro n\u00fameros uno en las listas, consagrados como la banda <i>heavy<\/i>m\u00e1s popular del planeta, y encabezando los m\u00e1s importantes festivales como\u00a0el de Monsters of Rock en 1987 (Donington, UK.). Poco despu\u00e9s lanzaron el que ser\u00eda otro cl\u00e1sico de Bon Jovi, <i>New Jersey<\/i>, en 1988.<\/p>\n<p class=\"biog\">Su cantante tambi\u00e9n edit\u00f3 grabaciones en solitario, con enorme \u00e9xito, y fue imitado en ello por el resto del grupo. Una muestra del trabajo en solitario de Jon Bon Jovi es la banda sonora de <i>Arma Joven II<\/i>, creada en 1990, que se edit\u00f3 con el nombre de <i>Blaze of Glory<\/i>. Pero el grupo volvi\u00f3 a grabar como tal en 1992, publicando <i>Keep the faith<\/i>. Su \u00e1lbum de \u00e9xitos de 1995 recogi\u00f3 lo mejor de su repertorio, cada vez m\u00e1s inclinado a las baladas y a los temas de medio tiempo, abandonando un tanto su energ\u00eda inicial.<\/p>\n<p>&nbsp;<\/p>\n<p class=\"biog\">Richie Sambora, pese a nacer en Perth Amboy, pas\u00f3 su infancia en Woodbridge, aprendi\u00f3 a tocar la guitarra a los doce a\u00f1os y desde los quince fue pasando de grupo en grupo hasta integrarse en Bon Jovi. Al margen de su presencia en la banda, Sambora es autor y productor de artistas y formaciones de la talla de Alice Cooper, Cher, Ted Nugent, Paul Rogers, Desmond Child, Bo Diddley, Loverboy o B. B. King.<\/p>\n<p class=\"biog\">Su primer \u00e1lbum en solitario,<i> Stranger in this town<\/i>, conten\u00eda el single <i>Mr. Bluesman<\/i>, dedicado a Eric Clapton, quien colabor\u00f3 en la grabaci\u00f3n del tema. Adem\u00e1s de haber compuesto bandas sonoras para pel\u00edculas, a principios de noviembre de 1996 edit\u00f3 un CD-Rom de t\u00edtulo <i>Richie Sambora Interactive Guitar<\/i>, consistente en un curso de guitarra, biograf\u00edas, fotograf\u00edas personales, discograf\u00edas y videos de sus trabajos individuales y en el seno de Bon Jovi.<\/p>\n<p class=\"biog\">Richie Sambora lanz\u00f3 en el a\u00f1o 1998 un nuevo registro, titulado <i>Undiscovered Soul<\/i>, que sigue en la l\u00ednea ascendente marcada por su primer disco en solitario. Por su parte, Jon Bon Jovi, dejando a un lado su incipiente carrera cinematogr\u00e1fica, edit\u00f3 en el a\u00f1o 1997 <i>Destination<\/i> a<i>nywhere<\/i> en Polygram Records, \u00e1lbum que cimienta su carrera en solitario, con temas como \"Midnight in Chelsea\". Estos lanzamientos en solitario, demuestran que la carrera del grupo como tal cada d\u00eda est\u00e1 m\u00e1s en entredicho, aunque, oficialmente, nadie ha dicho que Bon Jovi haya dejado de existir para siempre. En 2002 Bon Jovi lanz\u00f3 a la calle su octavo \u00e1lbum de est<br \/>\nudio, <i>Bounce<\/i>.<img loading=\"lazy\" decoding=\"async\" class=\"aligncenter\" src=\"http:\/\/www.biografiasyvidas.com\/biografia\/b\/fotos\/bon_jovi.jpg\" width=\"340\" height=\"221\" \/><\/p>\n<form id=\"vozme_form_b4f71a4fed4dd0bc3b338d2b18e0530b\" method=\"post\" name=\"vozme_form_b4f71a4fed4dd0bc3b338d2b18e0530b\" target=\"b4f71a4fed4dd0bc3b338d2b18e0530b\" action=\"http:\/\/vozme.com\/text2voice.php\"><input name=\"text\" type=\"hidden\" value=\"Bon jovi.. Banda del llamado Heavy comercial, formada en New Jersey con Jon Bon Jovi (nacido como John Bongiovi, en marzo de 1962) al frente. Es uno de los grupos de rock que m\u00e1s han vendido desde su creaci\u00f3n en 1983; lo integran con Richie Sambora (1959), David Bryan (1962), Alec John Such (1956) y Tico Torres (1953).\nFichados por Mercury, en 1984 lanzaron su \u00e1lbum de debut, Bon Jovi, que no pas\u00f3 del puesto 39 en las listas de su pa\u00eds. Pero empezaron a romper con su Slippery When Wet, que vendi\u00f3 m\u00e1s de nueve millones de copias en los Estados Unidos y que lleg\u00f3 al n\u00famero uno. Corr\u00eda el a\u00f1o 1986, y el grupo ya hab\u00eda dado conciertos por toda Norteam\u00e9rica durante esos dos a\u00f1os.\nMantenerse en giras casi\u00a0permanentes dio buenos frutos, puesto que acabaron los ochenta con cuatro n\u00fameros uno en las listas, consagrados como la banda heavym\u00e1s popular del planeta, y encabezando los m\u00e1s importantes festivales como\u00a0el de Monsters of Rock en 1987 (Donington, UK.). Poco despu\u00e9s lanzaron el que ser\u00eda otro cl\u00e1sico de Bon Jovi, New Jersey, en 1988.\nSu cantante tambi\u00e9n edit\u00f3 grabaciones en solitario, con enorme \u00e9xito, y fue imitado en ello por el resto del grupo. Una muestra del trabajo en solitario de Jon Bon Jovi es la banda sonora de Arma Joven II, creada en 1990, que se edit\u00f3 con el nombre de Blaze of Glory. Pero el grupo volvi\u00f3 a grabar como tal en 1992, publicando Keep the faith. Su \u00e1lbum de \u00e9xitos de 1995 recogi\u00f3 lo mejor de su repertorio, cada vez m\u00e1s inclinado a las baladas y a los temas de medio tiempo, abandonando un tanto su energ\u00eda inicial.\n&nbsp;\nRichie Sambora, pese a nacer en Perth Amboy, pas\u00f3 su infancia en Woodbridge, aprendi\u00f3 a tocar la guitarra a los doce a\u00f1os y desde los quince fue pasando de grupo en grupo hasta integrarse en Bon Jovi. Al margen de su presencia en la banda, Sambora es autor y productor de artistas y formaciones de la talla de Alice Cooper, Cher, Ted Nugent, Paul Rogers, Desmond Child, Bo Diddley, Loverboy o B. B. King.\nSu primer \u00e1lbum en solitario, Stranger in this town, conten\u00eda el single Mr. Bluesman, dedicado a Eric Clapton, quien colabor\u00f3 en la grabaci\u00f3n del tema. Adem\u00e1s de haber compuesto bandas sonoras para pel\u00edculas, a principios de noviembre de 1996 edit\u00f3 un CD-Rom de t\u00edtulo Richie Sambora Interactive Guitar, consistente en un curso de guitarra, biograf\u00edas, fotograf\u00edas personales, discograf\u00edas y videos de sus trabajos individuales y en el seno de Bon Jovi.\nRichie Sambora lanz\u00f3 en el a\u00f1o 1998 un nuevo registro, titulado Undiscovered Soul, que sigue en la l\u00ednea ascendente marcada por su primer disco en solitario. Por su parte, Jon Bon Jovi, dejando a un lado su incipiente carrera cinematogr\u00e1fica, edit\u00f3 en el a\u00f1o 1997 Destination anywhere en Polygram Records, \u00e1lbum que cimienta su carrera en solitario, con temas como &quot;Midnight in Chelsea&quot;. Estos lanzamientos en solitario, demuestran que la carrera del grupo como tal cada d\u00eda est\u00e1 m\u00e1s en entredicho, aunque, oficialmente, nadie ha dicho que Bon Jovi haya dejado de existir para siempre. En 2002 Bon Jovi lanz\u00f3 a la calle su octavo \u00e1lbum de est\nudio, Bounce.\n\" \/><input name=\"lang\" type=\"hidden\" value=\"es\" \/><input name=\"gn\" type=\"hidden\" value=\"fm\" \/><input type=\"hidden\" id=\"interface\" name=\"interface\" value=\"full\" \/>\n\t\t\t<div style=\"margin-left:40%;\">\n\t\t\t\n\t\t\t\t<input style=\"float:left;\" type=\"image\" width=\"40\" height=\"40\" src=\"http:\/\/blog.espol.edu.ec\/jicornej\/wp-content\/plugins\/vozme\/img\/megaphone40x40w.gif\" alt=\"Escucha este post\" onclick=\"window.open('', 'b4f71a4fed4dd0bc3b338d2b18e0530b', 'width=600,height=370,scrollbars=yes,location=yes,menubar=yes,resizable=yes,status=yes,toolbar=yes');\">\n\t\t\t\t<div style=\"margin-left:48px; text-align:left;\"><a style=\"font-size:12px;\" href=\"javascript:void(0);\" onclick=\"window.open('', 'b4f71a4fed4dd0bc3b338d2b18e0530b', 'width=600,height=370,scrollbars=yes,location=yes,menubar=yes,resizable=yes,status=yes,toolbar=yes'); document.getElementById('vozme_form_b4f71a4fed4dd0bc3b338d2b18e0530b').submit();\">Escucha<br\/>este post<\/a><\/div>\n\t\t\t<\/div><\/form>","protected":false},"excerpt":{"rendered":"<p>Banda del llamado Heavy comercial, formada en New Jersey con Jon Bon Jovi (nacido como John Bongiovi, en marzo de 1962) al frente. Es uno de los grupos de rock que m\u00e1s han vendido desde su creaci\u00f3n en 1983; lo &hellip; <a href=\"https:\/\/blog.espol.edu.ec\/jicornej\/bon-jovi\/\">Sigue leyendo <span class=\"meta-nav\">&rarr;<\/span><\/a><\/p>\n","protected":false},"author":10716,"featured_media":0,"parent":0,"menu_order":0,"comment_status":"closed","ping_status":"closed","template":"","meta":{"footnotes":""},"class_list":["post-89","page","type-page","status-publish","hentry"],"_links":{"self":[{"href":"https:\/\/blog.espol.edu.ec\/jicornej\/wp-json\/wp\/v2\/pages\/89","targetHints":{"allow":["GET"]}}],"collection":[{"href":"https:\/\/blog.espol.edu.ec\/jicornej\/wp-json\/wp\/v2\/pages"}],"about":[{"href":"https:\/\/blog.espol.edu.ec\/jicornej\/wp-json\/wp\/v2\/types\/page"}],"author":[{"embeddable":true,"href":"https:\/\/blog.espol.edu.ec\/jicornej\/wp-json\/wp\/v2\/users\/10716"}],"replies":[{"embeddable":true,"href":"https:\/\/blog.espol.edu.ec\/jicornej\/wp-json\/wp\/v2\/comments?post=89"}],"version-history":[{"count":1,"href":"https:\/\/blog.espol.edu.ec\/jicornej\/wp-json\/wp\/v2\/pages\/89\/revisions"}],"predecessor-version":[{"id":91,"href":"https:\/\/blog.espol.edu.ec\/jicornej\/wp-json\/wp\/v2\/pages\/89\/revisions\/91"}],"wp:attachment":[{"href":"https:\/\/blog.espol.edu.ec\/jicornej\/wp-json\/wp\/v2\/media?parent=89"}],"curies":[{"name":"wp","href":"https:\/\/api.w.org\/{rel}","templated":true}]}}