{"id":98,"date":"2016-11-15T15:55:25","date_gmt":"2016-11-15T20:55:25","guid":{"rendered":"http:\/\/blog.espol.edu.ec\/jicornej\/?page_id=98"},"modified":"2016-11-15T15:55:25","modified_gmt":"2016-11-15T20:55:25","slug":"red-hot-chilli-pepers","status":"publish","type":"page","link":"https:\/\/blog.espol.edu.ec\/jicornej\/red-hot-chilli-pepers\/","title":{"rendered":"Red hot chilli pepers."},"content":{"rendered":"<p><span style=\"color: #000000\">La historia musical de los Red Hot Chili Pepperscomienza en en Los Angeles, en 1982, cuando varios amigos se unen para formar una banda y tocar en locales nocturnos. Los cuatro amigos eran: Michael Balzary (Flea), en el bajo, Hillel Slovak (guitarra), Jack <\/span><br \/>\n<span style=\"color: #000000\">Irons (bater\u00eda) y Anthony Keidis como vocalista.<\/span><\/p>\n<p><span style=\"color: #000000\">Su primer gran show fue en un concierto, donde para llamar la atenci\u00f3n se desnudaron para actuar, lo que les dio una tremenda publicidad en Los Angeles y les vali\u00f3 para firmar un contrato con una gran discogr\u00e1fica.<\/span><\/p>\n<p><span style=\"color: #000000\">Irons y Slovak dejan el grupo para dedicarse a otros trabajos y son sustitu\u00eddos por Cliff Mart\u00ednez y Jack Sherman, y en 1984 publican su primer \u00e1lbum, '<a style=\"color: #000000\" title=\"The Red Hot Chili Peppers\" href=\"http:\/\/www.todomusica.org\/red_hot_chili_peppers\/disco_the_red_hot_chili_peppers.shtml\">The Red Hot Chili Peppers<\/a>', que no tuvo demasiado \u00e9xito.<\/span><\/p>\n<p><span style=\"color: #000000\">Tras este peque\u00f1o fracaso, Slovak vuelve al grupo en sustituci\u00f3n de Sherman y se dedican a promocionarse a trav\u00e9s de conciertos, antes de editar su segundo disco, '<a style=\"color: #000000\" title=\"Freaky Styley\" href=\"http:\/\/www.todomusica.org\/red_hot_chili_peppers\/disco_freaky_styley.shtml\">Freaky Styley<\/a>', con nuevo productor. En esta ocasi\u00f3n la suerte s\u00ed los sonri\u00f3 y se hicieron un espacio en el panorama musical en los Estados Unidos.<\/span><\/p>\n<p><span style=\"color: #000000\">Un nuevo cambio se gesta en los Red Hot Chili Peppers. Jack Irons regresa y sustituye a Cliff Mart\u00ednez, volviendo a los or\u00edgenes del grupo. Pero algo hab\u00eda cambiado. Los problemas de adicci\u00f3n a las drogas de Slovak empezaban a hacer mella en la calidad del grupo en sus actuaciones.<\/span><\/p>\n<p><span style=\"color: #000000\">Con su disco siguiente consiguen superar el list\u00f3n de ventas: '<a style=\"color: #000000\" title=\"The Uplift Mofo Party Plan\" href=\"http:\/\/www.todomusica.org\/red_hot_chili_peppers\/disco_the_uplift_mofo_party_plan.shtml\">The Uplift Mofo Party Plan<\/a>'. Despu\u00e9s de la gira del disco, Slovak muere de una sobredosis, y aquello parec\u00eda el fin de la banda.<\/span><br \/>\n<span style=\"color: #000000\">En 1989 el grupo resurgi\u00f3 con nuevos nombres: se ini\u00f3 John Frusciante como guitarrista y Chad Smith en la bater\u00eda. Junto a Flea y Keidis, ya estaban de nuevo en marcha.<\/span><\/p>\n<p><span style=\"color: #000000\">Ese mismo a\u00f1o publicaron un nuevo disco, '<a style=\"color: #000000\" title=\"Mothers Milk\" href=\"http:\/\/www.todomusica.org\/red_hot_chili_peppers\/disco_mother_s_milk.shtml\">Mothers Milk<\/a>', considerado como uno de sus mejores trabajos. Realizaron una gira por todo el mundo que result\u00f3 un gran espect\u00e1culo.<\/span><\/p>\n<p><span style=\"color: #000000\">Dos a\u00f1os despu\u00e9s publican '<a style=\"color: #000000\" title=\"Blood Sugar Sex and Magic\" href=\"http:\/\/www.todomusica.org\/red_hot_chili_peppers\/disco_blood_sugar_sex_magik.shtml\">Blood Sugar Sex and Magic<\/a>' y en 1995 '<a style=\"color: #000000\" title=\"One Hot Minute\" href=\"http:\/\/www.todomusica.org\/red_hot_chili_peppers\/disco_one_hot_minute.shtml\">One Hot Minute<\/a>'.<\/span><\/p>\n<p><span style=\"color: #000000\">En 1999 batieron todos sus registros con el \u00e1lbum titulado '<a style=\"color: #000000\" title=\"Californication\" href=\"http:\/\/www.todomusica.org\/red_hot_chili_peppers\/disco_californication.shtml\">Californication<\/a>', uno de sus mejores trabajos. Y por fin, Tras una larga espera de tres a\u00f1os lleg\u00f3 el lanzamiento de <a style=\"color: #000000\" title=\"By the way\" href=\"http:\/\/www.todomusica.org\/red_hot_chili_peppers\/disco_by_the_way.shtml\">By the way<\/a> con 16 canciones repletas de coros pegajosos y notas punzantes.<\/span><\/p>\n<p><img loading=\"lazy\" decoding=\"async\" class=\" wp-image-99\" src=\"http:\/\/blog.espol.edu.ec\/jicornej\/files\/2016\/11\/red-hot-chili-peppers-300x200.jpg\" alt=\"UNSPECIFIED - UNDATED: In this handout image made available on March 1, 2007 by MTV, members of the band Red Hot Chilli Peppers poses for a portrait shoot. Red Hot Chilli Peppers were announced as one of the nominees for the MTV Australia Video Music Awards 2007, which take place in Sydney on April 29 at the Acer Arena.  (Handout Photo by MTV\/Getty Images)\" width=\"470\" height=\"313\" srcset=\"https:\/\/blog.espol.edu.ec\/jicornej\/files\/2016\/11\/red-hot-chili-peppers-300x200.jpg 300w, https:\/\/blog.espol.edu.ec\/jicornej\/files\/2016\/11\/red-hot-chili-peppers.jpg 625w\" sizes=\"auto, (max-width: 470px) 100vw, 470px\" \/><\/p>\n<form id=\"vozme_form_46a0991efcfdd2d1e51a8feacba69205\" method=\"post\" name=\"vozme_form_46a0991efcfdd2d1e51a8feacba69205\" target=\"46a0991efcfdd2d1e51a8feacba69205\" action=\"http:\/\/vozme.com\/text2voice.php\"><input name=\"text\" type=\"hidden\" value=\"Red hot chilli pepers.. La historia musical de los Red Hot Chili Pepperscomienza en en Los Angeles, en 1982, cuando varios amigos se unen para formar una banda y tocar en locales nocturnos. Los cuatro amigos eran: Michael Balzary (Flea), en el bajo, Hillel Slovak (guitarra), Jack \nIrons (bater\u00eda) y Anthony Keidis como vocalista.\nSu primer gran show fue en un concierto, donde para llamar la atenci\u00f3n se desnudaron para actuar, lo que les dio una tremenda publicidad en Los Angeles y les vali\u00f3 para firmar un contrato con una gran discogr\u00e1fica.\nIrons y Slovak dejan el grupo para dedicarse a otros trabajos y son sustitu\u00eddos por Cliff Mart\u00ednez y Jack Sherman, y en 1984 publican su primer \u00e1lbum, &quot;The Red Hot Chili Peppers&quot;, que no tuvo demasiado \u00e9xito.\nTras este peque\u00f1o fracaso, Slovak vuelve al grupo en sustituci\u00f3n de Sherman y se dedican a promocionarse a trav\u00e9s de conciertos, antes de editar su segundo disco, &quot;Freaky Styley&quot;, con nuevo productor. En esta ocasi\u00f3n la suerte s\u00ed los sonri\u00f3 y se hicieron un espacio en el panorama musical en los Estados Unidos.\nUn nuevo cambio se gesta en los Red Hot Chili Peppers. Jack Irons regresa y sustituye a Cliff Mart\u00ednez, volviendo a los or\u00edgenes del grupo. Pero algo hab\u00eda cambiado. Los problemas de adicci\u00f3n a las drogas de Slovak empezaban a hacer mella en la calidad del grupo en sus actuaciones.\nCon su disco siguiente consiguen superar el list\u00f3n de ventas: &quot;The Uplift Mofo Party Plan&quot;. Despu\u00e9s de la gira del disco, Slovak muere de una sobredosis, y aquello parec\u00eda el fin de la banda.\nEn 1989 el grupo resurgi\u00f3 con nuevos nombres: se ini\u00f3 John Frusciante como guitarrista y Chad Smith en la bater\u00eda. Junto a Flea y Keidis, ya estaban de nuevo en marcha.\nEse mismo a\u00f1o publicaron un nuevo disco, &quot;Mothers Milk&quot;, considerado como uno de sus mejores trabajos. Realizaron una gira por todo el mundo que result\u00f3 un gran espect\u00e1culo.\nDos a\u00f1os despu\u00e9s publican &quot;Blood Sugar Sex and Magic&quot; y en 1995 &quot;One Hot Minute&quot;.\nEn 1999 batieron todos sus registros con el \u00e1lbum titulado &quot;Californication&quot;, uno de sus mejores trabajos. Y por fin, Tras una larga espera de tres a\u00f1os lleg\u00f3 el lanzamiento de By the way con 16 canciones repletas de coros pegajosos y notas punzantes.\n\n\" \/><input name=\"lang\" type=\"hidden\" value=\"es\" \/><input name=\"gn\" type=\"hidden\" value=\"fm\" \/><input type=\"hidden\" id=\"interface\" name=\"interface\" value=\"full\" \/>\n\t\t\t<div style=\"margin-left:40%;\">\n\t\t\t\n\t\t\t\t<input style=\"float:left;\" type=\"image\" width=\"40\" height=\"40\" src=\"http:\/\/blog.espol.edu.ec\/jicornej\/wp-content\/plugins\/vozme\/img\/megaphone40x40w.gif\" alt=\"Escucha este post\" onclick=\"window.open('', '46a0991efcfdd2d1e51a8feacba69205', 'width=600,height=370,scrollbars=yes,location=yes,menubar=yes,resizable=yes,status=yes,toolbar=yes');\">\n\t\t\t\t<div style=\"margin-left:48px; text-align:left;\"><a style=\"font-size:12px;\" href=\"javascript:void(0);\" onclick=\"window.open('', '46a0991efcfdd2d1e51a8feacba69205', 'width=600,height=370,scrollbars=yes,location=yes,menubar=yes,resizable=yes,status=yes,toolbar=yes'); document.getElementById('vozme_form_46a0991efcfdd2d1e51a8feacba69205').submit();\">Escucha<br\/>este post<\/a><\/div>\n\t\t\t<\/div><\/form>","protected":false},"excerpt":{"rendered":"<p>La historia musical de los Red Hot Chili Pepperscomienza en en Los Angeles, en 1982, cuando varios amigos se unen para formar una banda y tocar en locales nocturnos. Los cuatro amigos eran: Michael Balzary (Flea), en el bajo, Hillel &hellip; <a href=\"https:\/\/blog.espol.edu.ec\/jicornej\/red-hot-chilli-pepers\/\">Sigue leyendo <span class=\"meta-nav\">&rarr;<\/span><\/a><\/p>\n","protected":false},"author":10716,"featured_media":0,"parent":0,"menu_order":0,"comment_status":"closed","ping_status":"closed","template":"","meta":{"footnotes":""},"class_list":["post-98","page","type-page","status-publish","hentry"],"_links":{"self":[{"href":"https:\/\/blog.espol.edu.ec\/jicornej\/wp-json\/wp\/v2\/pages\/98","targetHints":{"allow":["GET"]}}],"collection":[{"href":"https:\/\/blog.espol.edu.ec\/jicornej\/wp-json\/wp\/v2\/pages"}],"about":[{"href":"https:\/\/blog.espol.edu.ec\/jicornej\/wp-json\/wp\/v2\/types\/page"}],"author":[{"embeddable":true,"href":"https:\/\/blog.espol.edu.ec\/jicornej\/wp-json\/wp\/v2\/users\/10716"}],"replies":[{"embeddable":true,"href":"https:\/\/blog.espol.edu.ec\/jicornej\/wp-json\/wp\/v2\/comments?post=98"}],"version-history":[{"count":1,"href":"https:\/\/blog.espol.edu.ec\/jicornej\/wp-json\/wp\/v2\/pages\/98\/revisions"}],"predecessor-version":[{"id":101,"href":"https:\/\/blog.espol.edu.ec\/jicornej\/wp-json\/wp\/v2\/pages\/98\/revisions\/101"}],"wp:attachment":[{"href":"https:\/\/blog.espol.edu.ec\/jicornej\/wp-json\/wp\/v2\/media?parent=98"}],"curies":[{"name":"wp","href":"https:\/\/api.w.org\/{rel}","templated":true}]}}