{"id":128,"date":"2022-03-17T02:22:13","date_gmt":"2022-03-17T07:22:13","guid":{"rendered":"http:\/\/blog.espol.edu.ec\/jjlainez\/?page_id=128"},"modified":"2022-03-17T02:22:14","modified_gmt":"2022-03-17T07:22:14","slug":"desarrollo","status":"publish","type":"page","link":"https:\/\/blog.espol.edu.ec\/jjlainez\/desarrollo\/","title":{"rendered":"Desarrollo"},"content":{"rendered":"<div id=\"pl-128\"  class=\"panel-layout\" ><div id=\"pg-128-0\"  class=\"panel-grid panel-no-style\" ><div id=\"pgc-128-0-0\"  class=\"panel-grid-cell\" ><div id=\"panel-128-0-0-0\" class=\"so-panel widget widget_nav_menu panel-first-child panel-last-child\" data-index=\"0\" ><div class=\"menu-menu-1-container\"><ul id=\"menu-menu-1\" class=\"menu\"><li id=\"menu-item-126\" class=\"menu-item menu-item-type-post_type menu-item-object-page menu-item-home menu-item-126\"><a href=\"https:\/\/blog.espol.edu.ec\/jjlainez\/\">Hoja de Vida<\/a><\/li>\n<li id=\"menu-item-184\" class=\"menu-item menu-item-type-post_type menu-item-object-page menu-item-184\"><a href=\"https:\/\/blog.espol.edu.ec\/jjlainez\/desarrollo\/\">Desarrollo<\/a><\/li>\n<li id=\"menu-item-112\" class=\"menu-item menu-item-type-custom menu-item-object-custom menu-item-home menu-item-112\"><a href=\"http:\/\/blog.espol.edu.ec\/jjlainez\/\">Inicio<\/a><\/li>\n<li id=\"menu-item-113\" class=\"menu-item menu-item-type-post_type menu-item-object-page menu-item-113\"><a href=\"https:\/\/blog.espol.edu.ec\/jjlainez\/appsalug\/\">AppSalug<\/a><\/li>\n<li id=\"menu-item-114\" class=\"menu-item menu-item-type-post_type menu-item-object-page menu-item-114\"><a href=\"https:\/\/blog.espol.edu.ec\/jjlainez\/articulos\/\">Art\u00edculos<\/a><\/li>\n<li id=\"menu-item-115\" class=\"menu-item menu-item-type-post_type menu-item-object-page menu-item-115\"><a href=\"https:\/\/blog.espol.edu.ec\/jjlainez\/automatizacion\/\">Automatizaci\u00f3n Industrial<\/a><\/li>\n<li id=\"menu-item-116\" class=\"menu-item menu-item-type-post_type menu-item-object-page menu-item-116\"><a href=\"https:\/\/blog.espol.edu.ec\/jjlainez\/electricidad\/\">Electricidad<\/a><\/li>\n<li id=\"menu-item-117\" class=\"menu-item menu-item-type-post_type menu-item-object-page menu-item-117\"><a href=\"https:\/\/blog.espol.edu.ec\/jjlainez\/electrotecnia\/\">Electrotecnia<\/a><\/li>\n<li id=\"menu-item-118\" class=\"menu-item menu-item-type-post_type menu-item-object-page menu-item-home menu-item-118\"><a href=\"https:\/\/blog.espol.edu.ec\/jjlainez\/\">Hoja de Vida<\/a><\/li>\n<li id=\"menu-item-119\" class=\"menu-item menu-item-type-post_type menu-item-object-page menu-item-119\"><a href=\"https:\/\/blog.espol.edu.ec\/jjlainez\/matematicas\/\">Matem\u00e1ticas<\/a><\/li>\n<li id=\"menu-item-120\" class=\"menu-item menu-item-type-post_type menu-item-object-page menu-item-120\"><a href=\"https:\/\/blog.espol.edu.ec\/jjlainez\/appsalug\/\">AppSalug<\/a><\/li>\n<li id=\"menu-item-121\" class=\"menu-item menu-item-type-post_type menu-item-object-page menu-item-121\"><a href=\"https:\/\/blog.espol.edu.ec\/jjlainez\/articulos\/\">Art\u00edculos<\/a><\/li>\n<li id=\"menu-item-122\" class=\"menu-item menu-item-type-post_type menu-item-object-page menu-item-122\"><a href=\"https:\/\/blog.espol.edu.ec\/jjlainez\/electrotecnia\/\">Electrotecnia<\/a><\/li>\n<li id=\"menu-item-123\" class=\"menu-item menu-item-type-post_type menu-item-object-page menu-item-123\"><a href=\"https:\/\/blog.espol.edu.ec\/jjlainez\/matematicas\/\">Matem\u00e1ticas<\/a><\/li>\n<li id=\"menu-item-124\" class=\"menu-item menu-item-type-post_type menu-item-object-page menu-item-124\"><a href=\"https:\/\/blog.espol.edu.ec\/jjlainez\/electricidad\/\">Electricidad<\/a><\/li>\n<li id=\"menu-item-125\" class=\"menu-item menu-item-type-post_type menu-item-object-page menu-item-125\"><a href=\"https:\/\/blog.espol.edu.ec\/jjlainez\/automatizacion\/\">Automatizaci\u00f3n Industrial<\/a><\/li>\n<li id=\"menu-item-194\" class=\"menu-item menu-item-type-post_type menu-item-object-page menu-item-194\"><a href=\"https:\/\/blog.espol.edu.ec\/jjlainez\/actividades\/\">Actividades de Proyectos de Investigacion<\/a><\/li>\n<\/ul><\/div><\/div><\/div><\/div><div id=\"pg-128-1\"  class=\"panel-grid panel-no-style\" ><div id=\"pgc-128-1-0\"  class=\"panel-grid-cell panel-grid-cell-empty panel-grid-cell-mobile-last\" ><\/div><div id=\"pgc-128-1-1\"  class=\"panel-grid-cell panel-grid-cell-empty\" ><\/div><\/div><\/div>","protected":false},"excerpt":{"rendered":"<p>Hoja de Vida Desarrollo Inicio AppSalug Art\u00edculos Automatizaci\u00f3n Industrial Electricidad Electrotecnia Hoja de Vida Matem\u00e1ticas AppSalug Art\u00edculos Electrotecnia Matem\u00e1ticas Electricidad Automatizaci\u00f3n Industrial Actividades de Proyectos de Investigacion<\/p>\n","protected":false},"author":11236,"featured_media":0,"parent":0,"menu_order":0,"comment_status":"closed","ping_status":"closed","template":"","meta":{"footnotes":""},"class_list":["post-128","page","type-page","status-publish","hentry"],"_links":{"self":[{"href":"https:\/\/blog.espol.edu.ec\/jjlainez\/wp-json\/wp\/v2\/pages\/128","targetHints":{"allow":["GET"]}}],"collection":[{"href":"https:\/\/blog.espol.edu.ec\/jjlainez\/wp-json\/wp\/v2\/pages"}],"about":[{"href":"https:\/\/blog.espol.edu.ec\/jjlainez\/wp-json\/wp\/v2\/types\/page"}],"author":[{"embeddable":true,"href":"https:\/\/blog.espol.edu.ec\/jjlainez\/wp-json\/wp\/v2\/users\/11236"}],"replies":[{"embeddable":true,"href":"https:\/\/blog.espol.edu.ec\/jjlainez\/wp-json\/wp\/v2\/comments?post=128"}],"version-history":[{"count":1,"href":"https:\/\/blog.espol.edu.ec\/jjlainez\/wp-json\/wp\/v2\/pages\/128\/revisions"}],"predecessor-version":[{"id":129,"href":"https:\/\/blog.espol.edu.ec\/jjlainez\/wp-json\/wp\/v2\/pages\/128\/revisions\/129"}],"wp:attachment":[{"href":"https:\/\/blog.espol.edu.ec\/jjlainez\/wp-json\/wp\/v2\/media?parent=128"}],"curies":[{"name":"wp","href":"https:\/\/api.w.org\/{rel}","templated":true}]}}