{"id":349,"date":"2022-07-01T16:21:06","date_gmt":"2022-07-01T21:21:06","guid":{"rendered":"http:\/\/blog.espol.edu.ec\/jjlainez\/?page_id=349"},"modified":"2022-07-01T16:21:06","modified_gmt":"2022-07-01T21:21:06","slug":"cvv-calculo-de-varias-variables","status":"publish","type":"page","link":"https:\/\/blog.espol.edu.ec\/jjlainez\/cvv-calculo-de-varias-variables\/","title":{"rendered":"CVV. Calculo de Varias Variables"},"content":{"rendered":"<p>UNIDAD 1 : GEOMETR\u00cdA ANAL\u00cdTICA<\/p>\n<p>1.1. Ecuaciones de la Recta.<\/p>\n<p>1.2. Ecuacio\u0301n del plano.<\/p>\n<p>1.3. Cilindros y superficies Cuadra\u0301ticas.<\/p>\n<p>1.4. Superficies Cil\u00edndricas.<\/p>\n<p>1.5. Superficies de Revoluci\u00f3n.<\/p>\n<p>1.6. Coordenadas Cil\u00edndricas y esf\u00e9ricas.<\/p>\n<p>UNIDAD 2 : DIFERENCIACION DE VARIAS VARIABLES<\/p>\n<p>2.1. Li\u0301mites y Continuidad.<\/p>\n<p>2.2. Derivadas Parciales.<\/p>\n<p>2.3. Derivadas direccionales y Vector Gradiente.<\/p>\n<p>2.4. Derivadas Impli\u0301citas.<\/p>\n<p>2.5. Diferenciabilidad.<\/p>\n<p>UNIDAD 3 : INTEGRALES DE LINEA Y MULTIPLE<\/p>\n<p>3.1. Integrales de li\u0301nea.<\/p>\n<p>3.2. Integrales dobles.<\/p>\n<p>3.3. Parametrizacio\u0301n de curvas y superficies para aplicaciones con integrales dobles.<\/p>\n<p>3.4. Aplicaciones de las integrales dobles al ca\u0301lculo de a\u0301reas, volumen. Momento y centro de masa<\/p>\n<p>3.5. Integrales triples.<\/p>\n<p>3.6. Parametrizaci\u00f3n de curvas y superficies para aplicaciones con integrales triples.<\/p>\n<p>3.7. Aplicaciones de las integrales triples al c\u00e1lculo de volumen. Momento y centro de masa.<\/p>\n<p>UNIDAD 4: INTEGRALES DE SUPERFICIE Y TEORIA VECTORIAL<\/p>\n<p>4.1. Integral de superficies escalar vectorial orientada.<\/p>\n<p>4.2. Teorema de Stokes.<\/p>\n<p>4.3. Teorema de Gauss.<\/p>\n<p>&nbsp;<\/p>\n<p>&nbsp;<\/p>\n","protected":false},"excerpt":{"rendered":"<p>UNIDAD 1 : GEOMETR\u00cdA ANAL\u00cdTICA 1.1. Ecuaciones de la Recta. 1.2. Ecuacio\u0301n del plano. 1.3. Cilindros y superficies Cuadra\u0301ticas. 1.4. Superficies Cil\u00edndricas. 1.5. Superficies de Revoluci\u00f3n. 1.6. Coordenadas Cil\u00edndricas y esf\u00e9ricas. UNIDAD 2 : DIFERENCIACION DE VARIAS VARIABLES 2.1. Li\u0301mites y Continuidad. 2.2. Derivadas Parciales. 2.3. Derivadas direccionales y Vector Gradiente. 2.4. Derivadas Impli\u0301citas. 2.5. [&hellip;]<\/p>\n","protected":false},"author":11236,"featured_media":0,"parent":0,"menu_order":0,"comment_status":"closed","ping_status":"closed","template":"","meta":{"footnotes":""},"class_list":["post-349","page","type-page","status-publish","hentry"],"_links":{"self":[{"href":"https:\/\/blog.espol.edu.ec\/jjlainez\/wp-json\/wp\/v2\/pages\/349","targetHints":{"allow":["GET"]}}],"collection":[{"href":"https:\/\/blog.espol.edu.ec\/jjlainez\/wp-json\/wp\/v2\/pages"}],"about":[{"href":"https:\/\/blog.espol.edu.ec\/jjlainez\/wp-json\/wp\/v2\/types\/page"}],"author":[{"embeddable":true,"href":"https:\/\/blog.espol.edu.ec\/jjlainez\/wp-json\/wp\/v2\/users\/11236"}],"replies":[{"embeddable":true,"href":"https:\/\/blog.espol.edu.ec\/jjlainez\/wp-json\/wp\/v2\/comments?post=349"}],"version-history":[{"count":1,"href":"https:\/\/blog.espol.edu.ec\/jjlainez\/wp-json\/wp\/v2\/pages\/349\/revisions"}],"predecessor-version":[{"id":355,"href":"https:\/\/blog.espol.edu.ec\/jjlainez\/wp-json\/wp\/v2\/pages\/349\/revisions\/355"}],"wp:attachment":[{"href":"https:\/\/blog.espol.edu.ec\/jjlainez\/wp-json\/wp\/v2\/media?parent=349"}],"curies":[{"name":"wp","href":"https:\/\/api.w.org\/{rel}","templated":true}]}}