{"id":21,"date":"2014-10-31T20:00:15","date_gmt":"2014-10-31T20:00:15","guid":{"rendered":"http:\/\/blog.espol.edu.ec\/joalbast\/?page_id=21"},"modified":"2014-11-11T03:09:22","modified_gmt":"2014-11-11T03:09:22","slug":"mi-primer-hipervinculo","status":"publish","type":"page","link":"https:\/\/blog.espol.edu.ec\/joalbast\/mi-primer-hipervinculo\/","title":{"rendered":"Servicios"},"content":{"rendered":"<p><strong>Delfor Security C.Ltda<\/strong> ofrece diferentes servicios como:<\/p>\n<ul>\n<li><strong>Vigilancia Fija <\/strong><\/li>\n<li><strong>Vigilancia M\u00f3vil Interna <\/strong><\/li>\n<li><strong>Custodia M\u00f3vil <\/strong><\/li>\n<li><strong>Protecci\u00f3n VIP <\/strong><\/li>\n<li><strong>Seguridad Electr\u00f3nica<\/strong><\/li>\n<\/ul>\n","protected":false},"excerpt":{"rendered":"<p>Delfor Security C.Ltda ofrece diferentes servicios como: Vigilancia Fija Vigilancia M\u00f3vil Interna Custodia M\u00f3vil Protecci\u00f3n VIP Seguridad Electr\u00f3nica<\/p>\n","protected":false},"author":9403,"featured_media":0,"parent":0,"menu_order":0,"comment_status":"open","ping_status":"open","template":"template-twocolumnsleft.php","meta":{"footnotes":""},"class_list":["post-21","page","type-page","status-publish","hentry","nodate","item-wrap"],"_links":{"self":[{"href":"https:\/\/blog.espol.edu.ec\/joalbast\/wp-json\/wp\/v2\/pages\/21","targetHints":{"allow":["GET"]}}],"collection":[{"href":"https:\/\/blog.espol.edu.ec\/joalbast\/wp-json\/wp\/v2\/pages"}],"about":[{"href":"https:\/\/blog.espol.edu.ec\/joalbast\/wp-json\/wp\/v2\/types\/page"}],"author":[{"embeddable":true,"href":"https:\/\/blog.espol.edu.ec\/joalbast\/wp-json\/wp\/v2\/users\/9403"}],"replies":[{"embeddable":true,"href":"https:\/\/blog.espol.edu.ec\/joalbast\/wp-json\/wp\/v2\/comments?post=21"}],"version-history":[{"count":4,"href":"https:\/\/blog.espol.edu.ec\/joalbast\/wp-json\/wp\/v2\/pages\/21\/revisions"}],"predecessor-version":[{"id":107,"href":"https:\/\/blog.espol.edu.ec\/joalbast\/wp-json\/wp\/v2\/pages\/21\/revisions\/107"}],"wp:attachment":[{"href":"https:\/\/blog.espol.edu.ec\/joalbast\/wp-json\/wp\/v2\/media?parent=21"}],"curies":[{"name":"wp","href":"https:\/\/api.w.org\/{rel}","templated":true}]}}