{"id":95,"date":"2014-11-11T02:17:57","date_gmt":"2014-11-11T02:17:57","guid":{"rendered":"http:\/\/blog.espol.edu.ec\/joalbast\/?page_id=95"},"modified":"2014-11-11T04:04:22","modified_gmt":"2014-11-11T04:04:22","slug":"seguridad-electronica","status":"publish","type":"page","link":"https:\/\/blog.espol.edu.ec\/joalbast\/seguridad-electronica\/","title":{"rendered":"Seguridad Electr\u00f3nica"},"content":{"rendered":"<p>Se refiere a equipos y medios tecnol\u00f3gicos (Controles de acceso, Alarmas, Sensores, Centrales de Monitoreo, <a title=\"CCTV\" href=\"http:\/\/es.wikipedia.org\/wiki\/Circuito_cerrado_de_televisi%C3%B3n\" target=\"_blank\">CCTV<\/a>, Sirenas, Luces de Seguridad, cerco el\u00e9ctrico, entre otros).\u00a0 La importancia e implementaci\u00f3n de la seguridad electr\u00f3nica es la parte complementaria de la seguridad f\u00edsica, convirti\u00e9ndola en una seguridad integral.<\/p>\n<p style=\"text-align: center\"><a href=\"http:\/\/blog.espol.edu.ec\/joalbast\/files\/2014\/11\/Screenshot_11.jpg\"><img loading=\"lazy\" decoding=\"async\" class=\"alignnone size-medium wp-image-87\" src=\"http:\/\/blog.espol.edu.ec\/joalbast\/files\/2014\/11\/Screenshot_11-262x300.jpg\" alt=\"Screenshot_11\" width=\"262\" height=\"300\" srcset=\"https:\/\/blog.espol.edu.ec\/joalbast\/files\/2014\/11\/Screenshot_11-262x300.jpg 262w, https:\/\/blog.espol.edu.ec\/joalbast\/files\/2014\/11\/Screenshot_11.jpg 333w\" sizes=\"auto, (max-width: 262px) 100vw, 262px\" \/><\/a><\/p>\n","protected":false},"excerpt":{"rendered":"<p>Se refiere a equipos y medios tecnol\u00f3gicos (Controles de acceso, Alarmas, Sensores, Centrales de Monitoreo, CCTV, Sirenas, Luces de Seguridad, cerco el\u00e9ctrico, entre otros).\u00a0 La importancia e implementaci\u00f3n de la seguridad electr\u00f3nica es la parte complementaria de la seguridad f\u00edsica, convirti\u00e9ndola en una seguridad integral.<\/p>\n","protected":false},"author":9403,"featured_media":0,"parent":0,"menu_order":0,"comment_status":"open","ping_status":"open","template":"","meta":{"footnotes":""},"class_list":["post-95","page","type-page","status-publish","hentry","nodate","item-wrap"],"_links":{"self":[{"href":"https:\/\/blog.espol.edu.ec\/joalbast\/wp-json\/wp\/v2\/pages\/95","targetHints":{"allow":["GET"]}}],"collection":[{"href":"https:\/\/blog.espol.edu.ec\/joalbast\/wp-json\/wp\/v2\/pages"}],"about":[{"href":"https:\/\/blog.espol.edu.ec\/joalbast\/wp-json\/wp\/v2\/types\/page"}],"author":[{"embeddable":true,"href":"https:\/\/blog.espol.edu.ec\/joalbast\/wp-json\/wp\/v2\/users\/9403"}],"replies":[{"embeddable":true,"href":"https:\/\/blog.espol.edu.ec\/joalbast\/wp-json\/wp\/v2\/comments?post=95"}],"version-history":[{"count":3,"href":"https:\/\/blog.espol.edu.ec\/joalbast\/wp-json\/wp\/v2\/pages\/95\/revisions"}],"predecessor-version":[{"id":115,"href":"https:\/\/blog.espol.edu.ec\/joalbast\/wp-json\/wp\/v2\/pages\/95\/revisions\/115"}],"wp:attachment":[{"href":"https:\/\/blog.espol.edu.ec\/joalbast\/wp-json\/wp\/v2\/media?parent=95"}],"curies":[{"name":"wp","href":"https:\/\/api.w.org\/{rel}","templated":true}]}}