{"id":25,"date":"2015-06-30T06:04:02","date_gmt":"2015-06-30T06:04:02","guid":{"rendered":"http:\/\/blog.espol.edu.ec\/joanloor\/?page_id=25"},"modified":"2015-06-30T06:04:02","modified_gmt":"2015-06-30T06:04:02","slug":"estuarios-contaminados","status":"publish","type":"page","link":"https:\/\/blog.espol.edu.ec\/joanloor\/estuarios-contaminados\/","title":{"rendered":"Estuarios contaminados"},"content":{"rendered":"<h1>Estuario del r\u00edo Chone, en riesgo<\/h1>\n<p>Mi\u00e9rcoles 26 Agosto 2009 | 20:40<\/p>\n<div class=\"txt-post-area\">\n<div class=\"txt-post-block\">\n<p style=\"text-align: center\">La alarma est\u00e1 activada. El estuario del r\u00edo Chone est\u00e1 en serio peligro por el deterioro de sus condiciones naturales d<a href=\"http:\/\/blog.espol.edu.ec\/joanloor\/files\/2015\/06\/mana_sanvicente_mapa.jpg\"><img loading=\"lazy\" decoding=\"async\" class=\" size-medium wp-image-29 alignleft\" src=\"http:\/\/blog.espol.edu.ec\/joanloor\/files\/2015\/06\/mana_sanvicente_mapa-300x271.jpg\" alt=\"mana_sanvicente_mapa\" width=\"300\" height=\"271\" srcset=\"https:\/\/blog.espol.edu.ec\/joanloor\/files\/2015\/06\/mana_sanvicente_mapa-300x271.jpg 300w, https:\/\/blog.espol.edu.ec\/joanloor\/files\/2015\/06\/mana_sanvicente_mapa.jpg 354w\" sizes=\"auto, (max-width: 300px) 100vw, 300px\" \/><\/a>urante d\u00e9cadas.<\/p>\n<p>El estuario es el sitio donde la desembocadura del r\u00edo Chone se abre a un ecosistema marino, que est\u00e1 en peligro de desaparecer debido a la sedimentaci\u00f3n provocada por distintos efectos. Este espacio es extremadamente valioso desde el punto de vista ecol\u00f3gico y econ\u00f3mico. Sirve como medio de subsistencia para miles de familias que se dedican a la pesca de conchas, camarones y peces. Ecosistemas en riesgo En la cuenca h\u00eddrica del r\u00edo Chone se encuentran espacios de bosque h\u00famedo de la costa, bosque seco occidental, humedales y manglar. Aves migratorias y otras especies utilizan al estuario como su h\u00e1bitat. El manglar es un refugio ideal para crust\u00e1ceos, peces y moluscos. Pero esta \u00e1rea est\u00e1 en peligro por muchos factores externos, especialmente por la sedimentaci\u00f3n. Seg\u00fan un estudio realizado por la empresa Ecobiotec, dirigido por Segundo Coello, el estuario est\u00e1 contaminado con metales t\u00f3xicos como plomo, cadmio y mercurio. Esta presencia puede estar asociada a procesos normales. El estudio se\u00f1ala que las condiciones en el estuario interior han cambiado y ahora funciona b\u00e1sicamente como un r\u00edo. Recibe un flujo controlado de agua dulce durante el verano, por la instalaci\u00f3n de una presa en el sitio Simbocal, algo que no ocurr\u00eda desde hace casi 50 a\u00f1os, cuando se instal\u00f3 la primera presa de marea. Esto, a su vez, ha ocasionado una sucesi\u00f3n ecol\u00f3gica que se manifiesta con el cambio de especies de manglar que, a su vez, ha aumentado la cobertura. A partir de la d\u00e9cada de 1960 se evidencian cambios por el uso del estuario. La instalaci\u00f3n de camaroneras conllev\u00f3 a la deforestaci\u00f3n de los manglares. Los aportes de sedimentos aumentaron, con lo que se inici\u00f3 un acelerado proceso sedimentario de la parte interna del estuario. Esto, a su vez, afect\u00f3 a la navegabilidad. En la parte externa se engrosaron las riberas, que despu\u00e9s fueron urbanizadas. El Ni\u00f1o El fen\u00f3meno El Ni\u00f1o tambi\u00e9n influy\u00f3 en la forma del estuario. Contribuy\u00f3 a sedimentar la cabecera y erosionar la desembocadura en el mar. El informe de Ecobiotec cita que durante El Ni\u00f1o el <a href=\"http:\/\/blog.espol.edu.ec\/joanloor\/files\/2015\/06\/20._descargas-de-agua-camaronera-al-mangle_0.jpg\"><img loading=\"lazy\" decoding=\"async\" class=\" size-medium wp-image-27 alignright\" src=\"http:\/\/blog.espol.edu.ec\/joanloor\/files\/2015\/06\/20._descargas-de-agua-camaronera-al-mangle_0-300x202.jpg\" alt=\"20._descargas-de-agua-camaronera-al-mangle_0\" width=\"300\" height=\"202\" srcset=\"https:\/\/blog.espol.edu.ec\/joanloor\/files\/2015\/06\/20._descargas-de-agua-camaronera-al-mangle_0-300x202.jpg 300w, https:\/\/blog.espol.edu.ec\/joanloor\/files\/2015\/06\/20._descargas-de-agua-camaronera-al-mangle_0.jpg 610w\" sizes=\"auto, (max-width: 300px) 100vw, 300px\" \/><\/a>nivel del mar se incrementa y las olas rompen m\u00e1s adentro de lo acostumbrado, lo cual provoca erosi\u00f3n durante las marejadas; con aumento de las lluvias se erosionan los acantilados, y se socavan, tambi\u00e9n, las laderas que bordean el estuario. Los bajos que se forman se llenan de \u00e1rboles de manglar. El a\u00f1o anterior, seg\u00fan el Plan Integral de Gesti\u00f3n Socio Ambiental (PIGSA), se identificaron 73,76 hect\u00e1reas reforestables, la mayor\u00eda de ellas (43,56 ha) en bajos y el resto en camaroneras abandonadas. Se reforestaron 39,04 hect\u00e1reas con mangle rojo en Punta Verde y Punta Bellaca, y un sitio cerca de la isla Coraz\u00f3n. CANALES REDUCIDOS Pablo Meza Ar\u00e1uz, capit\u00e1n de Puerto de Bah\u00eda de Car\u00e1quez, dijo que las condiciones de sedimentaci\u00f3n en las que se encuentra el estuario hacen que se reduzcan los canales de navegaci\u00f3n, lo que obliga a que las gabarras recorran un tramo m\u00e1s largo en busca de espacios entre los bajos para no encallar en los bancos de arena. Esto afecta al tiempo de los usuarios y perjudica tambi\u00e9n a la Capitan\u00eda del Puerto, pues las vueltas de la gabarra tardan m\u00e1s. Eso significa que la gabarra, que aproximadamente demora 40 minutos en ir y venir de la otra orilla, con marea baja se toma m\u00e1s de una hora. Meza remarc\u00f3 que cuando hay aguajes fuertes, se han visto en la obligaci\u00f3n de parar la operaci\u00f3n de la gabarra en marea baja, pues as\u00ed como hay un aumento del caudal de agua, tambi\u00e9n hay un descenso m\u00e1s all\u00e1 de lo normal, lo cual no permite que haya tr\u00e1nsito de la gabarra en el estuario. La gabarra es el \u00fanico medio por el que se puede transportar carga grande y veh\u00edculos.<\/p>\n<\/div>\n<\/div>\n<div class=\"txt-post-block\" style=\"text-align: center\"><span class=\"_5yl5\">Los ecosistemas pueden ser degradados a trav\u00e9s de p\u00e9rdida de h\u00e1bitats, tal como la conversi\u00f3n de un \u00e1rea de yerbas marinas a una isla de material dragado, o por un cambio de degradaci\u00f3n en la estructura, funci\u00f3n o composici\u00f3n. Las amenazas a estos lugares incluyen el cambio de espacios abiertos de tierras y bosques, a desarrollos comerciales y agr\u00edcolas, construcci\u00f3n de carreteras, marinas, represas y canalizaciones.<\/span><\/div>\n","protected":false},"excerpt":{"rendered":"<p>Estuario del r\u00edo Chone, en riesgo Mi\u00e9rcoles 26 Agosto 2009 | 20:40 La alarma est\u00e1 activada. El estuario del r\u00edo Chone est\u00e1 en serio peligro por el deterioro de sus condiciones naturales durante d\u00e9cadas. El estuario es el sitio donde la desembocadura del r\u00edo Chone se abre a un ecosistema marino, que est\u00e1 en peligro [&hellip;]<\/p>\n","protected":false},"author":9795,"featured_media":0,"parent":0,"menu_order":0,"comment_status":"open","ping_status":"open","template":"","meta":{"footnotes":""},"class_list":["post-25","page","type-page","status-publish","hentry"],"_links":{"self":[{"href":"https:\/\/blog.espol.edu.ec\/joanloor\/wp-json\/wp\/v2\/pages\/25","targetHints":{"allow":["GET"]}}],"collection":[{"href":"https:\/\/blog.espol.edu.ec\/joanloor\/wp-json\/wp\/v2\/pages"}],"about":[{"href":"https:\/\/blog.espol.edu.ec\/joanloor\/wp-json\/wp\/v2\/types\/page"}],"author":[{"embeddable":true,"href":"https:\/\/blog.espol.edu.ec\/joanloor\/wp-json\/wp\/v2\/users\/9795"}],"replies":[{"embeddable":true,"href":"https:\/\/blog.espol.edu.ec\/joanloor\/wp-json\/wp\/v2\/comments?post=25"}],"version-history":[{"count":3,"href":"https:\/\/blog.espol.edu.ec\/joanloor\/wp-json\/wp\/v2\/pages\/25\/revisions"}],"predecessor-version":[{"id":31,"href":"https:\/\/blog.espol.edu.ec\/joanloor\/wp-json\/wp\/v2\/pages\/25\/revisions\/31"}],"wp:attachment":[{"href":"https:\/\/blog.espol.edu.ec\/joanloor\/wp-json\/wp\/v2\/media?parent=25"}],"curies":[{"name":"wp","href":"https:\/\/api.w.org\/{rel}","templated":true}]}}