{"id":71,"date":"2012-11-05T01:58:09","date_gmt":"2012-11-05T01:58:09","guid":{"rendered":"http:\/\/blog.espol.edu.ec\/joanpere\/?page_id=71"},"modified":"2012-11-05T02:01:34","modified_gmt":"2012-11-05T02:01:34","slug":"himno-cse","status":"publish","type":"page","link":"https:\/\/blog.espol.edu.ec\/joanpere\/himno-cse\/","title":{"rendered":"HIMNO CSE"},"content":{"rendered":"<p><a href=\"http:\/\/www.emelec.com.ec\/mp3\/himno_club_sport_emelec.mp3\">DESCARGAR EL HIMNO<\/a><\/p>\n<p>Letra: Efr\u00e9n Aviles Pino<\/p>\n<p>Los domingos Guayaquil est\u00e1 de fiesta,<br \/>\nlos muchachos est\u00e1n listos a vencer.<br \/>\nEl estadio se ilumina de colores<br \/>\ny se llena con la hinchada de EMELEC.<\/p>\n<p>Los azules tienen garra vencedora,<br \/>\nuna historia escrita en noches de esplendor,<br \/>\nuna hinchada que lo apoya<br \/>\ny que lo sigue con amor<br \/>\ny un equipo destinado a ser campe\u00f3n.<\/p>\n<p>Emelec, Emelec<br \/>\nes el grito que se escucha en el estadio;<br \/>\nEmelec, Emelec<br \/>\nes el grito de mi coraz\u00f3n<br \/>\nEmelec, Emelec<br \/>\nCoraz\u00f3n, fuerza y coraje de Campe\u00f3n<br \/>\nen tu cancha o de visita nadie te puede vencer<br \/>\nEmelec, Emelec.<\/p>\n","protected":false},"excerpt":{"rendered":"<p>DESCARGAR EL HIMNO Letra: Efr\u00e9n Aviles Pino Los domingos Guayaquil est\u00e1 de fiesta, los muchachos est\u00e1n listos a vencer. El estadio se ilumina de colores y se llena con la hinchada de EMELEC. Los azules tienen garra vencedora, una historia escrita en noches de esplendor, una hinchada que lo apoya y que lo sigue con &hellip; <\/p>\n<p><a class=\"more-link btn\" href=\"https:\/\/blog.espol.edu.ec\/joanpere\/himno-cse\/\">Seguir leyendo<\/a><\/p>\n","protected":false},"author":8128,"featured_media":0,"parent":0,"menu_order":0,"comment_status":"open","ping_status":"open","template":"","meta":{"footnotes":""},"class_list":["post-71","page","type-page","status-publish","hentry","nodate","item-wrap"],"_links":{"self":[{"href":"https:\/\/blog.espol.edu.ec\/joanpere\/wp-json\/wp\/v2\/pages\/71","targetHints":{"allow":["GET"]}}],"collection":[{"href":"https:\/\/blog.espol.edu.ec\/joanpere\/wp-json\/wp\/v2\/pages"}],"about":[{"href":"https:\/\/blog.espol.edu.ec\/joanpere\/wp-json\/wp\/v2\/types\/page"}],"author":[{"embeddable":true,"href":"https:\/\/blog.espol.edu.ec\/joanpere\/wp-json\/wp\/v2\/users\/8128"}],"replies":[{"embeddable":true,"href":"https:\/\/blog.espol.edu.ec\/joanpere\/wp-json\/wp\/v2\/comments?post=71"}],"version-history":[{"count":4,"href":"https:\/\/blog.espol.edu.ec\/joanpere\/wp-json\/wp\/v2\/pages\/71\/revisions"}],"predecessor-version":[{"id":74,"href":"https:\/\/blog.espol.edu.ec\/joanpere\/wp-json\/wp\/v2\/pages\/71\/revisions\/74"}],"wp:attachment":[{"href":"https:\/\/blog.espol.edu.ec\/joanpere\/wp-json\/wp\/v2\/media?parent=71"}],"curies":[{"name":"wp","href":"https:\/\/api.w.org\/{rel}","templated":true}]}}