{"id":9,"date":"2012-10-17T13:36:25","date_gmt":"2012-10-17T13:36:25","guid":{"rendered":"http:\/\/blog.espol.edu.ec\/joanpere\/?page_id=9"},"modified":"2012-11-05T01:14:35","modified_gmt":"2012-11-05T01:14:35","slug":"esta-es-mi-primera-pagina","status":"publish","type":"page","link":"https:\/\/blog.espol.edu.ec\/joanpere\/esta-es-mi-primera-pagina\/","title":{"rendered":"ESTADIO GEORGE CAPWELL"},"content":{"rendered":"<p><img loading=\"lazy\" decoding=\"async\" alt=\"\" src=\"http:\/\/www.worldstadiums.com\/stadium_pictures\/south_america\/ecuador\/guayaquil_capwell1.jpg\" class=\"aligncenter\" width=\"300\" height=\"197\" \/><br \/>\nEl Estadio Capwell nace de la iniciativa de don George Lewis Capwell. En diciembre de 1940, la Municipalidad de Guayaquil aprueba el alquiler de cuatro manzanas para la construcci\u00f3n del Estadio del Club Sport Emelec. El 8 de Septiembre de 1942, el cabildo porte\u00f1o resuelve la donaci\u00f3n de tales manzanas y el 15 de Octubre de ese mismo a\u00f1o, el Congreso Nacional del Ecuador aprueba el decreto autorizando a la Municipalidad de Guayaquil la donaci\u00f3n, consolidado el dominio sobre los terrenos. El 24 de Julio de 1943, se coloca la primera piedra de lo que ser\u00eda el Estadio Capwell.<\/p>\n<p>Parad\u00f3jicamente se inaugur\u00f3 con un partido de B\u00e9isbol en aquella etapa del f\u00fatbol rom\u00e1ntico, hace casi 59 a\u00f1os. Para ser mas exactos un s\u00e1bado 21 de octubre de 1945. De all\u00e1 para ac\u00e1, el estadio George Capwell ha tenido algunos cambios de apariencia que no s\u00f3lo le dan la pinta de escenario moderno, es por infraestructura, ubicaci\u00f3n y pasi\u00f3n con la que se vive el f\u00fatbol, uno de los mejores escenarios de Am\u00e9rica para la pr\u00e1ctica del rey de los deportes.<\/p>\n<p>Y si bien el estadio Capwell naci\u00f3 en una etapa rom\u00e1ntica, ese romanticismo no lo ha perdido con el pasar de los a\u00f1os y mas bien los cambios de pinta, le han servido para que el amor entre la hinchada y su equipo crezca como la espuma.<\/p>\n","protected":false},"excerpt":{"rendered":"<p>El Estadio Capwell nace de la iniciativa de don George Lewis Capwell. En diciembre de 1940, la Municipalidad de Guayaquil aprueba el alquiler de cuatro manzanas para la construcci\u00f3n del Estadio del Club Sport Emelec. El 8 de Septiembre de 1942, el cabildo porte\u00f1o resuelve la donaci\u00f3n de tales manzanas y el 15 de Octubre &hellip; <\/p>\n<p><a class=\"more-link btn\" href=\"https:\/\/blog.espol.edu.ec\/joanpere\/esta-es-mi-primera-pagina\/\">Seguir leyendo<\/a><\/p>\n","protected":false},"author":8128,"featured_media":0,"parent":0,"menu_order":0,"comment_status":"open","ping_status":"open","template":"","meta":{"footnotes":""},"class_list":["post-9","page","type-page","status-publish","hentry","nodate","item-wrap"],"_links":{"self":[{"href":"https:\/\/blog.espol.edu.ec\/joanpere\/wp-json\/wp\/v2\/pages\/9","targetHints":{"allow":["GET"]}}],"collection":[{"href":"https:\/\/blog.espol.edu.ec\/joanpere\/wp-json\/wp\/v2\/pages"}],"about":[{"href":"https:\/\/blog.espol.edu.ec\/joanpere\/wp-json\/wp\/v2\/types\/page"}],"author":[{"embeddable":true,"href":"https:\/\/blog.espol.edu.ec\/joanpere\/wp-json\/wp\/v2\/users\/8128"}],"replies":[{"embeddable":true,"href":"https:\/\/blog.espol.edu.ec\/joanpere\/wp-json\/wp\/v2\/comments?post=9"}],"version-history":[{"count":6,"href":"https:\/\/blog.espol.edu.ec\/joanpere\/wp-json\/wp\/v2\/pages\/9\/revisions"}],"predecessor-version":[{"id":51,"href":"https:\/\/blog.espol.edu.ec\/joanpere\/wp-json\/wp\/v2\/pages\/9\/revisions\/51"}],"wp:attachment":[{"href":"https:\/\/blog.espol.edu.ec\/joanpere\/wp-json\/wp\/v2\/media?parent=9"}],"curies":[{"name":"wp","href":"https:\/\/api.w.org\/{rel}","templated":true}]}}