{"id":44,"date":"2010-07-23T22:01:35","date_gmt":"2010-07-23T22:01:35","guid":{"rendered":"http:\/\/blog.espol.edu.ec\/jobebena\/?page_id=44"},"modified":"2010-08-11T04:35:52","modified_gmt":"2010-08-11T04:35:52","slug":"acerca-de-mi","status":"publish","type":"page","link":"https:\/\/blog.espol.edu.ec\/jobebena\/acerca-de-mi\/","title":{"rendered":"Acerca de M\u00ed"},"content":{"rendered":"<h3><a href=\"http:\/\/blog.espol.edu.ec\/jobebena\/files\/2010\/07\/41773_100001134152407_7855_q2.jpg\"><span style=\"color: #b50ef0\"> <\/span><\/a><\/h3>\n<h4 style=\"padding-left: 30px\"><span style=\"color: #b50ef0\">Hola........ !<\/span><\/h4>\n<h4 style=\"padding-left: 30px\"><span style=\"color: #b50ef0\"> <\/span><\/h4>\n<h4 style=\"padding-left: 30px\"><span style=\"color: #b50ef0\"> <\/span><span style=\"color: #ff00ff\">Nombre:<\/span>Joselin Bella Benavidez<a href=\"http:\/\/blog.espol.edu.ec\/jobebena\/files\/2010\/07\/Imagen0392.jpg\"><img loading=\"lazy\" decoding=\"async\" class=\"alignright size-medium wp-image-226\" title=\"Imagen0392\" src=\"http:\/\/blog.espol.edu.ec\/jobebena\/files\/2010\/07\/Imagen0392-225x300.jpg\" alt=\"\" width=\"205\" height=\"274\" srcset=\"https:\/\/blog.espol.edu.ec\/jobebena\/files\/2010\/07\/Imagen0392-225x300.jpg 225w, https:\/\/blog.espol.edu.ec\/jobebena\/files\/2010\/07\/Imagen0392-768x1024.jpg 768w, https:\/\/blog.espol.edu.ec\/jobebena\/files\/2010\/07\/Imagen0392.jpg 1200w\" sizes=\"auto, (max-width: 205px) 100vw, 205px\" \/><\/a><\/h4>\n<h4 style=\"text-align: left;padding-left: 30px\"><span style=\"color: #ffcc00\">Nacionalidad:<\/span>Ecuatoriana<\/h4>\n<h4 style=\"text-align: left;padding-left: 30px\"><span style=\"color: #00ff00\">Edad: <\/span>17 a\u00f1os<\/h4>\n<h4 style=\"text-align: left;padding-left: 30px\"><span style=\"color: #0000ff\">Fecha de nacimiento:<\/span> 25 de Agosto de 1992<\/h4>\n<h4 style=\"text-align: left;padding-left: 30px\"><span style=\"color: #00ccff\">Estudios primarios:<\/span> Escuela Fiscal \"24 De Mayo\"<\/h4>\n<h4 style=\"text-align: left;padding-left: 30px\"><span style=\"color: #ff0000\">Estudios secunadarios:<\/span> Colegio Fiscal \"Jos\u00e9 Mar\u00eda Velasco Ibarra\"<\/h4>\n<h4 style=\"text-align: left;padding-left: 30px\"><span style=\"color: #ff6600\">Estudios Uniersitarios:<\/span> \"Escuela Superior Polit\u00e9cnica Del Litoral\" (Ingenier\u00eda en Auditor\u00eda y Contadur\u00eda P\u00fablica y Autorizada)<\/h4>\n<h4 style=\"text-align: left;padding-left: 30px\"><span style=\"color: #800000\">Facultad:<\/span> \"ICM- Instituto de Ciencias Matem\u00e1ticas\"<\/h4>\n<h4 style=\"text-align: left;padding-left: 30px\"><span style=\"color: #99cc00\">Series de TV favoritas:<\/span>El chavo, Las chicas super poderosas, Do\u00f1a Bella.<\/h4>\n<h4 style=\"text-align: left;padding-left: 30px\"><span style=\"color: #808000\">Pel\u00edculas Favoritas:<\/span>El Barco Titani.<\/h4>\n<h4 style=\"text-align: left;padding-left: 30px\"><span style=\"color: #800080\">Grupos Musicales Favoritos:<\/span>Aventura, Daddy Yanke, Makano, Nigga.<\/h4>\n<h4 style=\"text-align: left;padding-left: 30px\"><span style=\"color: #008000\">Padre:<\/span> Victor Benavidez.<\/h4>\n<h4 style=\"text-align: left;padding-left: 30px\"><span style=\"color: #00ff00\">Madre: <\/span>Bella Bas\u00e1n.<\/h4>\n<h4 style=\"text-align: left;padding-left: 30px\"><span style=\"color: #ff00ff\">Mi Mejor Amiga:<\/span> Adriana Guerrero.<\/h4>\n<h4 style=\"text-align: left;padding-left: 30px\"><span style=\"color: #ffcc99\">Correo Electronico:<\/span>joselinbellita@yahoo.es<\/h4>\n<h4 style=\"text-align: left;padding-left: 30px\"><span style=\"color: #00ff00\">Correo Electronico Alternativo: <\/span>jobebena@yahoo.es<br \/>\n<span style=\"color: #ffff00\"> <\/span><\/h4>\n<h4 style=\"text-align: left;padding-left: 180px\"><span style=\"color: #ff0000\">Hobbies: <\/span>Escuchar m\u00fasica rom\u00e1ntica, Leer Libros, Dialogar con is amistades, Ir a la misa todos los domingos para aprender sobre la palabra de Dios.<\/h4>\n","protected":false},"excerpt":{"rendered":"<p>Hola........ ! Nombre:Joselin Bella Benavidez Nacionalidad:Ecuatoriana Edad: 17 a\u00f1os Fecha de nacimiento: 25 de Agosto de 1992 Estudios primarios: Escuela Fiscal \"24 De Mayo\" Estudios secunadarios: Colegio Fiscal \"Jos\u00e9 Mar\u00eda Velasco Ibarra\" Estudios Uniersitarios: \"Escuela Superior Polit\u00e9cnica Del Litoral\" (Ingenier\u00eda en Auditor\u00eda y Contadur\u00eda P\u00fablica y Autorizada) Facultad: \"ICM- Instituto de Ciencias Matem\u00e1ticas\" Series de [&hellip;]<\/p>\n","protected":false},"author":3994,"featured_media":0,"parent":0,"menu_order":0,"comment_status":"open","ping_status":"open","template":"","meta":{"footnotes":""},"class_list":["post-44","page","type-page","status-publish","hentry"],"_links":{"self":[{"href":"https:\/\/blog.espol.edu.ec\/jobebena\/wp-json\/wp\/v2\/pages\/44","targetHints":{"allow":["GET"]}}],"collection":[{"href":"https:\/\/blog.espol.edu.ec\/jobebena\/wp-json\/wp\/v2\/pages"}],"about":[{"href":"https:\/\/blog.espol.edu.ec\/jobebena\/wp-json\/wp\/v2\/types\/page"}],"author":[{"embeddable":true,"href":"https:\/\/blog.espol.edu.ec\/jobebena\/wp-json\/wp\/v2\/users\/3994"}],"replies":[{"embeddable":true,"href":"https:\/\/blog.espol.edu.ec\/jobebena\/wp-json\/wp\/v2\/comments?post=44"}],"version-history":[{"count":26,"href":"https:\/\/blog.espol.edu.ec\/jobebena\/wp-json\/wp\/v2\/pages\/44\/revisions"}],"predecessor-version":[{"id":47,"href":"https:\/\/blog.espol.edu.ec\/jobebena\/wp-json\/wp\/v2\/pages\/44\/revisions\/47"}],"wp:attachment":[{"href":"https:\/\/blog.espol.edu.ec\/jobebena\/wp-json\/wp\/v2\/media?parent=44"}],"curies":[{"name":"wp","href":"https:\/\/api.w.org\/{rel}","templated":true}]}}