{"id":24,"date":"2013-11-18T07:09:03","date_gmt":"2013-11-18T07:09:03","guid":{"rendered":"http:\/\/blog.espol.edu.ec\/jobrsanc\/?page_id=24"},"modified":"2013-11-25T13:23:04","modified_gmt":"2013-11-25T13:23:04","slug":"ovnis","status":"publish","type":"page","link":"https:\/\/blog.espol.edu.ec\/jobrsanc\/ovnis\/","title":{"rendered":"Ovnis"},"content":{"rendered":"<p style=\"text-align: center\"><iframe loading=\"lazy\" src=\"\/\/www.youtube.com\/embed\/ZQ0EIxMydYw\" height=\"315\" width=\"560\" allowfullscreen=\"\" frameborder=\"0\"><\/iframe><br \/>\n<em><strong>Los 10 Mejores casos de Ovnis<\/strong><\/em><\/p>\n<p style=\"text-align: center\"><iframe loading=\"lazy\" src=\"\/\/www.youtube.com\/embed\/xa9LVrVgrK8\" height=\"315\" width=\"560\" allowfullscreen=\"\" frameborder=\"0\"><\/iframe><br \/>\n<em><strong>Contacto real con ovnis luces en el mar con mensajes de Amor. 2012<\/strong><\/em><\/p>\n<p style=\"text-align: center\"><iframe loading=\"lazy\" src=\"\/\/www.youtube.com\/embed\/eXEsuWAts3w\" height=\"315\" width=\"560\" allowfullscreen=\"\" frameborder=\"0\"><\/iframe><br \/>\n<em><strong> Ni\u00f1a de 4 a\u00f1os vio un ovni<\/strong><\/em><\/p>\n<p style=\"text-align: center\"><iframe loading=\"lazy\" src=\"\/\/www.youtube.com\/embed\/JvM-W-0Xux0\" height=\"315\" width=\"420\" allowfullscreen=\"\" frameborder=\"0\"><\/iframe><br \/>\n<em><strong> OVNI EN CHIRIJE ECUADOR UFO 2009<\/strong><\/em><\/p>\n<p style=\"text-align: center\">\n<p style=\"text-align: center\"><strong>Relato sobre Ovni<\/strong><\/p>\n<p style=\"text-align: center\">An\u00f3nimo<\/p>\n<p style=\"text-align: left\">\n<strong><em>Valencia-Venezuela<\/em><\/strong><br \/>\n\"Tendr\u00eda yo como 14 o 15 a\u00f1os... estabamos mi hermano de 12 a\u00f1os y dos compa\u00f1eros m\u00e1s de 14 a\u00f1os promedio; estabamos cazando p\u00e1jaros en una ensenada, o campo, con unas chinas (resorteras); en la maleza se movi\u00f3 algo de repente... yo me asust\u00e9 pensando que era un perro; lo primero que vi, a una distancia como de 4 metros parec\u00eda tener forma de un mono con piel clara; yo grit\u00e9 a mis compa\u00f1eros: \"un mono\"... hemos encontrado un mono peque\u00f1o, era muy dif\u00edcil que por esa zona se encontrara un mono, inmediatamente acorralamos la zona con la alegr\u00eda de atraparlo; mi hermano y yo estabamos juntos, cuando el animal sale por un claro que lo pudimos distinguir mejor... era como un hombrecito peque\u00f1o de unos 60 cent\u00edmetros de altura, de piel lisa, con una cabeza de forma semihumanoide; no era en nada un mono como lo cre\u00edamos... yo qued\u00e9 aterrado junto con mi hermano ya que fuimos los \u00fanicos que lo vimos por un momento, no sab\u00edamos lo que era; inmediatamente del susto nos fuimos para la casa y lo comentamos a los compa\u00f1eros que nos acompa\u00f1aban y nunca conseguimos una explicaci\u00f3n de lo que era... si lo hubiese visto yo solo hubiera cre\u00eddo que lo hab\u00eda imaginado....pero fuimos dos personas los que lo vimos al mismo tiempo.... y no era un animal...ni ning\u00fan mono que hayamos visto alguna vez... en lo que s\u00ed concordamos es que ten\u00eda forma humanoide... al principio cre\u00edamos que era alg\u00fan tipo de duende... Pero sin ropa? y la piel no era con pelos... nunca se lo contamos a nadie porque estas historias poca gente las puede creer...\"<\/p>\n","protected":false},"excerpt":{"rendered":"<p>Los 10 Mejores casos de Ovnis Contacto real con ovnis luces en el mar con mensajes de Amor. 2012 Ni\u00f1a de 4 a\u00f1os vio un ovni OVNI EN CHIRIJE ECUADOR UFO 2009 Relato sobre Ovni An\u00f3nimo Valencia-Venezuela \"Tendr\u00eda yo como 14 o 15 a\u00f1os... estabamos mi hermano de 12 a\u00f1os y dos compa\u00f1eros m\u00e1s de &hellip; <\/p>\n<p><a class=\"more-link btn\" href=\"https:\/\/blog.espol.edu.ec\/jobrsanc\/ovnis\/\">Seguir leyendo<\/a><\/p>\n","protected":false},"author":8903,"featured_media":0,"parent":0,"menu_order":0,"comment_status":"closed","ping_status":"closed","template":"","meta":{"footnotes":""},"class_list":["post-24","page","type-page","status-publish","hentry","nodate","item-wrap"],"_links":{"self":[{"href":"https:\/\/blog.espol.edu.ec\/jobrsanc\/wp-json\/wp\/v2\/pages\/24","targetHints":{"allow":["GET"]}}],"collection":[{"href":"https:\/\/blog.espol.edu.ec\/jobrsanc\/wp-json\/wp\/v2\/pages"}],"about":[{"href":"https:\/\/blog.espol.edu.ec\/jobrsanc\/wp-json\/wp\/v2\/types\/page"}],"author":[{"embeddable":true,"href":"https:\/\/blog.espol.edu.ec\/jobrsanc\/wp-json\/wp\/v2\/users\/8903"}],"replies":[{"embeddable":true,"href":"https:\/\/blog.espol.edu.ec\/jobrsanc\/wp-json\/wp\/v2\/comments?post=24"}],"version-history":[{"count":7,"href":"https:\/\/blog.espol.edu.ec\/jobrsanc\/wp-json\/wp\/v2\/pages\/24\/revisions"}],"predecessor-version":[{"id":86,"href":"https:\/\/blog.espol.edu.ec\/jobrsanc\/wp-json\/wp\/v2\/pages\/24\/revisions\/86"}],"wp:attachment":[{"href":"https:\/\/blog.espol.edu.ec\/jobrsanc\/wp-json\/wp\/v2\/media?parent=24"}],"curies":[{"name":"wp","href":"https:\/\/api.w.org\/{rel}","templated":true}]}}

<p style="text-align: center"><iframe loading="lazy" src="//www.youtube.com/embed/ZQ0EIxMydYw" height="315" width="560" allowfullscreen="" frameborder="0"></iframe><br />
<em><strong>Los 10 Mejores casos de Ovnis</strong></em></p>
<p style="text-align: center"><iframe loading="lazy" src="//www.youtube.com/embed/xa9LVrVgrK8" height="315" width="560" allowfullscreen="" frameborder="0"></iframe><br />
<em><strong>Contacto real con ovnis luces en el mar con mensajes de Amor. 2012</strong></em></p>
<p style="text-align: center"><iframe loading="lazy" src="//www.youtube.com/embed/eXEsuWAts3w" height="315" width="560" allowfullscreen="" frameborder="0"></iframe><br />
<em><strong> Niña de 4 años vio un ovni</strong></em></p>
<p style="text-align: center"><iframe loading="lazy" src="//www.youtube.com/embed/JvM-W-0Xux0" height="315" width="420" allowfullscreen="" frameborder="0"></iframe><br />
<em><strong> OVNI EN CHIRIJE ECUADOR UFO 2009</strong></em></p>
<p style="text-align: center">
<p style="text-align: center"><strong>Relato sobre Ovni</strong></p>
<p style="text-align: center">Anónimo</p>
<p style="text-align: left">
<strong><em>Valencia-Venezuela</em></strong><br />
"Tendría yo como 14 o 15 años... estabamos mi hermano de 12 años y dos compañeros más de 14 años promedio; estabamos cazando pájaros en una ensenada, o campo, con unas chinas (resorteras); en la maleza se movió algo de repente... yo me asusté pensando que era un perro; lo primero que vi, a una distancia como de 4 metros parecía tener forma de un mono con piel clara; yo grité a mis compañeros: "un mono"... hemos encontrado un mono pequeño, era muy difícil que por esa zona se encontrara un mono, inmediatamente acorralamos la zona con la alegría de atraparlo; mi hermano y yo estabamos juntos, cuando el animal sale por un claro que lo pudimos distinguir mejor... era como un hombrecito pequeño de unos 60 centímetros de altura, de piel lisa, con una cabeza de forma semihumanoide; no era en nada un mono como lo creíamos... yo quedé aterrado junto con mi hermano ya que fuimos los únicos que lo vimos por un momento, no sabíamos lo que era; inmediatamente del susto nos fuimos para la casa y lo comentamos a los compañeros que nos acompañaban y nunca conseguimos una explicación de lo que era... si lo hubiese visto yo solo hubiera creído que lo había imaginado....pero fuimos dos personas los que lo vimos al mismo tiempo.... y no era un animal...ni ningún mono que hayamos visto alguna vez... en lo que sí concordamos es que tenía forma humanoide... al principio creíamos que era algún tipo de duende... Pero sin ropa? y la piel no era con pelos... nunca se lo contamos a nadie porque estas historias poca gente las puede creer..."</p>

<p>Los 10 Mejores casos de Ovnis Contacto real con ovnis luces en el mar con mensajes de Amor. 2012 Niña de 4 años vio un ovni OVNI EN CHIRIJE ECUADOR UFO 2009 Relato sobre Ovni Anónimo Valencia-Venezuela "Tendría yo como 14 o 15 años... estabamos mi hermano de 12 años y dos compañeros más de &hellip; </p>
<p><a class="more-link btn" href="https://blog.espol.edu.ec/jobrsanc/ovnis/">Seguir leyendo</a></p>
