{"id":20,"date":"2009-10-29T14:09:43","date_gmt":"2009-10-29T19:09:43","guid":{"rendered":"http:\/\/blog.espol.edu.ec\/johgvasc\/?page_id=20"},"modified":"2011-01-20T15:06:04","modified_gmt":"2011-01-20T20:06:04","slug":"paralelo-01","status":"publish","type":"page","link":"https:\/\/blog.espol.edu.ec\/johgvasc\/paralelo-01\/","title":{"rendered":"CICLISMO DE MONTA\u00d1A"},"content":{"rendered":"<p class=\"MsoNormal\" style=\"margin: 0cm 0cm 0pt;text-align: center\"><span> <\/span><\/p>\n<p class=\"MsoNormal\" style=\"margin: 0cm 0cm 0pt\"><strong><span><img loading=\"lazy\" decoding=\"async\" class=\"alignnone size-full wp-image-93\" src=\"http:\/\/blog.espol.edu.ec\/johgvasc\/files\/2009\/10\/images.jpg\" alt=\"images\" width=\"201\" height=\"141\" \/><\/span><\/strong><span> Ecuador ofrece una serie de paisajes impresionantes para recorrer en bici por las quebradas y laderas de su irregular relieve. Nevados, lagos, cascadas desde las grandes alturas hasta los climas m\u00e1s tropicales y porqu\u00e9 no a orillas del mar... Son solo parte de la pura adrenalina que usted y su bicicleta pueden experimentar en Ecuador... \u00a1Ajusten sus casos!<\/span><\/p>\n<p class=\"MsoNormal\" style=\"margin: 0cm 0cm 0pt\"><span><br \/>\n<\/span><\/p>\n<p class=\"MsoNormal\" style=\"margin: 0cm 0cm 10pt\"><strong><span>\u00bfEn qu\u00e9 consiste el mountain biking o ciclismo de monta\u00f1a?<br \/>\n<\/span><\/strong><span>Actividad individual o grupal en donde montados en una bicicleta, se fijan metas en cada una de las excursiones. Estas salidas pueden ser dentro de la ciudad o fuera de ella, en terreno plano o monta\u00f1oso, de subida o bajada. <\/span><\/p>\n<p class=\"MsoNormal\" style=\"margin: 0cm 0cm 10pt\"><span>Su origen se remonta a la d\u00e9cada de los 70 en California, cuando un grupo de j\u00f3venes ciclistas decidieron subir al tope de las colinas para disfrutar de sus caminos. Con el paso de los a\u00f1os, las bicis fueron adaptadas a las exigencias y condiciones de lar rutas, mejorando en comodidad y creando las diversas modalidades del deporte. En 1996 en Atlanta, fue considerado como deporte ol\u00edmpico. <\/span><\/p>\n<p class=\"MsoNormal\" style=\"margin: 0cm 0cm 10pt\"><span>Ecuador es un hot spot de ciclismo de monta\u00f1a, un gran ejemplo es que Ecuador fue la sede 2004 del Panamericano de Ciclismo de Monta\u00f1a en Ba\u00f1os, donde mostr\u00f3 la espectacularidad de sus pistas y adem\u00e1s la jerarqu\u00eda de sus competidores que ocuparon los primeros lugares. <\/span><\/p>\n<p class=\"MsoNormal\" style=\"margin: 0cm 0cm 10pt\"><strong><span>Modalidades<\/span><\/strong><span><br \/>\n<em>Cross Country (XC): <\/em>Recorridos por caminos o senderos varios. Actividad de extrema resistencia que incluye largos pedaleos y cuestas exigentes. Se combina esfuerzo y exigencias t\u00e9cnicas de bajadas, superaci\u00f3n de obst\u00e1culos, cruces de r\u00edos, etc. <\/span><\/p>\n<p class=\"MsoNormal\" style=\"margin: 0cm 0cm 10pt\"><em><span>Downhill (DH): <\/span><\/em><span>El descenso en bicicleta es la modalidad m\u00e1s arriesgada y extrema del MTB. Consiste en bajar una pendiente (camino, chaqui\u00f1\u00e1n, arenales, etc) agreste y empinada. Un espect\u00e1culo atractivo, de gran velocidad donde la t\u00e9cnica es imprescindible. <\/span><\/p>\n<p class=\"MsoNormal\" style=\"margin: 0cm 0cm 10pt\"><em><span>Dual Slalom: <\/span><\/em><span>Consiste igual en bajar una pendiente pero en el menor tiempo contra otro corredor. Se realiza en una pista con igual distancia y dos carriles. <\/span><\/p>\n<p class=\"MsoNormal\" style=\"margin: 0cm 0cm 10pt\"><em><span>Trial: <\/span><\/em><span>Consiste en salvar grandes obst\u00e1culos, piedras, troncos sin colocar un pie en el piso. Para competidores profesionales. <\/span><\/p>\n<p class=\"MsoNormal\" style=\"margin: 0cm 0cm 10pt\"><em><span>Cicloturismo: <\/span><\/em><span>Es la opci\u00f3n tomada por viajeros y turistas que buscan recorrer un destino sobre ruedas. Los viajes pueden durar de un d\u00eda hasta semanas, meses o a\u00f1os. Son rutas accesibles a todo tipo de personas. <\/span><\/p>\n<p class=\"MsoNormal\" style=\"margin: 0cm 0cm 10pt\"><span style=\"font-size: small;font-family: Calibri\"> <img loading=\"lazy\" decoding=\"async\" class=\"alignnone size-full wp-image-94\" src=\"http:\/\/blog.espol.edu.ec\/johgvasc\/files\/2009\/10\/2.jpg\" alt=\"2\" width=\"187\" height=\"138\" \/><\/span><\/p>\n<p class=\"MsoNormal\" style=\"margin: 0cm 0cm 0pt\"><span> <\/span><strong><span> <\/span><\/strong><strong><span>Niveles<br \/>\n<\/span><\/strong><em><span>F\u00e1cil: <\/span><\/em><span>Conveniente para la mayor\u00eda de la gente en buena salud. <\/span><\/p>\n<p class=\"MsoNormal\" style=\"margin: 0cm 0cm 10pt\"><em><span>Moderado: <\/span><\/em><span>Requiere un nivel razonable de aptitud - estos viajes pueden requerir niveles sostenidos de la resistencia, las colinas, d\u00edas m\u00e1s largos y altitudes m\u00e1s altas.<\/span><\/p>\n<p><em>Dif\u00edcil: <\/em>F\u00edsicamente exigente y recomendado para personas con mucha resistencia y excelente estado f\u00edsico. Los d\u00edas pueden ser largos, a menudo en altitud y en regiones alejadas con terreno resistente.<\/p>\n<p class=\"MsoNormal\" style=\"margin: 0cm 0cm 10pt\"><strong><span>\u00bfD\u00f3nde practicar esta actividad?<br \/>\n<\/span><\/strong><em><span>Guagua Pichincha - Quito (Provincia de Pichincha)<br \/>\n<\/span><\/em><span>Desde la cima de este volc\u00e1n activo situado en solamente 10 kil\u00f3metros de Quito, se inicia un descenso donde se puede admirar en un d\u00eda despejado la ciudad de Quito y los volcanes que le roedan. <\/span><\/p>\n<p class=\"MsoNormal\" style=\"margin: 0cm 0cm 10pt\"><em><span>Laguna Quilotoa - Provincia del Cotopaxi<\/span><\/em><span><br \/>\nEl cr\u00e1ter de un volc\u00e1n activo que recibe un lago verde inolvidable y rodeado por la exuberancia del paisaje andino. Paradas en Zumbahua y Pujil\u00ed, dos comunidades ind\u00edgenas interesantes. <\/span><\/p>\n<p class=\"MsoNormal\" style=\"margin: 0cm 0cm 10pt\"><em><span>Ciudad de Ba\u00f1os - Provincia de Tungurahua<br \/>\n<\/span><\/em><span>Quiz\u00e1s uno de los lugares con m\u00e1s opciones de paseos en bicicleta. Salidas de un d\u00eda por sus alrededores, al volc\u00e1n Tungurahua y el famoso recorrido por la Ruta de las Cascadas, las Orqu\u00eddeas y las Guayabas hasta el Pail\u00f3n del Diablo o hasta el Oriente, son sus mayores atracciones. <\/span><\/p>\n<p class=\"MsoNormal\" style=\"margin: 0cm 0cm 10pt\"><em><span>Reserva Geobot\u00e1nica del Pululahua - Quito (Provincia de Pichincha)<br \/>\n<\/span><\/em><span>Ideal para salidas de Downhill. El cr\u00e1ter del Pululahua ofrece varios caminos por sus diversas entradas para disfrutar de la flora, fauna, empinados abismos, paisajes incre\u00edbles y descensos de m\u00e1s de 1000mt. Necesita de guianza. <\/span><\/p>\n<p class=\"MsoNormal\" style=\"margin: 0cm 0cm 10pt\"><span>Volc\u00e1n Cotopaxi y Parque Nacional Cotopaxi - Provincia del Cotopaxi<br \/>\nA trav\u00e9s del Parque Nacional Cotopaxi y de la belleza de la flora t\u00edpica de los p\u00e1ramos admire 8 volcanes a su alrededor hasta descender a las lagunas de Limpiopungo y del bosque de pinos. Otras rutas se desv\u00edan a la carretera Panamericana y otras m\u00e1s exigentes van por Angamarca (poblado de Cotopaxi) <\/span><\/p>\n<p class=\"MsoNormal\" style=\"margin: 0cm 0cm 10pt\"><em><span>Papallacta - Provincia de Pichincha<br \/>\n<\/span><\/em><span>Situado cuesta abajo de los Andes orientales que dirigen a la selva amaz\u00f3nica. Se puede disfrutar de sus r\u00edos, de la laguna que lleva su nombre y de sus parajes. A s\u00f3lo 1 hora de Quito.<\/span><\/p>\n<p><em>Parque Metropolitano - Quito (Provincia de Pichincha)<br \/>\n<\/em>Para quienes desean hacer salidas cortas sin salir de la ciudad. El Parque Metropolitano en el Sector de El Bat\u00e1n, ofrece una pista profesional para MTB donde se realizan a\u00f1o tras a\u00f1o importantes competencias. Varios caminos y rutas est\u00e1n dispuestos para todos los niveles de exigencia. Cafeter\u00edas, estacionamiento para autos y otros espacios destacan entre sus servicios.<\/p>\n<p class=\"MsoNormal\" style=\"margin: 0cm 0cm 0pt\"><span><span> <img loading=\"lazy\" decoding=\"async\" class=\"alignnone size-full wp-image-95\" src=\"http:\/\/blog.espol.edu.ec\/johgvasc\/files\/2009\/10\/3.jpg\" alt=\"3\" width=\"179\" height=\"173\" \/> <\/span><\/span><strong> <\/strong><\/p>\n<p class=\"MsoNormal\" style=\"margin: 0cm 0cm 0pt\"><strong> <\/strong><\/p>\n<p class=\"MsoNormal\" style=\"margin: 0cm 0cm 0pt\"><strong><span>Estaci\u00f3n<\/span><\/strong><span><br \/>\nEcuador puede ser visitado en cualquier momento del a\u00f1o para hacer ciclismo, pero recomendamos ir durante la estaci\u00f3n seca (julio-septiembre), donde los mejores soles y paisajes pueden ser disfrutados.<\/span><\/p>\n<p class=\"MsoNormal\" style=\"margin: 0cm 0cm 10pt\"><a name=\"equipment\"><\/a><strong><span>Equipo<\/span><\/strong><span><br \/>\nCasco, guantes, protecci\u00f3n para codos y rodillas<br \/>\nRopa acorde al tipo de lugar y a la modalidad que brinde seguridad y comodidad<br \/>\nSuficiente l\u00edquido<br \/>\nChompa de aguas<br \/>\nBloqueador solar y gafas<br \/>\nRepelente<br \/>\nCamelbak o mochila para llevar lo necesario<br \/>\nKit de herramientas<br \/>\nC\u00e1mara de fotos<\/span><\/p>\n<p><strong>Recomendaciones<\/strong><br \/>\nSi va por su cuenta, consiga un buen mapa del pa\u00eds<\/p>\n<p class=\"MsoNormal\" style=\"margin: 0cm 0cm 10pt\"><span>Si trae su propia bici, cerci\u00f3rese de que est\u00e9 en excelentes condiciones y que se preste para los terrenos a ser recorridos. Los caminos de Ecuador son extremadamente exigentes. Si la alquila, revise que la bicicleta cumpla con los requisitos para soportar el trayecto. <\/span><\/p>\n<p class=\"MsoNormal\" style=\"margin: 0cm 0cm 10pt\"><span>Una buena cerradura es esencial para parquear la bici en ciertos lugares. <\/span><\/p>\n<p class=\"MsoNormal\" style=\"margin: 0cm 0cm 10pt\"><span>Seg\u00fan el tour que usted escoja, no olvide de llevar las provisiones extras necesarias como pilas, refrigerio, linterna, br\u00fajula, chompa, etc. <\/span><\/p>\n<p class=\"MsoNormal\" style=\"margin: 0cm 0cm 0pt\"><span> <\/span><strong><span>Venta de bicicletas<br \/>\n<\/span><\/strong><em><span>Biciman\u00eda <\/span><\/em><span><br \/>\nAv. Machala 100 y Emperador Carlos<br \/>\nTel: (02) 253 7040<\/span><\/p>\n<p><em>Bianchi Center<\/em><br \/>\nAv. Rep\u00fablica 1445 e Inglaterra<br \/>\nTel: (02) 224 7522<\/p>\n<p class=\"MsoNormal\" style=\"margin: 0cm 0cm 10pt -7.1pt\"><em><span>X-Bikes<\/span><\/em><span><br \/>\nAv. Shirys y Tom\u00e1s de Berlanga<br \/>\n(02) 227 6345<\/span><\/p>\n<p><em>Sobre Ruedas<\/em><br \/>\nAv. 10 de Agosto y Capit\u00e1n Borja<br \/>\nTel: (02) 241 6781<\/p>\n<p><em>Bike Stop<\/em><br \/>\nAve. 6 de Diciembre y Checoslovaquia<br \/>\nTel: (02) 2 255 404<\/p>\n<p class=\"MsoNormal\" style=\"margin: 0cm 0cm 10pt\"><span><br \/>\n<strong>Lecturas recomendadas:<br \/>\n<\/strong><\/span><a href=\"http:\/\/www.mountainbike.com\/\" target=\"_blank\"><span>http:\/\/www.mountainbike.com\/ <\/span><\/a><span>- Revista sobre Ciclismo de Monta\u00f1a<br \/>\n<\/span><a href=\"http:\/\/www.ciclismodemontana.com\/\" target=\"_blank\"><span>http:\/\/www.ciclismodemontana.com\/ <\/span><\/a><span>- Portal Latino de Ciclismo de Monta\u00f1a<br \/>\n<\/span><a href=\"http:\/\/www.ecuadorcoe.org.ec\/\" target=\"_blank\"><span>http:\/\/www.ecuadorcoe.org.ec <\/span><\/a><span>- Comit\u00e9 Ol\u00edmpico Ecuatoriano<\/span><\/p>\n<p class=\"MsoNormal\" style=\"margin: 0cm 0cm 10pt\"><a name=\"offers\"><\/a><strong><span>\u00bfListo para viajar al Ecuador?<br \/>\n<\/span><\/strong><a href=\"http:\/\/www.goecuador.com\/espanol\/actividades-viaje\/ciclismo-montana-ecuador4.html\"><span>Tour Operadores de Ciclismo de Monta\u00f1a <\/span><\/a><\/p>\n<p class=\"MsoNormal\" style=\"margin: 0cm 0cm 10pt\"><span style=\"font-size: small;font-family: Calibri\"> <\/span><\/p>\n","protected":false},"excerpt":{"rendered":"<p>Ecuador ofrece una serie de paisajes impresionantes para recorrer en bici por las quebradas y laderas de su irregular relieve. Nevados, lagos, cascadas desde las grandes alturas hasta los climas m\u00e1s tropicales y porqu\u00e9 no a orillas del mar... Son solo parte de la pura adrenalina que usted y su bicicleta pueden experimentar en Ecuador... [&hellip;]<\/p>\n","protected":false},"author":3109,"featured_media":0,"parent":0,"menu_order":0,"comment_status":"open","ping_status":"open","template":"","meta":{"footnotes":""},"class_list":["post-20","page","type-page","status-publish","hentry"],"_links":{"self":[{"href":"https:\/\/blog.espol.edu.ec\/johgvasc\/wp-json\/wp\/v2\/pages\/20","targetHints":{"allow":["GET"]}}],"collection":[{"href":"https:\/\/blog.espol.edu.ec\/johgvasc\/wp-json\/wp\/v2\/pages"}],"about":[{"href":"https:\/\/blog.espol.edu.ec\/johgvasc\/wp-json\/wp\/v2\/types\/page"}],"author":[{"embeddable":true,"href":"https:\/\/blog.espol.edu.ec\/johgvasc\/wp-json\/wp\/v2\/users\/3109"}],"replies":[{"embeddable":true,"href":"https:\/\/blog.espol.edu.ec\/johgvasc\/wp-json\/wp\/v2\/comments?post=20"}],"version-history":[{"count":11,"href":"https:\/\/blog.espol.edu.ec\/johgvasc\/wp-json\/wp\/v2\/pages\/20\/revisions"}],"predecessor-version":[{"id":51,"href":"https:\/\/blog.espol.edu.ec\/johgvasc\/wp-json\/wp\/v2\/pages\/20\/revisions\/51"}],"wp:attachment":[{"href":"https:\/\/blog.espol.edu.ec\/johgvasc\/wp-json\/wp\/v2\/media?parent=20"}],"curies":[{"name":"wp","href":"https:\/\/api.w.org\/{rel}","templated":true}]}}