{"id":54,"date":"2009-11-10T14:56:50","date_gmt":"2009-11-10T19:56:50","guid":{"rendered":"http:\/\/blog.espol.edu.ec\/johgvasc\/?page_id=54"},"modified":"2011-01-20T15:09:21","modified_gmt":"2011-01-20T20:09:21","slug":"michael-jackson","status":"publish","type":"page","link":"https:\/\/blog.espol.edu.ec\/johgvasc\/michael-jackson\/","title":{"rendered":"RAFTING &amp; KAYAKING"},"content":{"rendered":"<table class=\"MsoNormalTable\" style=\"width: 127.5pt\" border=\"0\" cellspacing=\"0\" cellpadding=\"0\" width=\"170\">\n<tbody>\n<tr>\n<td style=\"border: #ece9d8;padding: 0cm\"><img loading=\"lazy\" decoding=\"async\" class=\"alignnone size-full wp-image-70\" src=\"http:\/\/blog.espol.edu.ec\/johgvasc\/files\/2009\/11\/1.jpg\" alt=\"1\" width=\"230\" height=\"150\" \/><\/td>\n<\/tr>\n<tr>\n<td style=\"border: #ece9d8;padding: 0cm\" valign=\"top\"><\/td>\n<\/tr>\n<\/tbody>\n<\/table>\n<p><span lang=\"ES\"><span> <span lang=\"ES\">Tabla de Contenidos:<\/span><\/span><\/span><span lang=\"ES\"> <\/span><\/p>\n<p class=\"MsoNormal\"><span lang=\"ES\"><span style=\"font-family: Calibri\">\u00bfQu\u00e9 es el rafting?<\/span><\/span><span style=\"text-decoration: underline\"><span lang=\"ES\"> <\/span><\/span><span lang=\"ES\"><br \/>\n<\/span><span lang=\"ES\"><span style=\"font-family: Calibri\">Precauciones<\/span><\/span><span lang=\"ES\"><br \/>\n<\/span><span lang=\"ES\"><span style=\"font-family: Calibri\">Niveles<\/span><\/span><span lang=\"ES\"><br \/>\n<\/span><span lang=\"ES\"><span style=\"font-family: Calibri\">R\u00edos del Ecuador<\/span><\/span><span style=\"text-decoration: underline\"><span lang=\"ES\"> <\/span><\/span><span lang=\"ES\"><br \/>\n<\/span><span lang=\"ES\"><span style=\"font-family: Calibri\">Equipo<\/span><\/span><span lang=\"ES\"><br \/>\n<\/span><span lang=\"ES\"><span style=\"font-family: Calibri\">\u00bfQu\u00e9 llevar?<\/span><\/span><span style=\"text-decoration: underline\"><span lang=\"ES\"> <\/span><\/span><span lang=\"ES\"><br \/>\n<\/span><span lang=\"ES\"><span style=\"font-family: Calibri\">Recomendaciones<\/span><\/span><span style=\"text-decoration: underline\"><span lang=\"ES\"><br \/>\n<\/span><\/span><span lang=\"ES\"><span style=\"font-family: Calibri\">Lecturas<\/span><\/span><span lang=\"ES\"><br \/>\n<\/span><span lang=\"ES\"><span style=\"font-family: Calibri\">Tour Operadores <\/span><a href=\"http:\/\/www.goecuador.com\/espanol\/actividades-viaje\/rafting-kayaking-ecuador3.html#offers\"><span><br \/>\n<\/span><\/a><span style=\"font-family: Calibri\">Ofertas Especiales<\/span><\/span><\/p>\n<p><span lang=\"ES\"> Ecuador es un para\u00edso acu\u00e1tico con c\u00e1lidas corrientes y docenas de r\u00edos navegables. El Kayaking y Rafting son dos grandes opciones para entrar en contacto con la naturaleza y los r\u00edos del Ecuador, que ofrecen una de las m\u00e1s inolvidables experiencias del planeta. Varias operadoras de turismo ofrecen aventuras de rafting o kayaking con seguridades y facilidades en diversos grados de dificultad. No importa si eres principiante o avanzado, \u00a1Ecuador te invita a sumergirte en sus aguas! <\/span><\/p>\n<p><strong><span lang=\"ES\">\u00bfQu\u00e9 es el Rafting?<br \/>\n<\/span><\/strong><span lang=\"ES\">El rafting o descenso de r\u00edos de monta\u00f1a, es sobre todo, una actividad de equipo, donde todos los tripulantes de la balsa reman y mueven su cuerpo coordinadamente para recorrer los r\u00e1pidos y no caerse al agua. La persona que dirige los movimientos del equipo es el \"gu\u00eda\", quien conoce perfectamente cada parte del r\u00edo y tiene los conocimientos para actuar en una situaci\u00f3n de riesgo. Bajo su mando, hasta un ni\u00f1o de 6 a\u00f1os puede practicar este deporte sin problemas... \u00a1pero ojo! s\u00f3lo por un r\u00edo tranquilo. Hay r\u00edos para todos los gustos, clasificados del 1 al 6 seg\u00fan su dificultad. Si quieres practicar rafting, es un requisito saber nadar, y adem\u00e1s tener ganas de empaparte de pies a cabeza. <\/span><\/p>\n<p class=\"MsoNormal\" style=\"margin: 0cm 0cm 10pt\"><span lang=\"ES\">El rafting o descenso de r\u00edos actualmente se ha puesto de moda en gran parte del mundo. Antes lo practicaban <a href=\"http:\/\/www.ecuadoradventures.com\/anuncio-curso-de-rafting-para-rescates-en-aguas-rapidas\">clubes<\/a> o asociaciones de exploraciones o algunos aventureros que contaban con equipo limitado y poca experiencia. <\/span><\/p>\n<p class=\"MsoNormal\" style=\"margin: 0cm 0cm 10pt\"><span lang=\"ES\">En \u00e9stas condiciones navegar un r\u00edo no era muy seguro. Algunos arriesgados improvisaban sus embarcaciones con c\u00e1maras de llantas amarradas entre ellas y a veces tambi\u00e9n los mismos tripulantes se amarraban. Sin direcci\u00f3n alguna se dejaban llevar entres las <a href=\"http:\/\/bo.kalipedia.com\/ciencias-tierra-universo\/tema\/modelado-relieve\/aguas-salvajes-aguas-arroyada.html?x=20070417klpcnatun_116.Kes&amp;ap=0\">aguas salvajes<\/a>. Desgraciadamente \u00e9stas experiencias cobraron algunas vidas. <\/span><\/p>\n<p class=\"MsoNormal\" style=\"margin: 0cm 0cm 10pt\"><span lang=\"ES\">En la actualidad el <a href=\"http:\/\/es.wikipedia.org\/wiki\/Descenso_de_r%C3%ADos\">rafting<\/a> ha evolucionado. Siguen existiendo los aventureros y los <a href=\"http:\/\/www.ecuadoradventures.com\/anuncio-curso\">clubes<\/a>. Pero tambi\u00e9n existen <a href=\"http:\/\/www.haciendaprimavera.com\/?gclid=COPJ8f6qn54CFUlo5QodWw1lmw\">compa\u00f1\u00edas<\/a> dedicadas especialmente al turismo en rafting. La mayor\u00eda son compa\u00f1\u00edas bastante seguras. Aunque no todas. Para que tu seguridad no se ponga en juego debes asegurarte que la compa\u00f1\u00eda con la que viajes cumpla con ciertos requisitos que tu mismo puedes observar. <\/span><\/p>\n<p class=\"MsoNormal\" style=\"margin: 0cm 0cm 10pt\"><a name=\"precautions\"><\/a><strong><span lang=\"ES\">Algunas precauciones<\/span><\/strong><span lang=\"ES\"><br \/>\nAntes de subir a la balsa, todos los gu\u00edas dan una charla de seguridad en la que ense\u00f1an las precauciones a tener en cuenta antes de entrar al r\u00edo. Son pocas pero importantes: lo fundamental es que todos los tripulantes de la balsa sepan nadar. En caso de ca\u00edda en un r\u00e1pido hay que alejarse de la balsa y dejarse llevar por la corriente boca arriba, en posici\u00f3n horizontal o semisentado y con los pies hacia delante, hasta llegar a un remanso. Despu\u00e9s, todo es cuesti\u00f3n de esperar a que el resto del equipo acuda en rescate. Si la ca\u00edda ocurre en un tramo tranquilo del r\u00edo, es m\u00e1s sencillo agarrarse de la guirnalda (soga que rodea el raft) para volver a subir lo antes posible. <\/span><\/p>\n<p class=\"MsoNormal\" style=\"margin: 0cm 0cm 10pt\"><span lang=\"ES\">En la charla de seguridad tambi\u00e9n se ense\u00f1an los comandos, las \u00f3rdenes que dar\u00e1 el gu\u00eda en el r\u00edo para dirigir los golpes, maniobras y movimientos de la tripulaci\u00f3n. Estos son los b\u00e1sicos:<br \/>\n\u00a1Adelante!: todos reman hacia delante.<br \/>\n\u00a1Atr\u00e1s!: todos reman hacia atr\u00e1s.<br \/>\n\u00a1Izquierda atr\u00e1s!: el lado izquierdo rema hacia atr\u00e1s mientras el derecho hacia<br \/>\ndelante. Es para girar la balsa hacia la izquierda.<br \/>\n\u00a1Derecha atr\u00e1s!: el inverso al anterior.<br \/>\n\u00a1Alto!: para descansar<br \/>\nComandos Avanzados de Seguridad<br \/>\n\u00a1Todos adentro (adentro, abajo) (get down)!: Todos los pasajeros se deben colocar en cuclillas en el piso de la balsa para evitar caerse al agua.<br \/>\n\u00a1Todos arriba!: a seguir remando<br \/>\n\u00a1Lado alto (highside)!: todos se colocan en el lado que se levanta para equilibrar la balsa. <\/span><\/p>\n<p class=\"MsoNormal\" style=\"margin: 0cm 0cm 10pt\"><span lang=\"ES\">Despu\u00e9s de la charla, la tripulaci\u00f3n practica brevemente los golpes y maniobras. Antes de abordar la balsa, es conveniente un \"bautismo\" en el r\u00edo, para ir haci\u00e9ndose amigo del traje de neoprene y la temperatura del agua. <\/span><\/p>\n<p class=\"MsoNormal\" style=\"margin: 0cm 0cm 0pt 205.55pt\"><span lang=\"ES\"> <\/span><\/p>\n<table class=\"MsoNormalTable\" style=\"width: 127.5pt\" border=\"0\" cellspacing=\"0\" cellpadding=\"0\" width=\"170\">\n<tbody>\n<tr>\n<td style=\"border: #ece9d8;padding: 0cm\">\n<p class=\"MsoNormal\" style=\"margin: 0cm 0cm 0pt 205.55pt;text-align: center\">\n<\/td>\n<\/tr>\n<tr>\n<td style=\"border: #ece9d8;padding: 0cm\" valign=\"top\"><img loading=\"lazy\" decoding=\"async\" class=\"alignnone size-full wp-image-74\" src=\"http:\/\/blog.espol.edu.ec\/johgvasc\/files\/2009\/11\/4.jpg\" alt=\"4\" width=\"257\" height=\"159\" \/><\/td>\n<\/tr>\n<\/tbody>\n<\/table>\n<p class=\"MsoNormal\" style=\"margin: 0cm 0cm 0pt\"><strong><span lang=\"ES\">Niveles<br \/>\n<\/span><\/strong><\/p>\n<div class=\"MsoNormal\" style=\"margin: 0cm 0cm 0pt\"><span lang=\"ES\">Clase I: r\u00e1pidos y muy f\u00e1ciles<br \/>\nClase II: r\u00e1pidos y f\u00e1ciles pero con leves ondulaciones<br \/>\nClase III: r\u00e1pidos con olas y reflujos m\u00e1s irregulares que requieren experiencia en maniobra<br \/>\nClase IV: muy turbulentos, requieren mucha habilidad y planeamiento.<br \/>\nClase V: r\u00e1pidos extremadamente dif\u00edciles<br \/>\nClase VI: condiciones extremas con situaci\u00f3n de riesgo permanente<\/span><\/div>\n<p><span lang=\"ES\">La mayor\u00eda de los r\u00edos del Ecuador poseen un nivel mayor a V con dificultades t\u00e9cnicas exclusivamente para experimentados. Por tanto, los r\u00edos de nivel III-IV son los ideales para una pr\u00e1ctica segura y excitante, dependiendo de la experiencia del navegante. <\/span><\/p>\n<p class=\"MsoNormal\" style=\"margin: 0cm 0cm 10pt\"><a name=\"rivers\"><\/a><strong><span lang=\"ES\">R\u00edos en Ecuador<br \/>\n<a href=\"http:\/\/www.exploringecuador.com\/espanol\/amazon_ecuador.htm\">Amazon\u00eda <\/a><\/span><\/strong><\/p>\n<p class=\"MsoNormal\" style=\"margin: 0cm 0cm 10pt\"><em><span lang=\"ES\"><a href=\"http:\/\/ricancie.nativeweb.org\/html\/cuerpo.html\">Altos del R\u00edo Napo<\/a> (Grado III) <\/span><\/em><\/p>\n<p class=\"MsoNormal\" style=\"margin: 0cm 0cm 10pt\"><span lang=\"ES\">Quiz\u00e1s uno de los mejores r\u00edos para experimentar <a href=\"http:\/\/es.wikipedia.org\/wiki\/Descenso_de_r%C3%ADos\">rafting<\/a>. Grandes olas y r\u00e1pidos excitantes, combinados con tranquilas aguas se ofrecen envueltos en la m\u00e1gica selva oriental. Los meses de marzo a octubre son ideales para la pr\u00e1ctica, pues el nivel de agua se encuentra en estado medio a alto. La aventura consiste en 25 kil\u00f3metros de recorrido, a solo una hora de Tena. <\/span><\/p>\n<p class=\"MsoNormal\" style=\"margin: 0cm 0cm 10pt\"><em><span lang=\"ES\"><a href=\"http:\/\/www.exploringecuador.com\/espanol\/amazon\/tena\/\">R\u00edo Misahuall\u00ed <\/a>(Grado IV-V)<br \/>\n<\/span><\/em><span lang=\"ES\">Debido a su dificultad, es considerada tal vez la experiencia m\u00e1s desafiante de rafting en todo Ecuador. Posee algunos r\u00e1pidos de nivel IV, dentro de un profundo ca\u00f1\u00f3n con selvas v\u00edrgenes alrededor. Adem\u00e1s, una espectacular cascada de 30 pies lleva hasta el tramo llamado \"Tierra de Gigantes\". Este r\u00edo puede ser navegado de mediados de octubre a mediados de marzo, cuando posee la altura ideal para ser navegado. Toma 1 d\u00eda de viaje para un equipo experimentado. <\/span><\/p>\n<p class=\"MsoNormal\" style=\"margin: 0cm 0cm 10pt\"><em><span lang=\"ES\"><a href=\"http:\/\/www.parquesangay.org.ec\/hidro.html\">Upano<\/a> (Grado IV)<br \/>\n<\/span><\/em><span lang=\"ES\">Abundantes cascadas se recorren en este r\u00edo lleno de acci\u00f3n que lleva hasta el sur de la provincia de Morona Santiago donde emerge en el Amazonas y se vuelve m\u00e1s tranquilo. Los mejores meses de pr\u00e1ctica son de octubre a febrero. <\/span><\/p>\n<p class=\"MsoNormal\" style=\"margin: 0cm 0cm 10pt\"><span lang=\"ES\">Para cualquiera de estos r\u00edos, desde Quito, el viaje toma alrededor de 5 horas hasta Tena, punto de partida para la mayor\u00eda de viajes. Otros r\u00edos en la Amazon\u00eda son el Aguarico (Grado II-III) y Du\u00e9 (Grado II-IV). <\/span><\/p>\n<p class=\"MsoNormal\" style=\"margin: 0cm 0cm 10pt\"><span lang=\"ES\">Sierra<br \/>\n<em><a href=\"http:\/\/www.edufuturo.com\/educacion.php?c=1434\">R\u00edo Toachi<\/a> (Grado III)<br \/>\n<\/em>El Toachi es pr\u00e1cticamente el r\u00edo m\u00e1s popular en Ecuador para la pr\u00e1ctica de rafting, al ser la aventura m\u00e1s cercana a Quito. La temporada ideal para disfrutar de sus aguas es de enero a fines de mayo. El viaje ida y vuelta por sus aguas toma un tiempo de 5 horas y media y los paquetes son ofertados cuatro veces por semana <em>.<\/em><\/span><\/p>\n<p class=\"MsoNormal\" style=\"margin: 0cm 0cm 10pt\"><em><span lang=\"ES\"><a href=\"http:\/\/www.hoy.com.ec\/especial\/2004\/novio\/rioblanco.htm\">R\u00edo Blanco<\/a> (Grado III)<br \/>\n<\/span><\/em><span lang=\"ES\">Paralelo al r\u00edo Toachi est\u00e1 el R\u00edo Blanco. R\u00e1pidos sin pausas, mantienen a la tripulaci\u00f3n despierta y lista para momentos de alta diversi\u00f3n durante todo el recorrido. El per\u00edodo recomendado para rafting o kayaking en sus aguas es desde enero hasta mayo. Para disfrutar de todos los encantos de R\u00edo Blanco y sus alrededores, se sugieren salidas de 1 a 2 d\u00edas desde los Bancos hasta Valle Hermoso, donde se puede acampar al filo del r\u00edo. <\/span><\/p>\n<p class=\"MsoNormal\" style=\"margin: 0cm 0cm 10pt\"><em><span lang=\"ES\"><a href=\"http:\/\/www.surtrek.org\/rafting_rio_quijos.html\">R\u00edo Quijos<\/a> (Grado IV-V)<br \/>\n<\/span><\/em><span lang=\"ES\">Ubicado a la altura de El Chaco y del \u00e1rea de Papallacta en la provincia de Pichincha. La parte m\u00e1s alta y larga de 145 metros puede ser atravesada sobre las cascadas de San Rafael, las m\u00e1s largas del pa\u00eds. El per\u00edodo \u00f3ptimo de visita es de marzo a septiembre cuando su caudal es lo suficientemente alto para disfrutar de sus aguas. Este r\u00edo por sus cualidades fue escogido como la sede para el Mundial de Rafting del a\u00f1o 2005. <\/span><\/p>\n<p class=\"MsoNormal\" style=\"margin: 0cm 0cm 0pt\">\n<table class=\"MsoNormalTable\" style=\"width: 127.5pt\" border=\"0\" cellspacing=\"0\" cellpadding=\"0\" width=\"170\">\n<tbody>\n<tr>\n<td style=\"border: #ece9d8;padding: 0cm\">\n<p class=\"MsoNormal\" style=\"margin: 0cm 0cm 0pt;text-align: center\">\n<\/td>\n<\/tr>\n<tr>\n<td style=\"border: #ece9d8;padding: 0cm\" valign=\"top\"><img loading=\"lazy\" decoding=\"async\" class=\"alignnone size-full wp-image-68\" src=\"http:\/\/blog.espol.edu.ec\/johgvasc\/files\/2009\/11\/3.jpg\" alt=\"3\" width=\"188\" height=\"136\" \/><\/td>\n<\/tr>\n<\/tbody>\n<\/table>\n<p class=\"MsoNormal\" style=\"margin: 0cm 0cm 0pt\"><strong><span lang=\"ES\">Equipo<br \/>\n<\/span><\/strong><span lang=\"ES\">Personal: Chaleco salvavidas, casco, remo.<br \/>\nGeneral: Raft (bote) o kayak, bomba para inflar botes, straps (cuerdas para amarrar equipos), kit de reparaci\u00f3n, fundas herm\u00e9ticas de agua, botiqu\u00edn, cuerdas de rescate y poleas. <\/span><\/p>\n<p class=\"MsoNormal\" style=\"margin: 0cm 0cm 10pt\"><span lang=\"ES\"> <\/span><\/p>\n<p class=\"MsoNormal\" style=\"margin: 0cm 0cm 10pt\"><a name=\"take\"><\/a><strong><span lang=\"ES\">\u00bfQu\u00e9 llevar?<br \/>\n<\/span><\/strong><span lang=\"ES\">Equipaje liviano, llevar solo lo estrictamente necesario<br \/>\nUna toalla absorbente<br \/>\nSandalias<br \/>\nGorra y gafas para sol<br \/>\nRepelente de insectos<br \/>\nC\u00e1mara de fotos y muchos rollos<br \/>\nEl equipo especial, es facilitado por la operadora <\/span><\/p>\n<p class=\"MsoNormal\" style=\"margin: 0cm 0cm 10pt\"><span lang=\"ES\">1. Dos pares zapatillas<br \/>\n2. Dos cambios de ropa<br \/>\n3. Gorra o visera para mojar<br \/>\n4. Tienda de campa\u00f1a<br \/>\n5. L\u00e1mpara de mano<br \/>\n6. Repelente de mosquitos<br \/>\n7. Bronceador solar<br \/>\n8. Chamarra de nylon muy ligera<br \/>\n9. C\u00e1mara fotogr\u00e1fica contra agua<br \/>\n10. Te recomendamos usar traje de ba\u00f1o y shorts o lycras que no sean de algod\u00f3n para el transcurso del r\u00edo y ropa abrigada para despu\u00e9s. los art\u00edculos aqu\u00ed sugeridos no son indispensables pero har\u00e1n m\u00e1s c\u00f3moda tu estancia en el r\u00edo.<br \/>\n11. Evita llevar objetos punzocortantes que puedan lesionar la balsa. <\/span><\/p>\n<p class=\"MsoNormal\" style=\"margin: 0cm 0cm 10pt\"><strong><span lang=\"ES\">Recomendaciones<br \/>\n<\/span><\/strong><span lang=\"ES\">No beber agua de los r\u00edos, llevar agua en botella.<br \/>\nEscoger el tipo de r\u00edo de acuerdo a experiencia, ciertos r\u00e1pidos pueden ser extremadamente peligrosos.<br \/>\nEscoger la temporada \u00f3ptima para realizar el viaje. <\/span><\/p>\n<p class=\"MsoNormal\" style=\"margin: 0cm 0cm 10pt\"><a name=\"readings\"><\/a><span lang=\"ES\"><strong>Lecturas recomendadas:<br \/>\n<\/strong><span lang=\"ES\"><span style=\"text-decoration: underline\"><a href=\"http:\/\/www.riosecuador.com\/index.html\">http:\/\/www.riosecuador.com\/index.html<\/a><\/span><\/span><\/span><\/p>\n<p class=\"MsoNormal\" style=\"margin: 0cm 0cm 10pt\"><span lang=\"ES\"><a title=\"rios\" href=\"http:\/\/www.yacuamu.com\/\"><span lang=\"ES\"><span style=\"text-decoration: underline\">http:\/\/www.yacuamu.com\/ <\/span><\/span><\/a><\/span><\/p>\n<p class=\"MsoNormal\" style=\"margin: 0cm 0cm 10pt\"><strong><span lang=\"ES\">Tour Operadores<br \/>\n<\/span><\/strong><span lang=\"ES\">La mayor\u00eda de tour operadores de rafting y kayaking se encuentran en Quito, Ba\u00f1os, Tena y el Oriente. Los paquetes tur\u00edsticos van de uno a dos d\u00edas, aunque puede optar tambi\u00e9n por programas de d\u00edas m\u00faltiples que incluyen otras actividades. <\/span><\/p>\n<p class=\"MsoNormal\" style=\"margin: 0cm 0cm 10pt\"><span lang=\"ES\">Tambi\u00e9n existen programas de aprendizaje para particulares y grupos. Los instructores le llevar\u00e1n por r\u00edos f\u00e1ciles hasta nivel III, mientras disfruta de la vegetaci\u00f3n y vida salvaje de sus ambientes tropicales. <\/span><\/p>\n<p class=\"MsoNormal\" style=\"margin: 0cm 0cm 10pt\"><span lang=\"ES\"><strong>\u00bfListo para viajar al Ecuador?<br \/>\n<\/strong><span lang=\"ES\"><span style=\"text-decoration: underline\"><a href=\"http:\/\/www.goecuador.com\/espanol\/operadores-turisticos\/rafting-kayaking-ecuador.html\">Tour Operadores de Rafting &amp; Kayak<\/a><span> <\/span><\/span><\/span><\/span><\/p>\n<p class=\"MsoNormal\" style=\"margin: 0cm 0cm 10pt\"><span lang=\"ES\"><span style=\"font-size: small;font-family: Calibri\"> <\/span><\/span><\/p>\n<p class=\"MsoNormal\"><strong><span style=\"text-decoration: underline\"><span lang=\"ES\">Rafting &amp; Kayaking en Ecuador<\/span><\/span><\/strong><\/p>\n<p class=\"MsoNormal\"><span lang=\"ES\"> <\/span><\/p>\n<p class=\"MsoNormal\" style=\"margin: 0cm 0cm 10pt\"><span lang=\"ES\">Ecuador es un para\u00edso acu\u00e1tico con c\u00e1lidas corrientes y docenas de r\u00edos navegables. El Kayaking y Rafting son dos grandes opciones para entrar en contacto con la naturaleza y los r\u00edos del Ecuador, que ofrecen una de las m\u00e1s inolvidables experiencias del planeta. Varias operadoras de turismo ofrecen aventuras de rafting o kayaking con seguridades y facilidades en diversos grados de dificultad. No importa si eres principiante o avanzado, \u00a1Ecuador te invita a sumergirte en sus aguas! <\/span><\/p>\n<p class=\"MsoNormal\"><span lang=\"ES\">Ecuador es un para\u00edso acu\u00e1tico con c\u00e1lidas corrientes y docenas de r\u00edos navegables. El Kayaking y Rafting son dos grandes opciones para entrar en contacto con la naturaleza y los r\u00edos del Ecuador, que ofrecen una de las m\u00e1s inolvidables experiencias del planeta. Varias operadoras de turismo ofrecen aventuras de rafting o kayaking con seguridades y facilidades en diversos grados de dificultad. No importa si eres principiante o avanzado, \u00a1Ecuador te invita a sumergirte en sus aguas! <\/span><\/p>\n","protected":false},"excerpt":{"rendered":"<p>Tabla de Contenidos: \u00bfQu\u00e9 es el rafting? Precauciones Niveles R\u00edos del Ecuador Equipo \u00bfQu\u00e9 llevar? Recomendaciones Lecturas Tour Operadores Ofertas Especiales Ecuador es un para\u00edso acu\u00e1tico con c\u00e1lidas corrientes y docenas de r\u00edos navegables. El Kayaking y Rafting son dos grandes opciones para entrar en contacto con la naturaleza y los r\u00edos del Ecuador, que [&hellip;]<\/p>\n","protected":false},"author":3109,"featured_media":0,"parent":0,"menu_order":0,"comment_status":"open","ping_status":"open","template":"","meta":{"footnotes":""},"class_list":["post-54","page","type-page","status-publish","hentry"],"_links":{"self":[{"href":"https:\/\/blog.espol.edu.ec\/johgvasc\/wp-json\/wp\/v2\/pages\/54","targetHints":{"allow":["GET"]}}],"collection":[{"href":"https:\/\/blog.espol.edu.ec\/johgvasc\/wp-json\/wp\/v2\/pages"}],"about":[{"href":"https:\/\/blog.espol.edu.ec\/johgvasc\/wp-json\/wp\/v2\/types\/page"}],"author":[{"embeddable":true,"href":"https:\/\/blog.espol.edu.ec\/johgvasc\/wp-json\/wp\/v2\/users\/3109"}],"replies":[{"embeddable":true,"href":"https:\/\/blog.espol.edu.ec\/johgvasc\/wp-json\/wp\/v2\/comments?post=54"}],"version-history":[{"count":18,"href":"https:\/\/blog.espol.edu.ec\/johgvasc\/wp-json\/wp\/v2\/pages\/54\/revisions"}],"predecessor-version":[{"id":162,"href":"https:\/\/blog.espol.edu.ec\/johgvasc\/wp-json\/wp\/v2\/pages\/54\/revisions\/162"}],"wp:attachment":[{"href":"https:\/\/blog.espol.edu.ec\/johgvasc\/wp-json\/wp\/v2\/media?parent=54"}],"curies":[{"name":"wp","href":"https:\/\/api.w.org\/{rel}","templated":true}]}}