{"id":11,"date":"2016-10-15T18:12:38","date_gmt":"2016-10-15T18:12:38","guid":{"rendered":"http:\/\/blog.espol.edu.ec\/johnnybeltran\/?page_id=11"},"modified":"2016-10-15T18:14:13","modified_gmt":"2016-10-15T18:14:13","slug":"propietario-del-blog","status":"publish","type":"page","link":"https:\/\/blog.espol.edu.ec\/johnnybeltran\/propietario-del-blog\/","title":{"rendered":"Propietario del blog"},"content":{"rendered":"<p>Saludos al visitante de \u00e9ste blog.<\/p>\n<p>Mi nombre es Johnny Beltr\u00e1n.<\/p>\n<p>Estudio Ingenier\u00eda en Ciencias Computacionales, orientaci\u00f3n Sistemas Tecnol\u00f3gicos en ESPOL.<\/p>\n<p>Disfruto ir al gimnasio, leer y aprender cosas nuevas acerca de mis pasiones (fisicoculturismo y todo lo relacionado con computer science)<\/p>\n<p><em><strong>Bienvenido a una parte de mi vida.<\/strong><\/em><\/p>\n<h1><strong>Gym, Books &amp; Programming<\/strong><\/h1>\n","protected":false},"excerpt":{"rendered":"<p>Saludos al visitante de \u00e9ste blog. Mi nombre es Johnny Beltr\u00e1n. Estudio Ingenier\u00eda en Ciencias Computacionales, orientaci\u00f3n Sistemas Tecnol\u00f3gicos en ESPOL. Disfruto ir al gimnasio, leer y aprender cosas nuevas acerca de mis pasiones (fisicoculturismo y todo lo relacionado con computer science) Bienvenido a una parte de mi vida. Gym, Books &amp; Programming<\/p>\n","protected":false},"author":10537,"featured_media":0,"parent":0,"menu_order":0,"comment_status":"closed","ping_status":"closed","template":"","meta":{"footnotes":""},"class_list":["post-11","page","type-page","status-publish","hentry"],"_links":{"self":[{"href":"https:\/\/blog.espol.edu.ec\/johnnybeltran\/wp-json\/wp\/v2\/pages\/11","targetHints":{"allow":["GET"]}}],"collection":[{"href":"https:\/\/blog.espol.edu.ec\/johnnybeltran\/wp-json\/wp\/v2\/pages"}],"about":[{"href":"https:\/\/blog.espol.edu.ec\/johnnybeltran\/wp-json\/wp\/v2\/types\/page"}],"author":[{"embeddable":true,"href":"https:\/\/blog.espol.edu.ec\/johnnybeltran\/wp-json\/wp\/v2\/users\/10537"}],"replies":[{"embeddable":true,"href":"https:\/\/blog.espol.edu.ec\/johnnybeltran\/wp-json\/wp\/v2\/comments?post=11"}],"version-history":[{"count":2,"href":"https:\/\/blog.espol.edu.ec\/johnnybeltran\/wp-json\/wp\/v2\/pages\/11\/revisions"}],"predecessor-version":[{"id":13,"href":"https:\/\/blog.espol.edu.ec\/johnnybeltran\/wp-json\/wp\/v2\/pages\/11\/revisions\/13"}],"wp:attachment":[{"href":"https:\/\/blog.espol.edu.ec\/johnnybeltran\/wp-json\/wp\/v2\/media?parent=11"}],"curies":[{"name":"wp","href":"https:\/\/api.w.org\/{rel}","templated":true}]}}