{"id":36,"date":"2016-11-14T04:19:26","date_gmt":"2016-11-14T04:19:26","guid":{"rendered":"http:\/\/blog.espol.edu.ec\/jolureye\/?page_id=36"},"modified":"2016-11-14T04:24:46","modified_gmt":"2016-11-14T04:24:46","slug":"analisis-etimologico-de-los-tiempos-geologicos","status":"publish","type":"page","link":"https:\/\/blog.espol.edu.ec\/jolureye\/analisis-etimologico-de-los-tiempos-geologicos\/","title":{"rendered":"An\u00e1lisis etimol\u00f3gico de los tiempos Geol\u00f3gicos"},"content":{"rendered":"<p><strong>E\u00f3n.-<\/strong> la palabra e\u00f3n se deriva del lat\u00edn tard\u00edo \u201cAEON\u201d pr\u00e9stamo del griego \u201caion\u201d que significa una edad o periodo, tiempo de vida, eternidad, tambi\u00e9n se asocia a la palabra latina aeternus, que en espa\u00f1ol es eterno o eternamente (diccionario etimol\u00f3gico, 2016).<\/p>\n<p>&nbsp;<\/p>\n<p><strong>Fanerozoico.-<\/strong> palabra formada por dos componentes griegos \u201cphaneros\u201d que significa visible, hacerse visible o aparecer, y \u201czoe\u201d forma de vida o ser vivo, estrechamente ligado con \u201czoicos\u201d relativo a los animales o a la vida animal, por lo que fanerozoico se puede interpretar como vida visible\u00a0(diccionario etimol\u00f3gico, 2016).<\/p>\n<p>&nbsp;<\/p>\n<p><strong>Proterozoico.-<\/strong> palabra formada por los siguientes l\u00e9xicos griegos, \u201cpr\u00f3tero\u201d que significa anteceder, preceder, que sucede antes o primero y \u201czoe\u201d que es forma de vida o ser vivo, estrechamente ligado con \u201czoicos\u201d relativo a los animales o a la vida animal, por lo que proterozoico se lo puede interpretar como las primera formas de vida\u00a0(diccionario etimol\u00f3gico, 2016).<\/p>\n<p>&nbsp;<\/p>\n<p><strong>Arqueozoico.-<\/strong> o arqueano palabra formada por los siguientes l\u00e9xicos griegos \u201carkh\u00e9\u201d que significa principio, origen, ancestral y \u201czoe\u201d acompa\u00f1ado del sufijo formador de adjetivos \u201cikoc\u201d que significa ser vivo, por lo que se interpreta a esta palabra como vida ancestral\u00a0(Mateo Andrade, 2016).<\/p>\n<p>&nbsp;<\/p>\n<p><strong>Hadeico.-<\/strong> o adeano palabra formada por el l\u00e9xico griego \u201caionc\u201dque significa el que no se puede ver y que est\u00e1 relacionado con Hades el dios del inframundo \u00a0y del sufijo latino \u201cicus\u201d formante de \u201crelativo a\u201d, por lo que este e\u00f3n se lo interpreta como una etapa de confusi\u00f3n (diccionario etimol\u00f3gico, 2016).<\/p>\n<p>&nbsp;<\/p>\n<p><strong>Era.-<\/strong> palabra proveniente del lat\u00edn \u201caera\u201d y se refiere a un periodo de tiempo donde ocurrio un hecho memorable (diccionario etimol\u00f3gico, 2016).<\/p>\n<p>&nbsp;<\/p>\n<p><strong>Cenozoico.-<\/strong> palabra proveniente de los t\u00e9rminos griegos: el adjetivo \u201ckainos\u201d que significa nuevo, reciente\u00a0 y \u201czoe\u201d forma de vida o ser vivo, estrechamente ligado con \u201czoicos\u201d relativo a los animales o a la vida animal, la cual se la puede interpretar como formas de vidas nuevas o recientes (diccionario etimol\u00f3gico, 2016).<\/p>\n<p>&nbsp;<\/p>\n<p><strong>Mesozoico.-<\/strong> palabra proveniente de los t\u00e9rminos griegos: \u201cmesos\u201d que significa medio o mitad y \u201czoe\u201d que es forma de vida o ser vivo, estrechamente ligado con \u201czoicos\u201d relativo a los animales o a la vida animal, por lo que se la puede interpretar como formas de vida media o formas de vida antes del cenozoico se la relaciona como la era de los dinosaurios\u00a0(Mateo Andrade, 2016).<\/p>\n<p>&nbsp;<\/p>\n<p><strong>Paleozoico.- <\/strong>palabra formada por los l\u00e9xicos griegos \u201cpalaios\u201d o \u201cpalai\u201d que significa lejano en el tiempo y \u201czoe\u201d que es forma de vida o ser vivo, estrechamente ligado con \u201czoicos\u201d relativo a los animales o a la vida animal, por lo que se lo puede interpretar como formas de vidas muy lejanas (Mateo Andrade, 2016).<\/p>\n<p>&nbsp;<\/p>\n<p><strong>Neo-Proterozoico.-<\/strong> palabra que esta compuesta por los vocablos griegos \u201cneo\u201d que es nuevo, \u201cpr\u00f3tero\u201d que es anteceder o preceder, y \u201czoe\u201d que es forma de vida o ser vivo, estrechamente ligado con \u201czoicos\u201d relativo a los animales o a la vida animal, por lo que neo-proterozoico nuevas formas de vida (diccionario etimol\u00f3gico, 2016).<\/p>\n<p>&nbsp;<\/p>\n<p><strong>Meso-Proterozoico.-<\/strong> palabra formada por l\u00e9xicos griegos, \u201cmesos\u201dque significa mitad,\u00a0 \u201cpr\u00f3tero\u201d que es anteceder o preceder, y \u201czoe\u201d que es forma de vida o ser vivo, estrechamente ligado con \u201czoicos\u201d relativo a los animales o a la vida animal, por lo que este termino se lo puede interpretar formas de vida que existieron antes del neo-proterozoico (diccionario etimol\u00f3gico, 2016).<\/p>\n<p>&nbsp;<\/p>\n<p>&nbsp;<\/p>\n<p><strong>Paleo-Proterozoico.-<\/strong> palabra estructurada por los l\u00e9xicos griegos \u201cpalaios o \u201cpalai\u201d que significa lejano en el tiempo, \u201cpr\u00f3tero\u201d que es anteceder o preceder, y \u201czoe\u201d que es forma de vida o ser vivo, estrechamente ligado con \u201czoicos\u201d relativo a los animales o a la vida animal, por lo que a esta expresi\u00f3n se la relaciona con las primeras formas de vida en la tierra (diccionario etimol\u00f3gico, 2016).<\/p>\n<p>&nbsp;<\/p>\n<p><strong>Periodo.-<\/strong> vocablo proveniente de los l\u00e9xicos \u201cperi\u201d que es alrededor y \u201chodos\u201d que es camino o viaje, cuyo significado indica a un espacio de tiempo\u00a0(Mateo Andrade, 2016).<\/p>\n<p>&nbsp;<\/p>\n<p><strong>Cuaternario.-<\/strong> palabra proveniente del l\u00e9xico en lat\u00edn \u201cquaterni\u201d qie es en cuatro o de cuatro y del sufijo \u201cairo\u201d que es \u201crelativo a\u201d por lo que se interpreta como el cuarto periodo\u00a0(diccionario etimol\u00f3gico, 2016).<\/p>\n<p>&nbsp;<\/p>\n<p><strong>Terciario.-<\/strong> palabra formada por componentes griegas como \u201ctertius\u201d y el sufijo \u201cairo\u201d que es \u201crelativo a\u201d por lo que se interpreta como el tercer periodo (diccionario etimol\u00f3gico, 2016).<\/p>\n<p>&nbsp;<\/p>\n<p><strong>Ne\u00f3geno.-<\/strong> palabra formada por ra\u00edces griegas las cuales son \u201cneos\u201d igual a nuevo, y \u201cgenos\u201d que es engendrado, por lo que su interpretaci\u00f3n seria de reci\u00e9n nacido\u00a0(Mateo Andrade, 2016).<\/p>\n<p>&nbsp;<\/p>\n<p><strong>Pale\u00f3geno.-<\/strong> palabra estructurada por los l\u00e9xicos griegos \u201cpalaios o \u201cpalai\u201d que significa lejano en el tiempo y \u201cgenos\u201d\u00a0 igual a engendrado, su significado puede interpretarse como engendrado tard\u00edamente (diccionario etimol\u00f3gico, 2016).<\/p>\n<p>&nbsp;<\/p>\n<p><strong>Cret\u00e1cico.-<\/strong> palabra proveniente de lat\u00edn, formado por los l\u00e9xicos \u201ccreta\u201d, que se refiere a material arcillo-arenosos y le sufijo \u201caceae\u201d que indica semejanza, relaci\u00f3n o pertenencia por lo q esta palabra se interpreta como el periodo perteneciente al periodo donde predomino el material arcillo- arenoso (diccionario etimol\u00f3gico, 2016).<\/p>\n<p>&nbsp;<\/p>\n<p><strong>Jur\u00e1sico.-<\/strong>palabra compuesta por el prefijo \u201cJura\u201d, que es una cordillera monta\u00f1osa que se encuentra entre Francia y Suiza y le sufijo \u201caceae\u201d que indica semejanza, relaci\u00f3n o pertenencia por lo q esta palabra se interpreta como el periodo de vida que se desarroll\u00f3 cerca o alrededores de esta cordillera (diccionario etimol\u00f3gico, 2016).<\/p>\n<p>&nbsp;<\/p>\n<p><strong>Tri\u00e1sico.-<\/strong> la palabra tri\u00e1sico es un termino geol\u00f3gico creado en la primera mitad del siglo XIX que proviene del alem\u00e1n \u201ctrias\u201d, derivado del lat\u00edn \u201ctriadis\u201d lo cual significa tres o conjunto de tres, mas el sufijo \u201cico\u201d que representa con la caracter\u00edstica de\u00a0 o forma de, por lo que geol\u00f3gicamente se interpreta como el periodo el cual presento tres ambientes\u00a0(diccionario etimol\u00f3gico, 2016).<\/p>\n<p>&nbsp;<\/p>\n<p><strong>P\u00e9rmico.-<\/strong> palabra constituida por el prefijo \u201cPerm\u201d el cual es una localidad de Rusia y el sufijo griego de pertenencia o relaci\u00f3n \u201cico\u201d, geol\u00f3gicamente es un neologismo geo-cronol\u00f3gico que designa un periodo de la era paleozoica (Mateo Andrade, 2016).<\/p>\n<p>&nbsp;<\/p>\n<p><strong>Carbon\u00edfero.-<\/strong> la palabra carbon\u00edfero es un termino geol\u00f3gico que viene del latin \u201ccarbonis\u201d genitivo de carbo\u00a0 o carb\u00f3n y \u201cferre\u201d el cual es lleva o producir, literalmente su significado es, que lleva o produce carb\u00f3n, adem\u00e1s es el quinto periodo de la era paleozoica (Mateo Andrade, 2016).<\/p>\n<p>&nbsp;<\/p>\n<p><strong>Dev\u00f3nico.-<\/strong>\u00a0 palabra formada por el prefijo \u201cDevon\u201d que hace referencia a un condado de la regi\u00f3n suroccidental de Inglaterra\u00a0 y el sufijo griego de pertenencia o relaci\u00f3n \u201cico\u201d, por lo tanto esta palabra se la relaciona hechos desarrollados en Devon durante ese periodo (Mateo Andrade, 2016).<\/p>\n<p>&nbsp;<\/p>\n<p><strong>Sil\u00farico.-<\/strong> palabra formada por el prefijo Silures o Siluros, nombre de una poderosa tribu brit\u00e1nica, que ocupaba gran parte del suroeste de Gales y el sufijo griego de pertenencia o relaci\u00f3n \u201cico\u201d, este nombre se debe a la secuencias de rocas que tipifican o caracterizan al periodo (Mateo Andrade, 2016).<\/p>\n<p>&nbsp;<\/p>\n<p><strong>Ordov\u00edcico.-<\/strong> palabra que viene del lat\u00edn \u201cOrdovices\u201d, el cual hace referencia a una tribu celtica que viv\u00eda al norte de Gales antes de la invasi\u00f3n de Roma y el sufijo griego de pertenencia o relaci\u00f3n \u201cico\u201d, su nombre se debe a los estudios de estratos rocosos los cuales se hicieron cerca del lugar antes mencionado (Mateo Andrade, 2016).<\/p>\n<p>&nbsp;<\/p>\n<p><strong>C\u00e1mbrico.-<\/strong> palabra compuesta \u00b4por el l\u00e9xico lat\u00edn medieval \u201ccambria\u201d o \u201ccumbria\u201d que es relativo a gentes o pueblos no galeicos, otro significado es compatriota o coterr\u00e1neo mas el sufijo griego de pertenencia o relaci\u00f3n \u201cico\u201d, literalmente significa perteneciente o relacionado a Cambria (Mateo Andrade, 2016).<\/p>\n<p>&nbsp;<\/p>\n<p><strong>Holoceno.-<\/strong> palabra que proviene de las voces griegas \u201cholos\u201d que es total, integro entero, o completo y \u201ckainos\u201d que significa nuevo o reciente, literalmente significa totalmente reciente (Mateo Andrade, 2016).<\/p>\n<p>&nbsp;<\/p>\n<p><strong>Pleistoceno.-<\/strong> palabra formada por los l\u00e9xicos griegos \u201cpleistos\u201d igual a lo m\u00e1ximo o comienzo y \u201ckainos\u201d que significa nuevo o reciente, el nombre se debe ya que al menos del 70% de los f\u00f3siles de moluscos encontrados all\u00ed encontrados siguen siendo especies que siguen viviendo hasta nuestros d\u00edas (Mateo Andrade, 2016).<\/p>\n<p>&nbsp;<\/p>\n<p><strong>Plioceno.-<\/strong> se deriva de las voces griegas \u201cpleio\u201d igual a mas abundante y \u201ckainos\u201d que significa nuevo o reciente, literalmente significa mas reciente (Mateo Andrade, 2016).<\/p>\n<p>&nbsp;<\/p>\n<p><strong>Mioceno.-<\/strong> formado por las voces griegas \u201cmeion\u201d igual a menos y \u201ckainos\u201d que significa nuevo o reciente, literalmente significa menos reciente (diccionario etimol\u00f3gico, 2016).<\/p>\n<p>&nbsp;<\/p>\n<p><strong>Oligoceno.-<\/strong> palabra formada por los l\u00e9xicos griegos \u201coligos\u201d igual a peque\u00f1o, escaso o poco, y \u201ckainos\u201d que significa nuevo o reciente, geol\u00f3gicamente significa \u00e9poca de escasa formas de vida recientes\u201d (diccionario etimol\u00f3gico, 2016).<\/p>\n<p>&nbsp;<\/p>\n<p><strong>Eoceno.-<\/strong> palabra formada por los l\u00e9xicos griegos \u201ceos\u201d igual a aurora, amanecer, de color rojo o rosado, \u201ckainos\u201d que significa nuevo o reciente, literalmente significa nuevo amanecer (diccionario etimol\u00f3gico, 2016).<\/p>\n<p>&nbsp;<\/p>\n<p><strong>Paleoceno.-<\/strong>\u00a0 palabra formada por los l\u00e9xicos \u201cpalios\u201d igual a lejano y \u201ckainos\u201d que significa nuevo o reciente, literalmente significa vida lejana o vida primitiva (diccionario etimol\u00f3gico, 2016).<\/p>\n<p>&nbsp;<\/p>\n<p style=\"text-align: right\"><em>\u00a0by Jorge Luis Reyes Su\u00e1rez<\/em><\/p>\n","protected":false},"excerpt":{"rendered":"<p>E\u00f3n.- la palabra e\u00f3n se deriva del lat\u00edn tard\u00edo \u201cAEON\u201d pr\u00e9stamo del griego \u201caion\u201d que significa una edad o periodo, tiempo de vida, eternidad, tambi\u00e9n se asocia a la palabra latina aeternus, que en espa\u00f1ol es eterno o eternamente (diccionario etimol\u00f3gico, 2016). &nbsp; Fanerozoico.- palabra formada por dos componentes griegos \u201cphaneros\u201d que significa visible, hacerse &hellip; <\/p>\n<p><a class=\"more-link btn\" href=\"https:\/\/blog.espol.edu.ec\/jolureye\/analisis-etimologico-de-los-tiempos-geologicos\/\">Seguir leyendo<\/a><\/p>\n","protected":false},"author":10723,"featured_media":0,"parent":0,"menu_order":0,"comment_status":"closed","ping_status":"closed","template":"","meta":{"footnotes":""},"class_list":["post-36","page","type-page","status-publish","hentry","nodate","item-wrap"],"aioseo_notices":[],"_links":{"self":[{"href":"https:\/\/blog.espol.edu.ec\/jolureye\/wp-json\/wp\/v2\/pages\/36","targetHints":{"allow":["GET"]}}],"collection":[{"href":"https:\/\/blog.espol.edu.ec\/jolureye\/wp-json\/wp\/v2\/pages"}],"about":[{"href":"https:\/\/blog.espol.edu.ec\/jolureye\/wp-json\/wp\/v2\/types\/page"}],"author":[{"embeddable":true,"href":"https:\/\/blog.espol.edu.ec\/jolureye\/wp-json\/wp\/v2\/users\/10723"}],"replies":[{"embeddable":true,"href":"https:\/\/blog.espol.edu.ec\/jolureye\/wp-json\/wp\/v2\/comments?post=36"}],"version-history":[{"count":2,"href":"https:\/\/blog.espol.edu.ec\/jolureye\/wp-json\/wp\/v2\/pages\/36\/revisions"}],"predecessor-version":[{"id":41,"href":"https:\/\/blog.espol.edu.ec\/jolureye\/wp-json\/wp\/v2\/pages\/36\/revisions\/41"}],"wp:attachment":[{"href":"https:\/\/blog.espol.edu.ec\/jolureye\/wp-json\/wp\/v2\/media?parent=36"}],"curies":[{"name":"wp","href":"https:\/\/api.w.org\/{rel}","templated":true}]}}