{"id":11,"date":"2010-10-18T17:13:05","date_gmt":"2010-10-18T17:13:05","guid":{"rendered":"http:\/\/blog.espol.edu.ec\/jonathanbello\/?page_id=11"},"modified":"2010-10-23T20:40:04","modified_gmt":"2010-10-23T20:40:04","slug":"practicas","status":"publish","type":"page","link":"https:\/\/blog.espol.edu.ec\/jonathanbello\/practicas\/","title":{"rendered":"Autor del Blog"},"content":{"rendered":"<div id=\"attachment_12\" style=\"width: 259px\" class=\"wp-caption alignleft\"><a href=\"http:\/\/blog.espol.edu.ec\/jonathanbello\/files\/2010\/10\/201018835.jpg\"><img loading=\"lazy\" decoding=\"async\" aria-describedby=\"caption-attachment-12\" class=\"size-medium wp-image-12 \" title=\"Jonathan Bello Gorozabel\" src=\"http:\/\/blog.espol.edu.ec\/jonathanbello\/files\/2010\/10\/201018835-277x300.jpg\" alt=\"Jonathan Bello Gorozabel\" width=\"249\" height=\"270\" srcset=\"https:\/\/blog.espol.edu.ec\/jonathanbello\/files\/2010\/10\/201018835-277x300.jpg 277w, https:\/\/blog.espol.edu.ec\/jonathanbello\/files\/2010\/10\/201018835-947x1024.jpg 947w, https:\/\/blog.espol.edu.ec\/jonathanbello\/files\/2010\/10\/201018835.jpg 1280w\" sizes=\"auto, (max-width: 249px) 100vw, 249px\" \/><\/a><p id=\"caption-attachment-12\" class=\"wp-caption-text\">Cordiales saludos compa\u00f1eros<\/p><\/div>\n<p style=\"text-align: left\">Yo soy Jonathan Josue Bello Gorozabel, nac\u00ed en la ciudad de Portoviejo en la provincia de Manab\u00ed.<\/p>\n<p style=\"text-align: left\">Mis padres son Cielo Marisol Gorozabel Molina y Jorge Luis Bello Rivera, mi madre es docente y mi padre es comerciante tengo dos hermanos Andr\u00e9s y Jorge ellos tambi\u00e9n se encuentra cursando estudios superiores.<\/p>\n<p style=\"text-align: left\"><em><strong>MI VIDA ACAD\u00c9MICA.<\/strong><\/em><\/p>\n<p style=\"text-align: left\">Mis estudios primarios los realice en la Escuela Fiscal <em>\"TIBURCIO MAC\u00cdAS\"<\/em>,durante los siete a\u00f1os de educaci\u00f3n b\u00e1sica, en esta escuela sal\u00ed como Portaestandarte del Pabell\u00f3n Nacional, mis estudios secundarios los recibe en el COMIL-7\u00a0 (Colegio Militar \"Grad Miguel Iturralde\"); en el comil-7 viv\u00ed muchos momentos gratos y tambien momentos muy duros, yo estudi\u00e9 en este colegio con la proyecci\u00f3n de seguir la vida militar en ultimo a\u00f1o de estudios fui designado como Brigadier Mayor del COMIL-7 y como Abanderado de la misma instituci\u00f3n.<\/p>\n<p style=\"text-align: left\">En el 2009 di las pruebas de ubicaci\u00f3n para ingresar a la espol y en el 2010 realice el PREPO e ingrese a la ESPOl en el segundo termino acad\u00e9mico.<\/p>\n<p style=\"text-align: left\"><em><strong>MIS METAS<\/strong><\/em>.<\/p>\n<p>Mi meta en mi vida es terminar mis estudios superiores posteriormente realizar un pos-grado y sobre todo conseguir un empleo el cual me de bienestar y disfrutar mucho de la vida porque vida solo hay una y hay que disfrutarla con todos nuestros seres queridos.<\/p>\n","protected":false},"excerpt":{"rendered":"<p>Yo soy Jonathan Josue Bello Gorozabel, nac\u00ed en la ciudad de Portoviejo en la provincia de Manab\u00ed. Mis padres son Cielo Marisol Gorozabel Molina y Jorge Luis Bello Rivera, mi madre es docente y mi padre es comerciante tengo dos hermanos Andr\u00e9s y Jorge ellos tambi\u00e9n se encuentra cursando estudios superiores. MI VIDA ACAD\u00c9MICA. Mis [&hellip;]<\/p>\n","protected":false},"author":5170,"featured_media":0,"parent":0,"menu_order":0,"comment_status":"open","ping_status":"open","template":"","meta":{"footnotes":""},"class_list":["post-11","page","type-page","status-publish","hentry"],"_links":{"self":[{"href":"https:\/\/blog.espol.edu.ec\/jonathanbello\/wp-json\/wp\/v2\/pages\/11","targetHints":{"allow":["GET"]}}],"collection":[{"href":"https:\/\/blog.espol.edu.ec\/jonathanbello\/wp-json\/wp\/v2\/pages"}],"about":[{"href":"https:\/\/blog.espol.edu.ec\/jonathanbello\/wp-json\/wp\/v2\/types\/page"}],"author":[{"embeddable":true,"href":"https:\/\/blog.espol.edu.ec\/jonathanbello\/wp-json\/wp\/v2\/users\/5170"}],"replies":[{"embeddable":true,"href":"https:\/\/blog.espol.edu.ec\/jonathanbello\/wp-json\/wp\/v2\/comments?post=11"}],"version-history":[{"count":8,"href":"https:\/\/blog.espol.edu.ec\/jonathanbello\/wp-json\/wp\/v2\/pages\/11\/revisions"}],"predecessor-version":[{"id":31,"href":"https:\/\/blog.espol.edu.ec\/jonathanbello\/wp-json\/wp\/v2\/pages\/11\/revisions\/31"}],"wp:attachment":[{"href":"https:\/\/blog.espol.edu.ec\/jonathanbello\/wp-json\/wp\/v2\/media?parent=11"}],"curies":[{"name":"wp","href":"https:\/\/api.w.org\/{rel}","templated":true}]}}