{"id":318,"date":"2010-07-31T16:47:00","date_gmt":"2010-07-31T21:47:00","guid":{"rendered":"http:\/\/blog.espol.edu.ec\/jonathanweb24\/?page_id=318"},"modified":"2010-07-31T18:10:30","modified_gmt":"2010-07-31T23:10:30","slug":"flashes","status":"publish","type":"page","link":"https:\/\/blog.espol.edu.ec\/jonathanweb24\/flashes\/","title":{"rendered":"Videos Flash"},"content":{"rendered":"<p style=\"text-align: center\"><strong>Flash<\/strong><\/p>\n<p style=\"text-align: center\">Hola, aqui pongo unas animaciones flash que me encontre en internet, la pagina donde pueden encontrar videos flash se llama Newgrounds.<\/p>\n<p><strong>Que es Newgrounds?<\/strong><\/p>\n<p>Newgrounds es un sitio web estadounidense creado para recolectar animaciones y trabajos Flash, musica, dibujos y \"literatura\". Fue creado en 1995 por Tom Fulp, aunque desde 1991 ya exist\u00eda. Es conocido por ser el portal Flash m\u00e1s grande de Internet y por hospedar al primer juego flash en cruzar a consolas, Alien Hominid.<\/p>\n<p>Su sistema se basa en la participaci\u00f3n de los usuarios, que suben los contenidos (juegos, animaciones, m\u00fasica, dibujos y escritos) y que tambi\u00e9n los valoran.<\/p>\n<p>Newgrounds comenz\u00f3 siendo una revista semanal publicada por Tom Fulp y Rufis en 1991. Era una revista dedicada a la consola Neo Geo. A raiz de ah\u00ed sali\u00f3 el nombre de la revista, llamada New Ground (que significa Nuevo Terreno en ingl\u00e9s).<\/p>\n<p>En los 1995, se cre\u00f3 el sitio web de Newgrounds, \"Newground\", que era el sitio web personal de Tom Fulp, donde colocaba sus peque\u00f1os trabajos en Flash. Pero fue a finales de 1998 y en 1999 cuando oficialmente es creado Newgrounds como un portal flash en su dominio actual y comienza a hacerse muy popular.<\/p>\n<p>Llegan los 2000 y el acceso a Internet crece, cre\u00e1ndose la competencia para Newgrounds. Pero el sitio web ya ha crecido bastante y es ahora el \"prototipo\" del portal Flash actual. Desde aqu\u00ed se producen varias mejoras, como una nueva interfaz, las colecciones y, por primera vez, se escribe la historia del portal a\u00f1o por a\u00f1o, mostrando los mejores juegos de cada mes.<\/p>\n<p>En 2004 el sitio es dado a conocer al mundo una vez m\u00e1s. Ese a\u00f1o es lanzado a consolas Alien Hominid (juego en Flash creado por Fulp) que resulta ser un \u00e9xito, adem\u00e1s de su \"hermano menor\" para Internet. El sitio gana m\u00e1s prestigio y sigue creciendo. En 2005 se celebra el \"Clock Day\" para homenajear al \"Clock Crew\", una animaci\u00f3n flash sobre una fresa con un reloj por rostro que desea dominar Newgrounds. Ese d\u00eda es donde el theme de la p\u00e1gina cambia para homenajear a la animaci\u00f3n, llegando varias animaciones y trabajos flash como homenajes.<\/p>\n<p>2006, el sitio es redise\u00f1ado y se a\u00f1aden nuevas mejoras. La interfaz actual, se celebran por primera vez el \"Pico Day\" (Un d\u00eda entero dedicado a Pico) junto con el \"Lock Day\" para homenajear a \"Lock Legion\". Por \u00faltimo en 2007 se celebra por primera vez el \"Madness Day\", un d\u00eda dedicado a Madness Combat.<\/p>\n<p>Se llama al universo Newgrounds a todas las series, colecciones o trabajos flash que nacieron en Newgrounds. Actualmente, este universo se puede contar por miles de trabajos y m\u00e1s de 10.000 autores, junto a m\u00e1s de 20.000 usuarios.<\/p>\n<p><strong>Tienda<\/strong><br \/>\nNewgrounds ofrece una tienda on-line poniendo a la venta art\u00edculos tales como camisetas, llaveros, stickers o figuras.<\/p>\n<p style=\"text-align: center\"><img decoding=\"async\" src=\"http:\/\/flashfilmproduction.webs.com\/NewgroundsLogo.jpg\" alt=\"\" \/><\/p>\n","protected":false},"excerpt":{"rendered":"<p>Flash Hola, aqui pongo unas animaciones flash que me encontre en internet, la pagina donde pueden encontrar videos flash se llama Newgrounds. Que es Newgrounds? Newgrounds es un sitio web estadounidense creado para recolectar animaciones y trabajos Flash, musica, dibujos y \"literatura\". Fue creado en 1995 por Tom Fulp, aunque desde 1991 ya exist\u00eda. Es [&hellip;]<\/p>\n","protected":false},"author":4535,"featured_media":0,"parent":0,"menu_order":0,"comment_status":"open","ping_status":"open","template":"","meta":{"footnotes":""},"class_list":["post-318","page","type-page","status-publish","hentry"],"_links":{"self":[{"href":"https:\/\/blog.espol.edu.ec\/jonathanweb24\/wp-json\/wp\/v2\/pages\/318","targetHints":{"allow":["GET"]}}],"collection":[{"href":"https:\/\/blog.espol.edu.ec\/jonathanweb24\/wp-json\/wp\/v2\/pages"}],"about":[{"href":"https:\/\/blog.espol.edu.ec\/jonathanweb24\/wp-json\/wp\/v2\/types\/page"}],"author":[{"embeddable":true,"href":"https:\/\/blog.espol.edu.ec\/jonathanweb24\/wp-json\/wp\/v2\/users\/4535"}],"replies":[{"embeddable":true,"href":"https:\/\/blog.espol.edu.ec\/jonathanweb24\/wp-json\/wp\/v2\/comments?post=318"}],"version-history":[{"count":24,"href":"https:\/\/blog.espol.edu.ec\/jonathanweb24\/wp-json\/wp\/v2\/pages\/318\/revisions"}],"predecessor-version":[{"id":323,"href":"https:\/\/blog.espol.edu.ec\/jonathanweb24\/wp-json\/wp\/v2\/pages\/318\/revisions\/323"}],"wp:attachment":[{"href":"https:\/\/blog.espol.edu.ec\/jonathanweb24\/wp-json\/wp\/v2\/media?parent=318"}],"curies":[{"name":"wp","href":"https:\/\/api.w.org\/{rel}","templated":true}]}}