{"id":21,"date":"2010-10-24T01:36:24","date_gmt":"2010-10-24T01:36:24","guid":{"rendered":"http:\/\/blog.espol.edu.ec\/josevelez\/?page_id=21"},"modified":"2010-11-05T02:16:16","modified_gmt":"2010-11-05T02:16:16","slug":"poemas","status":"publish","type":"page","link":"https:\/\/blog.espol.edu.ec\/josevelez\/poemas\/","title":{"rendered":"POEMAS"},"content":{"rendered":"<p style=\"text-align: center\">\n<div id=\"attachment_163\" style=\"width: 269px\" class=\"wp-caption aligncenter\"><a href=\"http:\/\/blog.espol.edu.ec\/josevelez\/files\/2010\/10\/1111.jpg\"><img loading=\"lazy\" decoding=\"async\" aria-describedby=\"caption-attachment-163\" class=\"size-full wp-image-163\" title=\"111\" src=\"http:\/\/blog.espol.edu.ec\/josevelez\/files\/2010\/10\/1111.jpg\" alt=\"\" width=\"259\" height=\"194\" \/><\/a><p id=\"caption-attachment-163\" class=\"wp-caption-text\">FORO DE POEMAS<\/p><\/div>\n<p style=\"text-align: center\">\n<p style=\"text-align: center\">\n<p style=\"text-align: center\"><strong><em>MI AMOR POR TI<\/em><\/strong><\/p>\n<p style=\"text-align: center\">Mucho tiempo he guardado<br \/>\neste amor que siento por t\u00ed<br \/>\ny de haberlo guardado tanto<br \/>\ns\u00f3lo me ha hecho sufrir.<\/p>\n<p style=\"text-align: center\">\n<p style=\"text-align: center\">\n<p style=\"text-align: center\">No te vayas, no me huyas<br \/>\nmas bien acercate a m\u00ed.<br \/>\nNo me esquives, no te alejes<br \/>\nque quiero estar junto a t\u00ed.<\/p>\n<p style=\"text-align: center\">Por qu\u00e9 te alejas amor m\u00edo,<br \/>\npor qu\u00e9 te alejas de m\u00ed<br \/>\nsi yo te quiero tanto<br \/>\nque no puedo vivir sin t\u00ed.<\/p>\n<p style=\"text-align: center\">No te vaya, no me huyas<br \/>\ny dime qu\u00e9 sientes por m\u00ed.<br \/>\nNo me esquives, no te alejes<br \/>\nque yo soy solo para t\u00ed.<\/p>\n<p style=\"text-align: center\">Podr\u00eda ser tan f\u00e1cil,<br \/>\npodr\u00eda ser tan lindo,<br \/>\nsi aclar\u00e1semos las cosas<br \/>\nque nos tienen desunidos.<\/p>\n<p style=\"text-align: center\">No te vayas, no me huyas<br \/>\ny dime que me quieres.<br \/>\nNo me esquives, no te alejes<br \/>\nque sue\u00f1o con tenerte.<\/p>\n<p style=\"text-align: center\">No te vayas, no me huyas,<br \/>\nno me esquives, no te alejes,<br \/>\nsimplemente no lo hagas<br \/>\ny dime que me amas.<\/p>\n<p style=\"text-align: center\"><span style=\"font-size: x-small\"><em>Evelyn Melissa Cuasapaz Vera <\/em><\/span><\/p>\n<p style=\"text-align: center\">\n<p style=\"text-align: center\">\n<p style=\"text-align: center\">\n<p style=\"text-align: center\">\n<p style=\"text-align: center\">\n<p style=\"text-align: center\">\n<p style=\"text-align: center\"><span style=\"font-size: x-small\"><em> <\/em><\/span><\/p>\n<div id=\"attachment_184\" style=\"width: 262px\" class=\"wp-caption aligncenter\"><em><em><a href=\"http:\/\/blog.espol.edu.ec\/josevelez\/files\/2010\/10\/1121.jpg\"><img loading=\"lazy\" decoding=\"async\" aria-describedby=\"caption-attachment-184\" class=\"size-full wp-image-184\" title=\"112\" src=\"http:\/\/blog.espol.edu.ec\/josevelez\/files\/2010\/10\/1121.jpg\" alt=\"\" width=\"252\" height=\"200\" \/><\/a><\/em><\/em><p id=\"caption-attachment-184\" class=\"wp-caption-text\">rosa<\/p><\/div>\n<p><em> <\/em><\/p>\n<p><span style=\"font-size: x-small\">\"Te         digo adi\u00f3s y acaso te quiero todav\u00eda.<br \/>\nQuiz\u00e1 no he de olvidarte, pero te digo adi\u00f3s.<br \/>\nEste cari\u00f1o triste, apasionado y loco<br \/>\nme lo sembr\u00e9 en el alma para quererte a ti.<\/span><\/p>\n<p>No s\u00e9 si te am\u00e9 mucho, no s\u00e9 si te am\u00e9 poco,<br \/>\npero si s\u00e9 que nunca volver\u00e9 a amar as\u00ed...<br \/>\nMe queda tu sonrisa dormida en tu recuerdo<br \/>\ny el coraz\u00f3n me dice que jamas te olvidar\u00e9,<br \/>\npero al quedarme solo sabiendo que te pierdo<br \/>\ntal vez empiezo a amarte como jamas te am\u00e9.<\/p>\n<p>Te diga adi\u00f3s y acaso con esta despedida,<br \/>\nmi m\u00e1s hermoso sue\u00f1o muera dentro de m\u00ed,<br \/>\npero te digo adi\u00f3s para toda la vida,<br \/>\naunque toda la vida siga pensando en ti.<\/p>\n\n\t\t<style type=\"text\/css\">\n\t\t\t#gallery-1 {\n\t\t\t\tmargin: auto;\n\t\t\t}\n\t\t\t#gallery-1 .gallery-item {\n\t\t\t\tfloat: left;\n\t\t\t\tmargin-top: 10px;\n\t\t\t\ttext-align: center;\n\t\t\t\twidth: 50%;\n\t\t\t}\n\t\t\t#gallery-1 img {\n\t\t\t\tborder: 2px solid #cfcfcf;\n\t\t\t}\n\t\t\t#gallery-1 .gallery-caption {\n\t\t\t\tmargin-left: 0;\n\t\t\t}\n\t\t\t\/* see gallery_shortcode() in wp-includes\/media.php *\/\n\t\t<\/style>\n\t\t<div id='gallery-1' class='gallery galleryid-21 gallery-columns-2 gallery-size-thumbnail'><dl class='gallery-item'>\n\t\t\t<dt class='gallery-icon landscape'>\n\t\t\t\t<a href='https:\/\/blog.espol.edu.ec\/josevelez\/poemas\/attachment\/111\/'><img loading=\"lazy\" decoding=\"async\" width=\"150\" height=\"150\" src=\"https:\/\/blog.espol.edu.ec\/josevelez\/files\/2010\/10\/111-150x150.jpg\" class=\"attachment-thumbnail size-thumbnail\" alt=\"\" aria-describedby=\"gallery-1-161\" \/><\/a>\n\t\t\t<\/dt>\n\t\t\t\t<dd class='wp-caption-text gallery-caption' id='gallery-1-161'>\n\t\t\t\tFORO DE POEMAS\n\t\t\t\t<\/dd><\/dl><dl class='gallery-item'>\n\t\t\t<dt class='gallery-icon landscape'>\n\t\t\t\t<a href='https:\/\/blog.espol.edu.ec\/josevelez\/poemas\/111-2\/'><img loading=\"lazy\" decoding=\"async\" width=\"150\" height=\"150\" src=\"https:\/\/blog.espol.edu.ec\/josevelez\/files\/2010\/10\/1111-150x150.jpg\" class=\"attachment-thumbnail size-thumbnail\" alt=\"\" aria-describedby=\"gallery-1-163\" \/><\/a>\n\t\t\t<\/dt>\n\t\t\t\t<dd class='wp-caption-text gallery-caption' id='gallery-1-163'>\n\t\t\t\tFORO DE POEMAS\n\t\t\t\t<\/dd><\/dl><br style=\"clear: both\" \/><dl class='gallery-item'>\n\t\t\t<dt class='gallery-icon landscape'>\n\t\t\t\t<a href='https:\/\/blog.espol.edu.ec\/josevelez\/poemas\/attachment\/112\/'><img loading=\"lazy\" decoding=\"async\" width=\"150\" height=\"150\" src=\"https:\/\/blog.espol.edu.ec\/josevelez\/files\/2010\/10\/1121-150x150.jpg\" class=\"attachment-thumbnail size-thumbnail\" alt=\"\" aria-describedby=\"gallery-1-184\" \/><\/a>\n\t\t\t<\/dt>\n\t\t\t\t<dd class='wp-caption-text gallery-caption' id='gallery-1-184'>\n\t\t\t\trosa\n\t\t\t\t<\/dd><\/dl><dl class='gallery-item'>\n\t\t\t<dt class='gallery-icon landscape'>\n\t\t\t\t<a href='https:\/\/blog.espol.edu.ec\/josevelez\/poemas\/attachment\/113\/'><img loading=\"lazy\" decoding=\"async\" width=\"150\" height=\"150\" src=\"https:\/\/blog.espol.edu.ec\/josevelez\/files\/2010\/10\/113-150x150.jpg\" class=\"attachment-thumbnail size-thumbnail\" alt=\"\" aria-describedby=\"gallery-1-186\" \/><\/a>\n\t\t\t<\/dt>\n\t\t\t\t<dd class='wp-caption-text gallery-caption' id='gallery-1-186'>\n\t\t\t\tcorazon\n\t\t\t\t<\/dd><\/dl><br style=\"clear: both\" \/><dl class='gallery-item'>\n\t\t\t<dt class='gallery-icon portrait'>\n\t\t\t\t<a href='https:\/\/blog.espol.edu.ec\/josevelez\/poemas\/attachment\/114\/'><img loading=\"lazy\" decoding=\"async\" width=\"150\" height=\"150\" src=\"https:\/\/blog.espol.edu.ec\/josevelez\/files\/2010\/10\/114-150x150.jpg\" class=\"attachment-thumbnail size-thumbnail\" alt=\"\" aria-describedby=\"gallery-1-187\" \/><\/a>\n\t\t\t<\/dt>\n\t\t\t\t<dd class='wp-caption-text gallery-caption' id='gallery-1-187'>\n\t\t\t\tpara ti\n\t\t\t\t<\/dd><\/dl><dl class='gallery-item'>\n\t\t\t<dt class='gallery-icon landscape'>\n\t\t\t\t<a href='https:\/\/blog.espol.edu.ec\/josevelez\/poemas\/attachment\/1115\/'><img loading=\"lazy\" decoding=\"async\" width=\"150\" height=\"150\" src=\"https:\/\/blog.espol.edu.ec\/josevelez\/files\/2010\/10\/1115-150x150.jpg\" class=\"attachment-thumbnail size-thumbnail\" alt=\"\" srcset=\"https:\/\/blog.espol.edu.ec\/josevelez\/files\/2010\/10\/1115-150x150.jpg 150w, https:\/\/blog.espol.edu.ec\/josevelez\/files\/2010\/10\/1115.jpg 225w\" sizes=\"auto, (max-width: 150px) 100vw, 150px\" \/><\/a>\n\t\t\t<\/dt><\/dl><br style=\"clear: both\" \/><dl class='gallery-item'>\n\t\t\t<dt class='gallery-icon landscape'>\n\t\t\t\t<a href='https:\/\/blog.espol.edu.ec\/josevelez\/poemas\/attachment\/116\/'><img loading=\"lazy\" decoding=\"async\" width=\"150\" height=\"150\" src=\"https:\/\/blog.espol.edu.ec\/josevelez\/files\/2010\/10\/116-150x150.jpg\" class=\"attachment-thumbnail size-thumbnail\" alt=\"\" \/><\/a>\n\t\t\t<\/dt><\/dl><dl class='gallery-item'>\n\t\t\t<dt class='gallery-icon landscape'>\n\t\t\t\t<a href='https:\/\/blog.espol.edu.ec\/josevelez\/poemas\/attachment\/1117\/'><img loading=\"lazy\" decoding=\"async\" width=\"150\" height=\"150\" src=\"https:\/\/blog.espol.edu.ec\/josevelez\/files\/2010\/10\/1117-150x150.jpg\" class=\"attachment-thumbnail size-thumbnail\" alt=\"\" \/><\/a>\n\t\t\t<\/dt><\/dl><br style=\"clear: both\" \/>\n\t\t<\/div>\n\n<p style=\"text-align: left\"><strong><em>POEMA 2<\/em><br \/>\n<\/strong><\/p>\n<p>Quiero ser en tu vida, algo m\u00e1s que un instante,<br \/>\nalgo m\u00e1s que una sombra y algo m\u00e1s que un af\u00e1n.<br \/>\nQuiero ser en ti misma una huella imborrable<br \/>\ny un recuerdo constante y una sola verdad.<br \/>\nPalpitar en tus rezos con temor de abandono.<br \/>\nSer en todo y por todo complemento de ti.<br \/>\nUna sed infinita de caricias y besos,<br \/>\npero no una costumbre de estar cerca de mi<br \/>\nQuiero ser en tu vida, una pena de ausencia<br \/>\ny un dolor de distancia y una eterna amistad.<br \/>\nAlgo m\u00e1s que una imagen, algo m\u00e1s que el ensue\u00f1o<br \/>\nque venciendo  caminos llega, pasa y se va...<br \/>\nSer el llanto en tus ojos y en tus labios la risa,<br \/>\nser el fin y el principio, la tiniebla y la luz<br \/>\ny la tierra y el cielo\u2026 y la vida y la muerte.<br \/>\nSer igual que en mi vida que has venido a ser t\u00fa\u2026<\/p>\n<p><a title=\"Diario Inca - Martin Galas Jr\" href=\"http:\/\/www.diarioinca.com\/2008\/05\/poemas-de-martin-galas-jr.html\">Martin Galas Jr.<\/a><\/p>\n<div id=\"attachment_187\" style=\"width: 204px\" class=\"wp-caption aligncenter\"><a href=\"http:\/\/blog.espol.edu.ec\/josevelez\/files\/2010\/10\/114.jpg\"><img loading=\"lazy\" decoding=\"async\" aria-describedby=\"caption-attachment-187\" class=\"size-full wp-image-187\" title=\"114\" src=\"http:\/\/blog.espol.edu.ec\/josevelez\/files\/2010\/10\/114.jpg\" alt=\"\" width=\"194\" height=\"259\" \/><\/a><p id=\"caption-attachment-187\" class=\"wp-caption-text\">para ti<\/p><\/div>\n<p><strong><em><span style=\"text-decoration: underline\">ABECEDARIO DE LA AMISTAD<\/span><\/em><\/strong><\/p>\n<p><strong>Un \u00a0amigo\u2026<\/strong><\/p>\n<p><strong>A<\/strong>cepta como eres t\u00fa<\/p>\n<p><strong>B<\/strong>usca como apoyar tus sue\u00f1os<\/p>\n<p><strong>C<\/strong>ree en ti<\/p>\n<p><strong>D<\/strong>a lo mejor de s\u00ed cuando lo necesitas<\/p>\n<p><strong>E<\/strong>scucha con atenci\u00f3n tus problemas<\/p>\n<p><strong>F<\/strong>rena tus insensateces<\/p>\n<p><strong>G<\/strong>rita cuando no escuchas<\/p>\n<p><strong>H<\/strong>abla bien de ti<\/p>\n<p><strong>I<\/strong>nfluye constructivamente en tu vida<\/p>\n<p><strong>J<\/strong>uguetea y te hace re\u00edr, aun en los momentos dif\u00edciles<\/p>\n<p><strong>K-<\/strong>alla aunque est\u00e9 a punto de explotar<\/p>\n<p><strong>L<\/strong>amenta tus fracasos (as\u00ed te los haya advertido)<\/p>\n<p><strong>M<\/strong>antiene y cultiva la amistad<\/p>\n<p><strong> <\/strong><\/p>\n<p><strong>N<\/strong>o te\u00a0 juzga<strong> <\/strong><\/p>\n<p><strong>O<\/strong>frece su apoyo incondicional<\/p>\n<p><strong> <\/strong><\/p>\n<p><strong>P<\/strong>erdona tus errores<\/p>\n<p><strong> <\/strong><\/p>\n<p><strong>Q<\/strong>uiere lo mejor para ti<\/p>\n<p><strong> <\/strong><\/p>\n<p><strong>R<\/strong>ecuerda y aprecia lo que eres para \u00e9l<\/p>\n<p><strong> <\/strong><\/p>\n<p><strong>S<\/strong>e alegra con tus \u00e9xitos<\/p>\n<p><strong> <\/strong><\/p>\n<p><strong>T<\/strong>iene la valent\u00eda de decirte lo que necesitas escuchar<\/p>\n<p><strong> <\/strong><\/p>\n<p><strong>U<\/strong>tiliza sus mejores momentos parar apoyarte<\/p>\n<p><strong> <\/strong><\/p>\n<p><strong>V<\/strong>alora lo que eres<\/p>\n<p><strong> <\/strong><\/p>\n<p><strong>W-<\/strong>uarda con agrado el recuerdo\u00a0 de los buenos momentos<\/p>\n<p><strong> <\/strong><\/p>\n<p><strong>X<\/strong><strong> <\/strong>veces intenta explicarte de forma que entiendas<\/p>\n<p><strong> <\/strong><\/p>\n<p><strong>Y<\/strong><\/p>\n<p><strong> <\/strong><\/p>\n<p><strong>Z<\/strong>ambulle su conciencia en tus adversidades.<\/p>\n<p><a href=\"http:\/\/blog.espol.edu.ec\/josevelez\/files\/2010\/10\/1117.jpg\"><img loading=\"lazy\" decoding=\"async\" class=\"aligncenter size-full wp-image-201\" title=\"1117\" src=\"http:\/\/blog.espol.edu.ec\/josevelez\/files\/2010\/10\/1117.jpg\" alt=\"\" width=\"223\" height=\"167\" \/><\/a><\/p>\n<p><strong>POEMA 4<\/strong><\/p>\n<p style=\"text-align: center\"><strong>Amarte no es facil<br \/>\n<\/strong><\/p>\n<p style=\"text-align: center\">Amarte no es f\u00e1cil, yo se mucho de eso<br \/>\ns\u00ed cuando yo intento robarte alg\u00fan beso<br \/>\nt\u00fa tierna mirada traviesa y risue\u00f1a<br \/>\nen negarme el beso, se afana y se empe\u00f1a<\/p>\n<p style=\"text-align: center\">Yo quiero  a ti amarte con plena conciencia<br \/>\nsin falsas virtudes, sin falsa decencia<br \/>\namarte dormido y amarte despierto<br \/>\namarte en mis sue\u00f1os y amarte en lo cierto<\/p>\n<p style=\"text-align: center\">Amarte sintiendo la noche callada<br \/>\nentonces decirte  \u201cni\u00f1a bien amada\u201d<br \/>\nque amarte  casi se me  ha vuelto un vicio<br \/>\nque a veces yo  siento que he perdido el juicio.<\/p>\n<p style=\"text-align: center\">Amando tu cuerpo de piel nacarada<br \/>\nque me hace perderme como encrucijada<br \/>\nhasta yacer prestos en el paroxismo<br \/>\ny sentir entonces que no soy el mismo<\/p>\n<p style=\"text-align: center\">As\u00ed quiero amarte, mujer de ternura<br \/>\nmujer de inocencia, mujer de locura<br \/>\npero que dif\u00edcil es robarte un beso<br \/>\namarte no es f\u00e1cil... yo... se mucho de eso.<\/p>\n<p style=\"text-align: center\"><a href=\"http:\/\/www.blogger.com\/profile\/16966839345869785709\">VICTOR ZU\u00d1IGA GARCIA<\/a><\/p>\n<p style=\"text-align: center\"><a href=\"http:\/\/blog.espol.edu.ec\/josevelez\/files\/2010\/10\/116.jpg\"><img loading=\"lazy\" decoding=\"async\" class=\"aligncenter size-full wp-image-200\" title=\"116\" src=\"http:\/\/blog.espol.edu.ec\/josevelez\/files\/2010\/10\/116.jpg\" alt=\"\" width=\"251\" height=\"201\" \/><\/a><\/p>\n<p style=\"text-align: left\"><em><strong>POEMA 5<\/strong><\/em><\/p>\n<p style=\"text-align: center\"><em><strong>Amarte en silencio<\/strong><\/em><\/p>\n<p style=\"text-align: center\">He llegado a este mundo imaginando tu ser, ideando tu figura, pero mi mente no ha de formar una descripci\u00f3n tan maravillosa.<\/p>\n<p style=\"text-align: center\">Porque no me he de conformar con tan solo esta descripci\u00f3n inconclusa?<\/p>\n<p style=\"text-align: center\">Si para mi esta peque\u00f1a ideolog\u00eda tuya provoca en mi los sentimientos m\u00e1s profundos.<\/p>\n<p style=\"text-align: center\">\u00a1No!<\/p>\n<p style=\"text-align: center\">Pero mi coraz\u00f3n no se resigna al hecho de no poder llegar a tenerte en  mis brazos, rozar tus labios de miel, sentir tu sutil aroma, el solo  anhelo de llegar a reflejar tus ojos en los m\u00edos hace que mi coraz\u00f3n se  sumerja en un \u00e9xtasis infinito.<\/p>\n<p style=\"text-align: center\">\u00bfD\u00f3nde te puedo encontrar? \u00a1es lo que no se!, tan solo eres una ilusi\u00f3n  inconclusa, un sue\u00f1o, que me hace feliz pero al la vez me atormenta.<\/p>\n<p style=\"text-align: center\"><span style=\"color: gray;font-size: small\"><em><a href=\"http:\/\/www.poemas-del-alma.com\/17721.html\">PABLO JIMENEZ<\/a><\/em><\/span><\/p>\n<p style=\"text-align: center\">\n<p style=\"text-align: left\"><span style=\"color: gray;font-size: small\"><strong><em>POEMA 6<\/em><\/strong><\/span><\/p>\n<p style=\"text-align: center\"><span style=\"color: gray;font-size: small\"><strong><em>Asi.. te amo<\/em><\/strong><\/span><\/p>\n<p style=\"text-align: center\"><em>Cuando hablas con tu mirada,<br \/>\nAmo tu silencio y tu boca mutilada,<br \/>\nAmo tu manera sumisa y antagonista,<br \/>\nSutil y tambi\u00e9n cuando protagonista\u2026<\/em><\/p>\n<p style=\"text-align: center\"><em>Te amo escondida y modificas voluntad,<br \/>\nEncadenado y cuando propones libertad,<br \/>\nTe amo envuelta, plena, desnuda,<br \/>\nSin un desde, sin un hasta, ni tampoco duda\u2026<\/em><\/p>\n<p style=\"text-align: center\"><em>Te amo largo y sin medida, te amo porque te amo,<br \/>\nSin motivos y sin condiciones, sin un talvez,<br \/>\nTe amo sin tiempo, sin derecho, ni tampoco rev\u00e9s\u2026<\/em><\/p>\n<p style=\"text-align: center\"><em>Te amo entera y compartida, te amo porque te amo\u2026<br \/>\nAmo, la mujer que fuiste, la mujer que conozco,<br \/>\nY la mujer en que te vas a convertir, as\u00ed\u2026 te amo.<\/em><\/p>\n<p style=\"text-align: center\"><em>RICARDO SANTOS<\/em><\/p>\n<p style=\"text-align: center\">\n<p style=\"text-align: left\"><em><strong>POEMA 7<\/strong><\/em><\/p>\n<p style=\"text-align: center\"><em><strong>Dame un beso m\u00e1s...<\/strong><\/em><\/p>\n<p style=\"text-align: center\">Dame un beso m\u00e1s, un beso que sepa decir adi\u00f3s. Dame un beso que se  esfume con nosotros y se guarde en mi pecho de cristal. Ya es hora de  partir\u2026 un poco tarde tal vez, pero hemos de dejarnos a cada uno por su  lado. No es tan f\u00e1cil para mi amor, pero es lo mejor. Dame un beso m\u00e1s,  el m\u00e1s intenso y el m\u00e1s bello, un beso que me hable del amor que hubo  entre los dos.<\/p>\n<p style=\"text-align: center\">Dame este beso y ya, que sea el \u00faltimo y cierre este tel\u00f3n,  present\u00e1bamos s\u00f3lo la tragedia despu\u00e9s de la m\u00e1s esplendorosa comedia.  Terminemos de una vez con el sufrimiento haber si alg\u00fan d\u00eda logramos  recuperar la sonrisa. Dame un beso, no uno como muchos otros que me has  dado. Dame uno de esos besos que esconden por debajo del vestido y se  anidan en mis brazos junto con mis sue\u00f1os.<\/p>\n<p style=\"text-align: center\">Dame un beso tierno, que el silencio se lo lleve de donde ese beso vino.  Ya me cans\u00e9 de llorar, de luchar y que todo siga igual. Besar\u00e1s m\u00e1s  labios pero ningunos como los m\u00edos. S\u00e9 que extra\u00f1ar\u00e1s mi boca y querr\u00e1s  darme ese beso que tanto te pido, porque ya no quiero seguir con el  dolor que muchos otros han tra\u00eddo.<\/p>\n<p style=\"text-align: center\">Ninguno de los dos puede m\u00e1s, ninguno quiere morir sin saber que m\u00e1s  dar. Dame un beso y dime adi\u00f3s, no voltees para atr\u00e1s, olv\u00eddate quien  soy.<\/p>\n<p style=\"text-align: center\">\n<p style=\"text-align: center\"><span style=\"color: gray;font-size: x-small\"><em>PAOLA CRISTINA<br \/>\n<\/em><\/span><\/p>\n<p style=\"text-align: center\"><em><strong><br \/>\n<\/strong><\/em><\/p>\n","protected":false},"excerpt":{"rendered":"<p>MI AMOR POR TI Mucho tiempo he guardado este amor que siento por t\u00ed y de haberlo guardado tanto s\u00f3lo me ha hecho sufrir. No te vayas, no me huyas mas bien acercate a m\u00ed. No me esquives, no te alejes que quiero estar junto a t\u00ed. Por qu\u00e9 te alejas amor m\u00edo, por qu\u00e9 [&hellip;]<\/p>\n","protected":false},"author":5206,"featured_media":0,"parent":0,"menu_order":0,"comment_status":"open","ping_status":"open","template":"","meta":{"footnotes":""},"class_list":["post-21","page","type-page","status-publish","hentry"],"_links":{"self":[{"href":"https:\/\/blog.espol.edu.ec\/josevelez\/wp-json\/wp\/v2\/pages\/21","targetHints":{"allow":["GET"]}}],"collection":[{"href":"https:\/\/blog.espol.edu.ec\/josevelez\/wp-json\/wp\/v2\/pages"}],"about":[{"href":"https:\/\/blog.espol.edu.ec\/josevelez\/wp-json\/wp\/v2\/types\/page"}],"author":[{"embeddable":true,"href":"https:\/\/blog.espol.edu.ec\/josevelez\/wp-json\/wp\/v2\/users\/5206"}],"replies":[{"embeddable":true,"href":"https:\/\/blog.espol.edu.ec\/josevelez\/wp-json\/wp\/v2\/comments?post=21"}],"version-history":[{"count":21,"href":"https:\/\/blog.espol.edu.ec\/josevelez\/wp-json\/wp\/v2\/pages\/21\/revisions"}],"predecessor-version":[{"id":23,"href":"https:\/\/blog.espol.edu.ec\/josevelez\/wp-json\/wp\/v2\/pages\/21\/revisions\/23"}],"wp:attachment":[{"href":"https:\/\/blog.espol.edu.ec\/josevelez\/wp-json\/wp\/v2\/media?parent=21"}],"curies":[{"name":"wp","href":"https:\/\/api.w.org\/{rel}","templated":true}]}}