{"id":151,"date":"2013-05-24T17:06:27","date_gmt":"2013-05-24T17:06:27","guid":{"rendered":"http:\/\/blog.espol.edu.ec\/josfmedi\/?page_id=151"},"modified":"2013-05-24T22:07:18","modified_gmt":"2013-05-24T22:07:18","slug":"yuxtapuesta","status":"publish","type":"page","link":"https:\/\/blog.espol.edu.ec\/josfmedi\/las-armas-de-fuego\/escopetas\/yuxtapuesta\/","title":{"rendered":"Yuxtapuesta"},"content":{"rendered":"<table border=\"0\" cellspacing=\"5\" cellpadding=\"0\">\n<tbody>\n<tr>\n<td colspan=\"3\" valign=\"top\"><img loading=\"lazy\" decoding=\"async\" class=\"aligncenter\" src=\"http:\/\/www.armas.es\/images\/stories\/mundo_de_las_armas\/yuxtapuesta\/yuxtapuesta_1.jpg\" alt=\"yuxtapuesta_1\" width=\"410\" height=\"78\" \/><\/td>\n<\/tr>\n<tr>\n<td colspan=\"3\" valign=\"top\">\n<p style=\"text-align: justify\"><strong>Arma cl\u00e1sica \u00edntimamente ligada a los cazadores m\u00e1s tradicionales. Posee dos ca\u00f1ones de \u00e1nima lisa dispuestos de forma paralela.<\/strong><\/p>\n<p style=\"text-align: justify\">La <a title=\"escopeta\" href=\"http:\/\/es.wikipedia.org\/wiki\/Escopeta\">escopeta<\/a> yuxtapuesta est\u00e1 considerada como el arma de caza por excelencia. Los tiradores m\u00e1s cl\u00e1sicos todav\u00eda conservan el gusto por esta tradicional escopeta que ofrece unas grandes prestaciones en la <a title=\"caza\" href=\"http:\/\/es.wikipedia.org\/wiki\/Caza\">caza<\/a> de ojeo o en cobertura. Esta arma se caracteriza por disponer de dos <a title=\"ca\u00f1ones paralelo\" href=\"http:\/\/es.wikipedia.org\/wiki\/Escopeta_de_dos_ca%C3%B1ones\">ca\u00f1ones paralelos<\/a> capaces de adaptarse a un gran n\u00famero de calibres, siendo el n\u00famero 12 uno de los m\u00e1s populares. En funci\u00f3n de su b\u00e1scula, se pueden diferenciar dos tipos de escopeta yuxtapuesta: la de llave de caja (m\u00e1s robusta y sencilla de usar) y la de llave paralela o pletina larga (m\u00e1s compleja y precisa). Gran parte de estas armas poseen doble gatillo, uno para cada ca\u00f1\u00f3n, aunque tambi\u00e9n son muy populares los modelos monogatillo.<\/p>\n<\/td>\n<\/tr>\n<tr>\n<td colspan=\"3\" valign=\"top\"><\/td>\n<\/tr>\n<tr>\n<td colspan=\"2\" valign=\"top\" width=\"50%\"><img loading=\"lazy\" decoding=\"async\" class=\"aligncenter\" src=\"http:\/\/www.armas.es\/images\/stories\/mundo_de_las_armas\/yuxtapuesta\/yuxtapuesta2.jpg\" alt=\"yuxtapuesta2\" width=\"250\" height=\"90\" \/><\/td>\n<td valign=\"top\"><img loading=\"lazy\" decoding=\"async\" class=\"aligncenter\" src=\"http:\/\/www.armas.es\/images\/stories\/mundo_de_las_armas\/yuxtapuesta\/yuxtapuesta1.jpg\" alt=\"yuxtapuesta1\" width=\"250\" height=\"90\" \/><\/td>\n<\/tr>\n<tr>\n<td style=\"text-align: center\" colspan=\"2\" valign=\"top\">Dos ca\u00f1ones paralelos (uno al lado del otro)<\/td>\n<td style=\"text-align: center\" valign=\"top\">Ca\u00f1\u00f3n basculante (el m\u00e1s utilizado es el Holland &amp; Holland)<\/td>\n<\/tr>\n<tr>\n<td colspan=\"2\" valign=\"top\"><\/td>\n<td valign=\"top\"><\/td>\n<\/tr>\n<tr>\n<td colspan=\"2\" valign=\"top\"><img loading=\"lazy\" decoding=\"async\" class=\"aligncenter\" src=\"http:\/\/www.armas.es\/images\/stories\/mundo_de_las_armas\/yuxtapuesta\/cazamenor.jpg\" alt=\"cazamenor\" width=\"250\" height=\"90\" \/><\/td>\n<td valign=\"top\"><\/td>\n<\/tr>\n<tr>\n<td style=\"text-align: center\" colspan=\"2\" valign=\"top\">Gran variedad de <a title=\"calibres\" href=\"http:\/\/es.wikipedia.org\/wiki\/Calibre_(armas_de_fuego)\">calibres<\/a><\/td>\n<td valign=\"top\"><\/td>\n<\/tr>\n<tr>\n<td valign=\"top\"><\/td>\n<td valign=\"top\"><\/td>\n<td valign=\"top\"><\/td>\n<\/tr>\n<tr>\n<td valign=\"top\"><span style=\"color: #ccffcc\"><strong>Caracter\u00edsticas:<\/strong><\/span><\/td>\n<td valign=\"top\"><span style=\"color: #ccffcc\"><strong>Utilidad principal:<\/strong><\/span><\/td>\n<td valign=\"top\"><\/td>\n<\/tr>\n<tr>\n<td style=\"text-align: justify\" valign=\"top\">-Manejabilidad<br \/>\n-Funcionalidad<br \/>\n-Elegancia<br \/>\n-Eficacia<\/td>\n<td style=\"text-align: justify\" valign=\"top\">-Caza de ojeo o en cobertura<\/td>\n<\/tr>\n<\/tbody>\n<\/table>\n<p>&nbsp;<\/p>\n","protected":false},"excerpt":{"rendered":"<p>Arma cl\u00e1sica \u00edntimamente ligada a los cazadores m\u00e1s tradicionales. Posee dos ca\u00f1ones de \u00e1nima lisa dispuestos de forma paralela. La escopeta yuxtapuesta est\u00e1 considerada como el arma de caza por excelencia. Los tiradores m\u00e1s cl\u00e1sicos todav\u00eda conservan el gusto por esta tradicional escopeta que ofrece unas grandes prestaciones en la caza de ojeo o en [&hellip;]<\/p>\n","protected":false},"author":8494,"featured_media":0,"parent":135,"menu_order":2,"comment_status":"open","ping_status":"closed","template":"","meta":{"footnotes":""},"class_list":["post-151","page","type-page","status-publish","hentry"],"_links":{"self":[{"href":"https:\/\/blog.espol.edu.ec\/josfmedi\/wp-json\/wp\/v2\/pages\/151","targetHints":{"allow":["GET"]}}],"collection":[{"href":"https:\/\/blog.espol.edu.ec\/josfmedi\/wp-json\/wp\/v2\/pages"}],"about":[{"href":"https:\/\/blog.espol.edu.ec\/josfmedi\/wp-json\/wp\/v2\/types\/page"}],"author":[{"embeddable":true,"href":"https:\/\/blog.espol.edu.ec\/josfmedi\/wp-json\/wp\/v2\/users\/8494"}],"replies":[{"embeddable":true,"href":"https:\/\/blog.espol.edu.ec\/josfmedi\/wp-json\/wp\/v2\/comments?post=151"}],"version-history":[{"count":7,"href":"https:\/\/blog.espol.edu.ec\/josfmedi\/wp-json\/wp\/v2\/pages\/151\/revisions"}],"predecessor-version":[{"id":154,"href":"https:\/\/blog.espol.edu.ec\/josfmedi\/wp-json\/wp\/v2\/pages\/151\/revisions\/154"}],"up":[{"embeddable":true,"href":"https:\/\/blog.espol.edu.ec\/josfmedi\/wp-json\/wp\/v2\/pages\/135"}],"wp:attachment":[{"href":"https:\/\/blog.espol.edu.ec\/josfmedi\/wp-json\/wp\/v2\/media?parent=151"}],"curies":[{"name":"wp","href":"https:\/\/api.w.org\/{rel}","templated":true}]}}