{"id":2,"date":"2013-05-17T13:39:12","date_gmt":"2013-05-17T13:39:12","guid":{"rendered":"http:\/\/blog.espol.edu.ec\/josfmedi\/?page_id=2"},"modified":"2013-05-24T19:28:23","modified_gmt":"2013-05-24T19:28:23","slug":"revolver","status":"publish","type":"page","link":"https:\/\/blog.espol.edu.ec\/josfmedi\/las-armas-de-fuego\/revolver\/","title":{"rendered":"Rev\u00f3lver"},"content":{"rendered":"<p>&nbsp;<\/p>\n<table border=\"0\" cellspacing=\"5\" cellpadding=\"0\">\n<tbody>\n<tr>\n<td colspan=\"3\" valign=\"top\"><a href=\"http:\/\/blog.espol.edu.ec\/josfmedi\/files\/2013\/05\/rm-1003b.jpg\"><img loading=\"lazy\" decoding=\"async\" class=\"size-medium wp-image-103 aligncenter\" src=\"http:\/\/blog.espol.edu.ec\/josfmedi\/files\/2013\/05\/rm-1003b-300x131.jpg\" alt=\"\" width=\"300\" height=\"131\" srcset=\"https:\/\/blog.espol.edu.ec\/josfmedi\/files\/2013\/05\/rm-1003b-300x131.jpg 300w, https:\/\/blog.espol.edu.ec\/josfmedi\/files\/2013\/05\/rm-1003b-1024x449.jpg 1024w\" sizes=\"auto, (max-width: 300px) 100vw, 300px\" \/><\/a><\/td>\n<\/tr>\n<tr>\n<td colspan=\"3\" valign=\"top\">\n<p style=\"text-align: justify\" align=\"justify\"><strong>Armas de repetici\u00f3n que se diferencian de las pistolas por contar con un cargador giratorio que habitualmente alberga 6 proyectiles.<\/strong><\/p>\n<p style=\"text-align: justify\" align=\"justify\"><strong>El rev\u00f3lver es el arma corta por excelencia<\/strong>. Existen modelos que datan del siglo XVI, aunque su gran popularidad lleg\u00f3 en el siglo XIX de la mano del norteamericano Samuel Colt. Este fabricante contribuy\u00f3 a la difusi\u00f3n de esta arma, concebida originariamente como un arma de defensa, con modelos legendarios como el \"<a href=\"https:\/\/www.armasdecoleccion.com\/revolver-colt-peacemaker-p-77.html\">45 Peacemaker<\/a>\u201d. La diferencia principal entre el rev\u00f3lver y la <a title=\"pistola\" href=\"http:\/\/blog.espol.edu.ec\/josfmedi\/pistolas\/\">pistola<\/a> radica en el cargador giratorio del rev\u00f3lver, que normalmente suele dar cabida a 6 proyectiles. Adem\u00e1s, debido a su sencillez, el rev\u00f3lver est\u00e1 considerado como un arma m\u00e1s fiable que una pistola. Tal y como sucede con las pistolas, existen dos tipos b\u00e1sicos de rev\u00f3lveres: los de acci\u00f3n simple y los de doble acci\u00f3n. Por otra parte, atendiendo a su sistema de apertura y cierre se pueden diferenciar tres clases de rev\u00f3lveres: los que cuentan con un obturador lateral, los que presentan un sistema de apertura y cierre basculante, y los que poseen un movimiento oscilante. Esta arma se compone de tres partes fundamentales:<\/p>\n<ol>\n<li><span style=\"font-size: 11px;line-height: 19px\">La armadura<\/span><\/li>\n<li><span style=\"font-size: 11px;line-height: 19px\">El ca\u00f1\u00f3n\u00a0<\/span><\/li>\n<li><span style=\"font-size: 11px;line-height: 19px\">El cilindro o tambor.<\/span><\/li>\n<\/ol>\n<\/td>\n<\/tr>\n<tr>\n<td colspan=\"3\" valign=\"top\"><\/td>\n<\/tr>\n<tr>\n<td colspan=\"2\" valign=\"top\"><img loading=\"lazy\" decoding=\"async\" class=\"aligncenter\" src=\"http:\/\/www.armas.es\/images\/stories\/mundo_de_las_armas\/revolver\/revolver6.jpg\" alt=\"revolver6\" width=\"250\" height=\"90\" \/><\/td>\n<td valign=\"top\" width=\"50%\"><img loading=\"lazy\" decoding=\"async\" class=\"aligncenter\" src=\"http:\/\/www.armas.es\/images\/stories\/mundo_de_las_armas\/revolver\/revolver2.jpg\" alt=\"revolver2\" width=\"250\" height=\"90\" \/><\/td>\n<\/tr>\n<tr>\n<td colspan=\"2\" valign=\"top\">\n<h4><span style=\"color: #ccffcc\">La armadura<\/span><\/h4>\n<p style=\"text-align: justify\">Cumple dos funciones b\u00e1sicas: servir como empu\u00f1adura y alojar en su interior todos los elementos mec\u00e1nicos del rev\u00f3lver. Est\u00e1 compuesta por los siguientes elementos: Gatillo , palanca del gatillo , \u00a0<a title=\"nuez del disparador\" href=\"http:\/\/www.google.com.ec\/search?q=nuez+del+disparador&amp;bav=on.2,or.r_qf.&amp;bvm=bv.47008514,d.dmg&amp;biw=1440&amp;bih=756&amp;um=1&amp;ie=UTF-8&amp;hl=es&amp;tbm=isch&amp;source=og&amp;sa=N&amp;tab=wi&amp;ei=gZafUfe8F-2y4AOurIHIAw#um=1&amp;hl=es&amp;tbm=isch&amp;sa=1&amp;q=gatillo+de+revolver&amp;oq=gatillo+de+re&amp;gs_l=img.3.0.0i24.1045.2778.2.3566.6.5.0.1.1.0.184.437.2j3.5.0...0.0.0..1c.1.12.img.Ru_7NCT3jUI&amp;bav=on.2,or.r_qf.&amp;bvm=bv.47008514,d.dmg&amp;fp=2b02cc4472f796e8&amp;biw=1440&amp;bih=756&amp;facrc=_&amp;imgrc=C0dQeCHPZWoemM%3A%3BpkXKX_qPa2L89M%3Bhttp%253A%252F%252Fus.123rf.com%252F400wm%252F400%252F400%252Fgsagi%252Fgsagi1106%252Fgsagi110600064%252F9736352-aislado-en-blanco-gatillo-de-un-revolver.jpg%3Bhttp%253A%252F%252Fes.123rf.com%252Fphoto_9736352_aislado-en-blanco-gatillo-de-un-revolver.html%3B1200%3B801\">nuez del disparador<\/a>\u00a0,\u00a0martillo , eje del cilindro , palanca pulgar , miras<\/p>\n<\/td>\n<td style=\"text-align: justify\" valign=\"top\">\n<h4><span style=\"color: #ccffcc\">El ca\u00f1\u00f3n<\/span><\/h4>\n<p>De \u00e1nima rayada, en la mayor\u00eda de los modelos aparece ligado a la armadura.<\/td>\n<\/tr>\n<tr>\n<td style=\"text-align: justify\" colspan=\"2\" valign=\"top\"><\/td>\n<td valign=\"top\"><\/td>\n<\/tr>\n<tr>\n<td colspan=\"2\" valign=\"top\"><img loading=\"lazy\" decoding=\"async\" class=\"aligncenter\" src=\"http:\/\/www.armas.es\/images\/stories\/mundo_de_las_armas\/revolver\/revolver.jpg\" alt=\"revolver\" width=\"250\" height=\"90\" \/><\/td>\n<td valign=\"top\"><\/td>\n<\/tr>\n<tr>\n<td colspan=\"2\" valign=\"top\">\n<h4><span style=\"color: #ccffcc\">El cilindro o tambor<\/span><\/h4>\n<p style=\"text-align: justify\">Est\u00e1 compuesto por un conjunto de orificios donde se alojan las balas (normalmente 5 o 6). Cada vez que se efect\u00faa un disparo, el tambor gira alrededor de un eje o pasador para preparar el arma de cara al siguiente disparo.<\/p>\n<p>&nbsp;<\/td>\n<td valign=\"top\"><\/td>\n<\/tr>\n<tr>\n<td valign=\"top\">\u00a0<strong>Caracter\u00edsticas:<\/strong><\/td>\n<td valign=\"top\">\u00a0<strong>Utilidad principal:<\/strong><\/td>\n<td valign=\"top\"><\/td>\n<\/tr>\n<tr>\n<td style=\"text-align: justify\" valign=\"top\">-<a title=\"potencia\" href=\"http:\/\/www.residentevilsh.com\/re4\/armas.php\">Potencia<\/a><br \/>\n-Fiabilidad<br \/>\n-Sencillez en el dise\u00f1o<br \/>\n-Admite una amplia y variada gama de munici\u00f3n<br \/>\n-Precisi\u00f3n<\/td>\n<td style=\"text-align: justify\" valign=\"top\">-Fuerzas del orden<br \/>\n-En algunos paises se emplean para la caza<\/td>\n<\/tr>\n<\/tbody>\n<\/table>\n<p style=\"text-align: center\"><iframe class='youtube-player youtuber' type='text\/html' width='425' height='355' src='http:\/\/www.youtube.com\/embed\/MXkaFqHw5Zg?rel=0&amp;fs=1' webkitAllowFullScreen mozallowfullscreen allowFullScreen frameborder='0'><\/iframe><\/p>\n<p style=\"text-align: center\">\n","protected":false},"excerpt":{"rendered":"<p>&nbsp; Armas de repetici\u00f3n que se diferencian de las pistolas por contar con un cargador giratorio que habitualmente alberga 6 proyectiles. El rev\u00f3lver es el arma corta por excelencia. Existen modelos que datan del siglo XVI, aunque su gran popularidad lleg\u00f3 en el siglo XIX de la mano del norteamericano Samuel Colt. Este fabricante contribuy\u00f3 [&hellip;]<\/p>\n","protected":false},"author":8494,"featured_media":0,"parent":6,"menu_order":5,"comment_status":"open","ping_status":"closed","template":"","meta":{"footnotes":""},"class_list":["post-2","page","type-page","status-publish","hentry"],"_links":{"self":[{"href":"https:\/\/blog.espol.edu.ec\/josfmedi\/wp-json\/wp\/v2\/pages\/2","targetHints":{"allow":["GET"]}}],"collection":[{"href":"https:\/\/blog.espol.edu.ec\/josfmedi\/wp-json\/wp\/v2\/pages"}],"about":[{"href":"https:\/\/blog.espol.edu.ec\/josfmedi\/wp-json\/wp\/v2\/types\/page"}],"author":[{"embeddable":true,"href":"https:\/\/blog.espol.edu.ec\/josfmedi\/wp-json\/wp\/v2\/users\/8494"}],"replies":[{"embeddable":true,"href":"https:\/\/blog.espol.edu.ec\/josfmedi\/wp-json\/wp\/v2\/comments?post=2"}],"version-history":[{"count":18,"href":"https:\/\/blog.espol.edu.ec\/josfmedi\/wp-json\/wp\/v2\/pages\/2\/revisions"}],"predecessor-version":[{"id":102,"href":"https:\/\/blog.espol.edu.ec\/josfmedi\/wp-json\/wp\/v2\/pages\/2\/revisions\/102"}],"up":[{"embeddable":true,"href":"https:\/\/blog.espol.edu.ec\/josfmedi\/wp-json\/wp\/v2\/pages\/6"}],"wp:attachment":[{"href":"https:\/\/blog.espol.edu.ec\/josfmedi\/wp-json\/wp\/v2\/media?parent=2"}],"curies":[{"name":"wp","href":"https:\/\/api.w.org\/{rel}","templated":true}]}}