{"id":223,"date":"2013-05-24T18:24:21","date_gmt":"2013-05-24T18:24:21","guid":{"rendered":"http:\/\/blog.espol.edu.ec\/josfmedi\/?page_id=223"},"modified":"2013-05-24T18:51:00","modified_gmt":"2013-05-24T18:51:00","slug":"sniper-francotirador","status":"publish","type":"page","link":"https:\/\/blog.espol.edu.ec\/josfmedi\/las-armas-de-fuego\/riflesfusiles\/sniper-francotirador\/","title":{"rendered":"Sniper \/ Francotirador"},"content":{"rendered":"<p>&nbsp;<\/p>\n<table border=\"0\" cellspacing=\"5\" cellpadding=\"0\">\n<tbody>\n<tr>\n<td colspan=\"3\" valign=\"top\"><img loading=\"lazy\" decoding=\"async\" src=\"http:\/\/www.armas.es\/images\/stories\/mundo_de_las_armas\/rifles\/sniper\/sniper_4.jpg\" alt=\"sniper_4\" width=\"527\" height=\"101\" \/><\/td>\n<\/tr>\n<tr>\n<td colspan=\"3\" valign=\"top\">\n<p style=\"text-align: justify\" align=\"justify\"><strong>Es el arma m\u00e1s precisa del mundo. Se trata de un producto \u00fanico, exclusivo, capaz de alcanzar a un objetivo situado a m\u00e1s de 1 km de distancia.<\/strong><\/p>\n<p style=\"text-align: justify\" align=\"justify\">El rifle de francotirador o sniper ofrece una precisi\u00f3n excepcional, similar a la que posee un <a href=\"https:\/\/es.wikipedia.org\/wiki\/Cirujano\">cirujano<\/a>. Se elabora con las mejores piezas, ya que se busca que sea lo m\u00e1s preciso posible. En los \u00faltimos tiempos se ha convertido en un arma fundamental, tanto en el <a href=\"http:\/\/es.wikipedia.org\/wiki\/Campo_de_batalla\">campo de batalla<\/a> como para el desarrollo de labores policiales. El rifle sniper es un arma equilibrada, con un peso medio alrededor de entre 5 y 6 kgs. Debe cumplir dos requisitos fundamentales. Primero, debe poder adaptarse al cuerpo del tirador, algo que se consigue gracias a una culata y a un b\u00edpode ajustable. Y segundo, necesita incorporar una buena <a href=\"http:\/\/es.wikipedia.org\/wiki\/Mira_telesc%C3%B3pica\">mira telesc\u00f3pica<\/a> para aumentar su precisi\u00f3n.<\/p>\n<p style=\"text-align: justify\">\n<\/td>\n<\/tr>\n<tr>\n<td colspan=\"3\" valign=\"top\"><\/td>\n<\/tr>\n<tr>\n<td colspan=\"2\" valign=\"top\"><img loading=\"lazy\" decoding=\"async\" class=\"aligncenter\" src=\"http:\/\/www.armas.es\/images\/stories\/mundo_de_las_armas\/rifles\/sniper\/sniper_3.jpg\" alt=\"sniper_3\" width=\"250\" height=\"90\" \/><\/td>\n<td valign=\"top\" width=\"50%\"><img loading=\"lazy\" decoding=\"async\" class=\"aligncenter\" src=\"http:\/\/www.armas.es\/images\/stories\/mundo_de_las_armas\/rifles\/sniper\/sniper2.jpg\" alt=\"sniper2\" width=\"250\" height=\"90\" \/><\/td>\n<\/tr>\n<tr>\n<td style=\"text-align: center\" colspan=\"2\" valign=\"top\"><strong>Arma adaptable a la morfolog\u00eda del tirador<br \/>\n<\/strong><\/td>\n<td style=\"text-align: center\" valign=\"top\"><strong>B\u00edpode<\/strong><\/td>\n<\/tr>\n<tr>\n<td colspan=\"2\" valign=\"top\"><\/td>\n<td valign=\"top\"><\/td>\n<\/tr>\n<tr>\n<td colspan=\"2\" valign=\"top\"><img loading=\"lazy\" decoding=\"async\" class=\"aligncenter\" src=\"http:\/\/www.armas.es\/images\/stories\/mundo_de_las_armas\/rifles\/sniper\/sniper1.jpg\" alt=\"sniper1\" width=\"250\" height=\"90\" \/><\/td>\n<td valign=\"top\"><\/td>\n<\/tr>\n<tr>\n<td style=\"text-align: center\" colspan=\"2\" valign=\"top\"><strong>Visor<\/strong><\/td>\n<td valign=\"top\"><strong><br \/>\n<\/strong><\/td>\n<\/tr>\n<tr>\n<td valign=\"top\" width=\"23%\"><\/td>\n<td valign=\"top\" width=\"27%\"><\/td>\n<td valign=\"top\"><\/td>\n<\/tr>\n<tr>\n<td valign=\"top\"><span style=\"color: #ccffcc\"><strong>Caracter\u00edsticas:<\/strong><\/span><\/td>\n<td style=\"text-align: center\" valign=\"top\"><span style=\"color: #ccffcc\"><strong>Utilidad principal:<\/strong><\/span><\/td>\n<td style=\"text-align: center\" valign=\"top\"><\/td>\n<\/tr>\n<tr>\n<td style=\"text-align: justify\" valign=\"top\">-Gran precisi\u00f3n<br \/>\n-Equilibrio (peso y tama\u00f1o medio)<br \/>\n-Adaptable<br \/>\n-2 tipos: de repetici\u00f3n manual (m\u00e1s precisos) o semiautom\u00e1ticos<\/td>\n<td style=\"text-align: justify\" valign=\"top\">-Campo de batalla<br \/>\n-Funciones policiales<\/td>\n<\/tr>\n<\/tbody>\n<\/table>\n","protected":false},"excerpt":{"rendered":"<p>&nbsp; Es el arma m\u00e1s precisa del mundo. Se trata de un producto \u00fanico, exclusivo, capaz de alcanzar a un objetivo situado a m\u00e1s de 1 km de distancia. El rifle de francotirador o sniper ofrece una precisi\u00f3n excepcional, similar a la que posee un cirujano. Se elabora con las mejores piezas, ya que se [&hellip;]<\/p>\n","protected":false},"author":8494,"featured_media":0,"parent":200,"menu_order":3,"comment_status":"open","ping_status":"closed","template":"","meta":{"footnotes":""},"class_list":["post-223","page","type-page","status-publish","hentry"],"_links":{"self":[{"href":"https:\/\/blog.espol.edu.ec\/josfmedi\/wp-json\/wp\/v2\/pages\/223","targetHints":{"allow":["GET"]}}],"collection":[{"href":"https:\/\/blog.espol.edu.ec\/josfmedi\/wp-json\/wp\/v2\/pages"}],"about":[{"href":"https:\/\/blog.espol.edu.ec\/josfmedi\/wp-json\/wp\/v2\/types\/page"}],"author":[{"embeddable":true,"href":"https:\/\/blog.espol.edu.ec\/josfmedi\/wp-json\/wp\/v2\/users\/8494"}],"replies":[{"embeddable":true,"href":"https:\/\/blog.espol.edu.ec\/josfmedi\/wp-json\/wp\/v2\/comments?post=223"}],"version-history":[{"count":4,"href":"https:\/\/blog.espol.edu.ec\/josfmedi\/wp-json\/wp\/v2\/pages\/223\/revisions"}],"predecessor-version":[{"id":266,"href":"https:\/\/blog.espol.edu.ec\/josfmedi\/wp-json\/wp\/v2\/pages\/223\/revisions\/266"}],"up":[{"embeddable":true,"href":"https:\/\/blog.espol.edu.ec\/josfmedi\/wp-json\/wp\/v2\/pages\/200"}],"wp:attachment":[{"href":"https:\/\/blog.espol.edu.ec\/josfmedi\/wp-json\/wp\/v2\/media?parent=223"}],"curies":[{"name":"wp","href":"https:\/\/api.w.org\/{rel}","templated":true}]}}