{"id":241,"date":"2013-05-24T18:43:20","date_gmt":"2013-05-24T18:43:20","guid":{"rendered":"http:\/\/blog.espol.edu.ec\/josfmedi\/?page_id=241"},"modified":"2013-05-24T19:07:15","modified_gmt":"2013-05-24T19:07:15","slug":"carabina-2","status":"publish","type":"page","link":"https:\/\/blog.espol.edu.ec\/josfmedi\/las-armas-de-fuego\/riflesfusiles\/carabina-2\/","title":{"rendered":"Carabina"},"content":{"rendered":"<p style=\"text-align: justify\"><img loading=\"lazy\" decoding=\"async\" class=\"aligncenter\" src=\"http:\/\/www.aceros-de-hispania.com\/imagen\/carabina-marvic-gold_1\/carabinas-marvic-gold.jpg\" alt=\"\" width=\"500\" height=\"155\" \/>\u00a0Arma de ca\u00f1\u00f3n rayado que presenta un tama\u00f1o m\u00e1s reducido para facilitar su uso y su transporte. Habitualmente empleada para la <a href=\"http:\/\/es.wikipedia.org\/wiki\/Caza\">caza<\/a> mayor.<\/p>\n<p style=\"text-align: justify\">El nacimiento de la carabina, entendida como tal, va ligado al desarrollo de la <a href=\"http:\/\/www.cehist.mil.ec\/historia\/caballeria.html\">caballer\u00eda militar<\/a>. Los soldados a caballo precisaban de un arma m\u00e1s peque\u00f1a y c\u00f3moda, por lo que se cre\u00f3 este rifle especial. Sin embargo, hoy en d\u00eda el t\u00e9rmino \u201ccarabina\u201d se emplea com\u00fanmente para referirse a un arma larga del calibre 22. Esta munici\u00f3n responde a un cartucho peque\u00f1o de fuego anular ideal para rifles m\u00e1s cortos. Se trata de un calibre muy popular, fundamentalmente por su bajo coste y porque apenas confiere retroceso a la carabina. En <a href=\"http:\/\/www.red2000.com\/spain\/1index.html\">Espa\u00f1a<\/a> est\u00e1 totalmente prohibido cazar con munici\u00f3n del calibre 22, aunque s\u00ed puede emplearse para practicar el tiro deportivo o como m\u00e9todo de entrenamiento.<\/p>\n<table border=\"0\" cellspacing=\"5\" cellpadding=\"0\">\n<tbody>\n<tr>\n<td colspan=\"2\" valign=\"top\" width=\"50%\"><img loading=\"lazy\" decoding=\"async\" class=\"aligncenter\" src=\"http:\/\/www.armas.es\/images\/cont\/sec_tiposarmas\/rifles\/carabina_2.jpg\" alt=\"\" width=\"120\" height=\"90\" \/><\/td>\n<td valign=\"top\"><img decoding=\"async\" class=\"alignright\" src=\"http:\/\/www.armas.es\/images\/cont\/sec_tiposarmas\/rifles\/carabina_3.jpg\" alt=\"\" \/><\/td>\n<\/tr>\n<tr>\n<td style=\"text-align: center\" colspan=\"2\" valign=\"top\">\u00a0 \u00a0 \u00a0 \u00a0 \u00a0 \u00a0Ca\u00f1\u00f3n rayado<\/td>\n<td style=\"text-align: center\" valign=\"top\">Elementos de mira met\u00e1licos<\/td>\n<\/tr>\n<tr>\n<td colspan=\"2\" valign=\"top\"><\/td>\n<td valign=\"top\"><\/td>\n<\/tr>\n<tr>\n<td colspan=\"2\" valign=\"top\"><img decoding=\"async\" class=\"aligncenter\" src=\"http:\/\/www.armas.es\/images\/cont\/sec_tiposarmas\/rifles\/carabina_4.jpg\" alt=\"\" \/><\/td>\n<td valign=\"top\"><\/td>\n<\/tr>\n<tr>\n<td style=\"text-align: center\" colspan=\"2\" valign=\"top\">Accionamiento y rearme manual<\/td>\n<td valign=\"top\"><\/td>\n<\/tr>\n<tr>\n<td valign=\"top\"><\/td>\n<td valign=\"top\"><\/td>\n<td valign=\"top\"><\/td>\n<\/tr>\n<\/tbody>\n<\/table>\n<table width=\"100%\" border=\"0\" cellspacing=\"0\" cellpadding=\"4\" align=\"center\">\n<tbody>\n<tr>\n<td style=\"text-align: left\"><strong><span style=\"color: #ccffcc\">Caracter\u00edsticas:<\/span><\/strong><\/td>\n<td style=\"text-align: left\"><strong><span style=\"color: #ccffcc\">Utilidad principal:<\/span><\/strong><\/td>\n<\/tr>\n<tr valign=\"top\">\n<td style=\"text-align: justify\" width=\"50%\">-Tama\u00f1o reducido<br \/>\n-Franja de batida amplia y elevada<br \/>\n-Facilidad de transporte (elementos plegables)<\/td>\n<td style=\"text-align: justify\" width=\"50%\">-Tiro deportivo<br \/>\n-Entrenamientos<\/td>\n<\/tr>\n<\/tbody>\n<\/table>\n<p style=\"text-align: center\">\n","protected":false},"excerpt":{"rendered":"<p>\u00a0Arma de ca\u00f1\u00f3n rayado que presenta un tama\u00f1o m\u00e1s reducido para facilitar su uso y su transporte. Habitualmente empleada para la caza mayor. El nacimiento de la carabina, entendida como tal, va ligado al desarrollo de la caballer\u00eda militar. Los soldados a caballo precisaban de un arma m\u00e1s peque\u00f1a y c\u00f3moda, por lo que se [&hellip;]<\/p>\n","protected":false},"author":8494,"featured_media":0,"parent":200,"menu_order":5,"comment_status":"open","ping_status":"closed","template":"","meta":{"footnotes":""},"class_list":["post-241","page","type-page","status-publish","hentry"],"_links":{"self":[{"href":"https:\/\/blog.espol.edu.ec\/josfmedi\/wp-json\/wp\/v2\/pages\/241","targetHints":{"allow":["GET"]}}],"collection":[{"href":"https:\/\/blog.espol.edu.ec\/josfmedi\/wp-json\/wp\/v2\/pages"}],"about":[{"href":"https:\/\/blog.espol.edu.ec\/josfmedi\/wp-json\/wp\/v2\/types\/page"}],"author":[{"embeddable":true,"href":"https:\/\/blog.espol.edu.ec\/josfmedi\/wp-json\/wp\/v2\/users\/8494"}],"replies":[{"embeddable":true,"href":"https:\/\/blog.espol.edu.ec\/josfmedi\/wp-json\/wp\/v2\/comments?post=241"}],"version-history":[{"count":19,"href":"https:\/\/blog.espol.edu.ec\/josfmedi\/wp-json\/wp\/v2\/pages\/241\/revisions"}],"predecessor-version":[{"id":248,"href":"https:\/\/blog.espol.edu.ec\/josfmedi\/wp-json\/wp\/v2\/pages\/241\/revisions\/248"}],"up":[{"embeddable":true,"href":"https:\/\/blog.espol.edu.ec\/josfmedi\/wp-json\/wp\/v2\/pages\/200"}],"wp:attachment":[{"href":"https:\/\/blog.espol.edu.ec\/josfmedi\/wp-json\/wp\/v2\/media?parent=241"}],"curies":[{"name":"wp","href":"https:\/\/api.w.org\/{rel}","templated":true}]}}