{"id":102,"date":"2014-11-11T16:04:42","date_gmt":"2014-11-11T16:04:42","guid":{"rendered":"http:\/\/blog.espol.edu.ec\/josmagua\/?page_id=102"},"modified":"2014-11-11T19:02:05","modified_gmt":"2014-11-11T19:02:05","slug":"la-nasa","status":"publish","type":"page","link":"https:\/\/blog.espol.edu.ec\/josmagua\/la-nasa\/","title":{"rendered":"NASA HIPERVINCULOS"},"content":{"rendered":"<p>La administraci\u00f3n de la Aeron\u00e1utica y del espacio m\u00e1s conocido la <a title=\"NASA\" href=\"http:\/\/es.wikipedia.org\/wiki\/NASA\">NASA<\/a>\u00a0 es la agencia espacial estadounidense responsable de las programas espaciales civil adem\u00e1s de la investigaci\u00f3n aeron\u00e1utica y espacial de ese pa\u00eds. Que investiga toto lo referente al <a title=\"EL UNIVERSO\" href=\"http:\/\/www.astromia.com\/fotouniverso\/\">UNIVERSO\u00a0<\/a>\u00a0y todo lo referente a las leyes de la gravedad.<\/p>\n","protected":false},"excerpt":{"rendered":"<p>La administraci\u00f3n de la Aeron\u00e1utica y del espacio m\u00e1s conocido la NASA\u00a0 es la agencia espacial estadounidense responsable de las programas espaciales civil adem\u00e1s de la investigaci\u00f3n aeron\u00e1utica y espacial de ese pa\u00eds. Que investiga toto lo referente al UNIVERSO\u00a0\u00a0y todo lo referente a las leyes de la gravedad.<\/p>\n","protected":false},"author":9432,"featured_media":0,"parent":0,"menu_order":0,"comment_status":"open","ping_status":"open","template":"","meta":{"footnotes":""},"class_list":["post-102","page","type-page","status-publish","hentry"],"_links":{"self":[{"href":"https:\/\/blog.espol.edu.ec\/josmagua\/wp-json\/wp\/v2\/pages\/102","targetHints":{"allow":["GET"]}}],"collection":[{"href":"https:\/\/blog.espol.edu.ec\/josmagua\/wp-json\/wp\/v2\/pages"}],"about":[{"href":"https:\/\/blog.espol.edu.ec\/josmagua\/wp-json\/wp\/v2\/types\/page"}],"author":[{"embeddable":true,"href":"https:\/\/blog.espol.edu.ec\/josmagua\/wp-json\/wp\/v2\/users\/9432"}],"replies":[{"embeddable":true,"href":"https:\/\/blog.espol.edu.ec\/josmagua\/wp-json\/wp\/v2\/comments?post=102"}],"version-history":[{"count":2,"href":"https:\/\/blog.espol.edu.ec\/josmagua\/wp-json\/wp\/v2\/pages\/102\/revisions"}],"predecessor-version":[{"id":118,"href":"https:\/\/blog.espol.edu.ec\/josmagua\/wp-json\/wp\/v2\/pages\/102\/revisions\/118"}],"wp:attachment":[{"href":"https:\/\/blog.espol.edu.ec\/josmagua\/wp-json\/wp\/v2\/media?parent=102"}],"curies":[{"name":"wp","href":"https:\/\/api.w.org\/{rel}","templated":true}]}}