{"id":42,"date":"2009-08-09T11:52:20","date_gmt":"2009-08-09T15:52:20","guid":{"rendered":"http:\/\/blog.espol.edu.ec\/jpburgos\/?page_id=42"},"modified":"2009-08-09T11:52:20","modified_gmt":"2009-08-09T15:52:20","slug":"historia-de-google","status":"publish","type":"page","link":"https:\/\/blog.espol.edu.ec\/jpburgos\/historia-de-google\/","title":{"rendered":"Historia de Google"},"content":{"rendered":"<p>Los comienzos <\/p>\n<p> - primavera 1995: Sergey Brin (23 a\u00f1os entonces) y Larry Page (24), confundadores de Google y actualmente presidente y CEO, se conocen en un acto que la Universidad de Stanford organiza para los candidatos de su Doctorado en Inform\u00e1tica.<\/p>\n<p> - oto\u00f1o 1995: Larry y Sergey comienzan a trabajar en el 'Digital Library Project' de la Universidad de Stanford. Larry Page, con experiencia en dise\u00f1o web y el t\u00edtulo de Ingeniero El\u00e9ctrico, y Sergey Brin, un experto en tratamiento de datos y Licenciado en Inform\u00e1tica y Ciencias Matem\u00e1ticas, comienzan a crear un algoritmo para la b\u00fasqueda de datos. Esta tecnolog\u00eda se convertir\u00e1 mas tarde en el coraz\u00f3n que har\u00e1 funcionar a Google.<\/p>\n<p>El nombre que Larry Page da a esta tecnologia fue 'PageRank'. En su pagina web personal de la Universidad de Stanford, colgar\u00e1 en 1997 una presentacion que lo explica: 'PageRank: Bringing Order to the Web'.<\/p>\n<p> - enero 1996: Comienzan a desarrollar un buscador llamado 'BackRub'. Este nombre se lo dan debido a que la mayor habilidad de este motor de b\u00fasqueda es analizar los 'back links' (enlaces que apuntan a una determinada p\u00e1gina).<\/p>\n<p>Tal y como indican en su descripci\u00f3n, Backrub est\u00e1 escrito en Java y Python (incluso Larry Page postea alguna duda en los 'newsgroups'), y corre sobre varias m\u00e1quinas Sun Ultra y Intel Pentium con Linux. La Base de Datos est\u00e1 alojada en un ordenador Sun Ultra II con 28GB de disco duro.<\/p>\n<p>Si tienes cualquier duda sobre el funcionamiento de este buscador, y no est\u00e1 contestada en sus FAQ, puedes llamar al (415) 723-3154, y preguntar por Larry. Los primeros usuarios son los alumnos y profesores de Stanford, que disfrutan de la precisi\u00f3n con la que el buscador encuentra datos en la web.<\/p>\n<p> - 1997: 'Backrub' se transforma en 'Google'. Le otorgan este peculiar nombre por su parecido a la palabra 'googol', que en ingl\u00e9s es el nombre que que se da a la cifra '10 elevado a 100' (un uno seguido de 100 ceros). Ya tienen indexadas 24 millones de p\u00e1ginas. Mucho antes, ya han tenido problemas de capacidad en sus discos duros, y han tenido que idear ingenios basados en Lego, como este.<\/p>\n<p>En los comienzos de Google (en el dominio google.stanford.edu), su dise\u00f1o es a\u00fan m\u00e1s austero de lo que ser\u00e1 posteriormente. En esta antigua versi\u00f3n se incluyen fotograf\u00edas de los equipos que utilizan.<\/p>\n<p>- 1997: Larry y Sergey han registrado el dominio 'google.com'. Adem\u00e1s, han dado a conocer su tecnolog\u00eda a la 'Office of Technology Licensing' (OTL) de la Universidad de Stanford, que ser\u00e1 la encargada de contactar con diferentes compa\u00f1\u00edas de Internet que puedan estar interesadas en Google.<\/p>\n<p> - enero 1998: A Sergey y Larry no les gusta ninguna de las ofertas recibidas, bien por ser econ\u00f3micamente bajas, o porque no van a desarrollar correctamente la tecnolog\u00eda. Por ello, deciden ser ellos los que creen su propia empresa.<\/p>\n<p>Es entonces cuando el dormitorio de Larry Page se convierte en el nuevo hogar de Google, llevando todos los equipos inform\u00e1ticos junto a su cama. La habitaci\u00f3n de Sergey Brin, situada al lado de la de Larry, se convierte en la oficina financiera.<\/p>\n<p>Google sigue indexando paginas r\u00e1pidamente, y Larry y Sergey necesitan mucha m\u00e1s capacidad en sus discos duros. Tienen que adquirir un terabyte, y finalmente consiguen comprar varios discos duros rebajados, todos por $15,000.<\/p>\n<p>A pesar de la 'fiebre de los punto com' de aquellos d\u00edas, Larry y Sergey no consiguen encontrar un inversor que financie Google, y tienen que conseguir todo el dinero de sus familias y amigos \u00edntimos. Mientras tanto, hab\u00edan abandonado su Doctorado en Stanford.<\/p>\n<p> - verano 1998: En casa de un amigo com\u00fan, Sergey y Larry conocen a Andy Bechtolsheim (cofundador de Sun Microsystems y vicepresidente de Cisco Systems), y comienzan a charlar sobre Google. Despu\u00e9s de treinta minutos, Bechtolsheim les firma un cheque por $100,000, a nombre de 'Google Inc.'. Esta empresa, como tal, no existe, y para poder cobrar el cheque (que est\u00e1 dos semanas sobre la mesa de Larry), tienen que buscar un local, y fundar una nueva compa\u00f1ia: 'Google Inc.'.<\/p>\n<p> - septiembre 1998: Google Inc. abre sus puertas en un garaje que un amigo les alquila en Menlo Park, en California. R\u00e1pidamente, instalan varias l\u00edneas telef\u00f3nicas, un cable modem, una l\u00ednea DSL, y una plaza de aparcamiento para su primer empleado, Craig Silverstein (actualmente, Director de Tecnologia de Google). 25 millones de p\u00e1ginas est\u00e1n indexadas, y Google recibe diez mil consultas por d\u00eda. La revista 'PC Magazine' lo incluye dentro de su lista 'Top 100 Web Sites' de 1998.<\/p>\n<p> - febrero 1999: La plantilla asciende a 8 personas, responde a 500.000 consultas por d\u00eda, se trasladan a unas nuevas oficinas en Palo Alto, y firma su primer contrato comercial con RedHat, el cual empieza a suministrar el Sistema Operativo Linux de los servidores de Google. Mientras tanto, contin\u00faan con su campa\u00f1a comercial: el boca a boca.<\/p>\n<p>Agradecemos a google.dirson.com por esta importante informaci\u00f3n.<\/p>\n<p>GoogleDirson.com (2009) Historia de Google obtenido:09\/08\/2009 de http:\/\/www.zonagratuita.com\/a-google\/todo_google.htm<\/p>\n","protected":false},"excerpt":{"rendered":"<p>Los comienzos - primavera 1995: Sergey Brin (23 a\u00f1os entonces) y Larry Page (24), confundadores de Google y actualmente presidente y CEO, se conocen en un acto que la Universidad de Stanford organiza para los candidatos de su Doctorado en Inform\u00e1tica. - oto\u00f1o 1995: Larry y Sergey comienzan a trabajar en el 'Digital Library Project' [&hellip;]<\/p>\n","protected":false},"author":1828,"featured_media":0,"parent":0,"menu_order":0,"comment_status":"open","ping_status":"open","template":"","meta":{"footnotes":""},"class_list":["post-42","page","type-page","status-publish","hentry"],"_links":{"self":[{"href":"https:\/\/blog.espol.edu.ec\/jpburgos\/wp-json\/wp\/v2\/pages\/42","targetHints":{"allow":["GET"]}}],"collection":[{"href":"https:\/\/blog.espol.edu.ec\/jpburgos\/wp-json\/wp\/v2\/pages"}],"about":[{"href":"https:\/\/blog.espol.edu.ec\/jpburgos\/wp-json\/wp\/v2\/types\/page"}],"author":[{"embeddable":true,"href":"https:\/\/blog.espol.edu.ec\/jpburgos\/wp-json\/wp\/v2\/users\/1828"}],"replies":[{"embeddable":true,"href":"https:\/\/blog.espol.edu.ec\/jpburgos\/wp-json\/wp\/v2\/comments?post=42"}],"version-history":[{"count":1,"href":"https:\/\/blog.espol.edu.ec\/jpburgos\/wp-json\/wp\/v2\/pages\/42\/revisions"}],"predecessor-version":[{"id":43,"href":"https:\/\/blog.espol.edu.ec\/jpburgos\/wp-json\/wp\/v2\/pages\/42\/revisions\/43"}],"wp:attachment":[{"href":"https:\/\/blog.espol.edu.ec\/jpburgos\/wp-json\/wp\/v2\/media?parent=42"}],"curies":[{"name":"wp","href":"https:\/\/api.w.org\/{rel}","templated":true}]}}