{"id":40,"date":"2014-11-12T03:39:46","date_gmt":"2014-11-12T03:39:46","guid":{"rendered":"http:\/\/blog.espol.edu.ec\/jpcaiced\/?page_id=40"},"modified":"2014-11-12T22:32:21","modified_gmt":"2014-11-12T22:32:21","slug":"videos-2","status":"publish","type":"page","link":"https:\/\/blog.espol.edu.ec\/jpcaiced\/videos-2\/","title":{"rendered":"Videos"},"content":{"rendered":"<p>HISTORIA DE LA F\u00cdSICA<br \/>\n<iframe loading=\"lazy\" width=\"420\" height=\"315\" src=\"\/\/www.youtube.com\/embed\/kgJ9PlrhTCI\" frameborder=\"0\" allowfullscreen><\/iframe><\/p>\n<p>STEPHEN HAWKING<br \/>\n<iframe loading=\"lazy\" width=\"560\" height=\"315\" src=\"\/\/www.youtube.com\/embed\/51OY0RRAtCk\" frameborder=\"0\" allowfullscreen><\/iframe><\/p>\n<p>ALBERT EINSTEIN<br \/>\n<iframe loading=\"lazy\" width=\"560\" height=\"315\" src=\"\/\/www.youtube.com\/embed\/EHTEjFCCF0o\" frameborder=\"0\" allowfullscreen><\/iframe><\/p>\n<p>MODELOS AT\u00d3MICOS Y EL \u00c1TOMO<br \/>\n<iframe loading=\"lazy\" width=\"420\" height=\"315\" src=\"\/\/www.youtube.com\/embed\/0UPRyzlWC6k\" frameborder=\"0\" allowfullscreen><\/iframe><\/p>\n<p>F\u00cdSICA CU\u00c1NTICA<br \/>\n<iframe loading=\"lazy\" width=\"420\" height=\"315\" src=\"\/\/www.youtube.com\/embed\/TIu-K6m-NsQ\" frameborder=\"0\" allowfullscreen><\/iframe><\/p>\n<p>LAS LEYES DE LA F\u00cdSICA CU\u00c1NTICA<br \/>\n<iframe loading=\"lazy\" width=\"420\" height=\"315\" src=\"\/\/www.youtube.com\/embed\/NRvXz17H1uQ\" frameborder=\"0\" allowfullscreen><\/iframe><\/p>\n","protected":false},"excerpt":{"rendered":"<p>HISTORIA DE LA F\u00cdSICA STEPHEN HAWKING ALBERT EINSTEIN MODELOS AT\u00d3MICOS Y EL \u00c1TOMO F\u00cdSICA CU\u00c1NTICA LAS LEYES DE LA F\u00cdSICA CU\u00c1NTICA<\/p>\n","protected":false},"author":9313,"featured_media":0,"parent":0,"menu_order":0,"comment_status":"open","ping_status":"open","template":"","meta":{"footnotes":""},"class_list":["post-40","page","type-page","status-publish","hentry"],"_links":{"self":[{"href":"https:\/\/blog.espol.edu.ec\/jpcaiced\/wp-json\/wp\/v2\/pages\/40","targetHints":{"allow":["GET"]}}],"collection":[{"href":"https:\/\/blog.espol.edu.ec\/jpcaiced\/wp-json\/wp\/v2\/pages"}],"about":[{"href":"https:\/\/blog.espol.edu.ec\/jpcaiced\/wp-json\/wp\/v2\/types\/page"}],"author":[{"embeddable":true,"href":"https:\/\/blog.espol.edu.ec\/jpcaiced\/wp-json\/wp\/v2\/users\/9313"}],"replies":[{"embeddable":true,"href":"https:\/\/blog.espol.edu.ec\/jpcaiced\/wp-json\/wp\/v2\/comments?post=40"}],"version-history":[{"count":5,"href":"https:\/\/blog.espol.edu.ec\/jpcaiced\/wp-json\/wp\/v2\/pages\/40\/revisions"}],"predecessor-version":[{"id":59,"href":"https:\/\/blog.espol.edu.ec\/jpcaiced\/wp-json\/wp\/v2\/pages\/40\/revisions\/59"}],"wp:attachment":[{"href":"https:\/\/blog.espol.edu.ec\/jpcaiced\/wp-json\/wp\/v2\/media?parent=40"}],"curies":[{"name":"wp","href":"https:\/\/api.w.org\/{rel}","templated":true}]}}