{"id":6,"date":"2014-10-27T22:04:38","date_gmt":"2014-10-27T22:04:38","guid":{"rendered":"http:\/\/blog.espol.edu.ec\/jpcaiced\/?page_id=6"},"modified":"2014-11-12T22:29:27","modified_gmt":"2014-11-12T22:29:27","slug":"mi-primera-pagina","status":"publish","type":"page","link":"https:\/\/blog.espol.edu.ec\/jpcaiced\/mi-primera-pagina\/","title":{"rendered":"Aportes"},"content":{"rendered":"<h2><a id=\"fisicaanta\" name=\"fisicaanta\"><\/a><b><em>F\u00edsica antes de los griegos<\/em><\/b><\/h2>\n<p>Como ya sabemos la f\u00edsica es <a id=\"autolink\" class=\"autolink\" href=\"http:\/\/www.monografias.com\/trabajos16\/ciencia-y-tecnologia\/ciencia-y-tecnologia.shtml\">la ciencia<\/a> natural que estudia los fen\u00f3menos f\u00edsicos, propiedades del espacio, tiempo, materia, energ\u00eda y sus interacciones. Los chinos, los babilonios, los egipcios y <a id=\"autolink\" class=\"autolink\" href=\"http:\/\/www.monografias.com\/trabajos10\/maya\/maya.shtml\">los mayas<\/a> observaron los movimientos de los <a id=\"autolink\" class=\"autolink\" href=\"http:\/\/www.monografias.com\/trabajos\/sistsolar\/sistsolar.shtml\">planetas<\/a> y lograron predecir los eclipses, pero no consiguieron encontrar un <a id=\"autolink\" class=\"autolink\" href=\"http:\/\/www.monografias.com\/trabajos11\/teosis\/teosis.shtml\">sistema<\/a> subyacente que explicara el <a id=\"autolink\" class=\"autolink\" href=\"http:\/\/www.monografias.com\/trabajos15\/kinesiologia-biomecanica\/kinesiologia-biomecanica.shtml\">movimiento<\/a> planetario. Las especulaciones de los <a id=\"autolink\" class=\"autolink\" href=\"http:\/\/www.monografias.com\/trabajos2\/sintefilos\/sintefilos.shtml\">fil\u00f3sofos<\/a> griegos introdujeron dos ideas fundamentales sobre los componentes del <a id=\"autolink\" class=\"autolink\" href=\"http:\/\/www.monografias.com\/trabajos7\/creun\/creun.shtml\">Universo<\/a>.<\/p>\n<p>Al inicio de los tiempos existieron los llamados fen\u00f3menos naturales, como la lluvia, eclipses, el d\u00eda, erupciones volc\u00e1nicas, truenos, o ca\u00edda libre, fue entonces que los humanos, al darse cuenta de esto fueron haci\u00e9ndose preguntas de c\u00f3mo ocurr\u00eda eso, tratando de explicar y formular explicaciones que dieran razones para explicar dichos sucesos. Con el paso del tiempo hubieron pensadores que se enfocaban a observar estos fen\u00f3menos y as\u00ed tratar de explicarlos y as\u00ed fueron pasando muchos a\u00f1os, eran much\u00edsimas las <a id=\"autolink\" class=\"autolink\" href=\"http:\/\/www.monografias.com\/trabajos4\/epistemologia\/epistemologia.shtml\">teor\u00edas<\/a> fallidas de estos observadores, pero aun as\u00ed segu\u00edan intentando dar respuesta <a id=\"autolink\" class=\"autolink\" href=\"http:\/\/www.monografias.com\/trabajos15\/logica-metodologia\/logica-metodologia.shtml\">l\u00f3gica<\/a> de tales sucesos. Cabe se\u00f1alar que estos primeros <a id=\"autolink\" class=\"autolink\" href=\"http:\/\/www.monografias.com\/trabajos10\/cuasi\/cuasi.shtml\">experimentos<\/a> son la base de la f\u00edsica actual. Entre las primeras civilizaciones que dieron margen a primeros experimentos son: chinos, egipcios, <a id=\"autolink\" class=\"autolink\" href=\"http:\/\/www.monografias.com\/trabajos10\/maya\/maya.shtml\">mayas<\/a>, babilonios, los cuales trataron de explicar los d\u00edas y estaciones del a\u00f1o, creando as\u00ed sus propios calendarios, otras civilizaciones alcanzaron grandes creaciones en tecnolog\u00edas como <a id=\"autolink\" class=\"autolink\" href=\"http:\/\/www.monografias.com\/trabajos13\/quimidos\/quimidos.shtml\">metalurgia<\/a>, <a id=\"autolink\" class=\"autolink\" href=\"http:\/\/www.monografias.com\/trabajos35\/materiales-construccion\/materiales-construccion.shtml\">construcci\u00f3n<\/a> de <a id=\"autolink\" class=\"autolink\" href=\"http:\/\/www.monografias.com\/trabajos11\/contrest\/contrest.shtml\">herramientas<\/a> y edificaciones.<\/p>\n<p>Es as\u00ed que empezando a entender los fen\u00f3menos naturales se dieron cuenta que pod\u00edan aprovecharlos de alguna u otra forma, as\u00ed empezaron a hacer los calendarios, pir\u00e1mides, y toda <a id=\"autolink\" class=\"autolink\" href=\"http:\/\/www.monografias.com\/trabajos901\/debate-multicultural-etnia-clase-nacion\/debate-multicultural-etnia-clase-nacion.shtml\">clase<\/a> de trabajos.<\/p>\n<p>1.2 FISICA DURANTE LOS GRIEGOS<\/p>\n<p>Los griegos hicieron grandes aportaciones a la f\u00edsica, tanto en sus observaciones como en los conocimientos, pero ellos cometieron el error de no haber experimentado a la realidad, y as\u00ed no fueron comprobadas sus <a id=\"autolink\" class=\"autolink\" href=\"http:\/\/www.monografias.com\/trabajos4\/leyes\/leyes.shtml\">leyes<\/a>.<\/p>\n<p>Un ejemplo de un fil\u00f3sofo matem\u00e1tico griego es el de Pit\u00e1goras, el cual cre\u00eda en que la <a id=\"autolink\" class=\"autolink\" href=\"http:\/\/www.monografias.com\/trabajos11\/tierreco\/tierreco.shtml\">tierra<\/a> era circular, famoso sobre todo por el teorema de Pit\u00e1goras, afirmo que todo era <a id=\"autolink\" class=\"autolink\" href=\"http:\/\/www.monografias.com\/Matematicas\/index.shtml\">matem\u00e1ticas<\/a>.<\/p>\n<p><img decoding=\"async\" src=\"http:\/\/www.monografias.com\/trabajos82\/origenes-y-evolucion-fisica\/image001.jpg\" alt=\"Monografias.com\" \/><\/p>\n<p>Algunos de sus descubrimientos son: las ternas pitag\u00f3ricas, s\u00f3lidos regulares, n\u00fameros perfectos, n\u00fameros irracionales, medias y n\u00fameros figurados.<\/p>\n<p>Esta \u00e9poca fue muy importante y m\u00e1s para los griegos, ya que estos observaban los fen\u00f3menos y hac\u00edan sus conclusiones, otro cient\u00edfico importante es emp\u00e9docles.<\/p>\n<p>Emp\u00e9docles fue un pol\u00edtico y filosofo griego el cual ten\u00eda varias de las teor\u00edas ra\u00edces, una de ellas era la de la evoluci\u00f3n org\u00e1nica, la cual supon\u00eda que en un principio hab\u00eda numerosas partes de hombres y <a id=\"autolink\" class=\"autolink\" href=\"http:\/\/www.monografias.com\/trabajos10\/cani\/cani.shtml\">animales<\/a> distribuidas al azar, junt\u00e1ndose por <a id=\"autolink\" class=\"autolink\" href=\"http:\/\/www.monografias.com\/trabajos16\/filosofia-del-amor\/filosofia-del-amor.shtml\">amor<\/a> y odio.<\/p>\n<p align=\"center\"><img decoding=\"async\" src=\"http:\/\/www.monografias.com\/trabajos82\/origenes-y-evolucion-fisica\/image002.jpg\" alt=\"Monografias.com\" \/><\/p>\n<p>Arist\u00f3teles: fue uno de los m\u00e1s influyentes fil\u00f3sofos de la antig\u00fcedad, fue el formalizador de la <a id=\"autolink\" class=\"autolink\" href=\"http:\/\/www.monografias.com\/trabajos54\/resumen-economia\/resumen-economia.shtml\">econom\u00eda<\/a>, <a id=\"autolink\" class=\"autolink\" href=\"http:\/\/www.monografias.com\/trabajos16\/nicolas-copernico\/nicolas-copernico.shtml\">astronom\u00eda<\/a>, <a id=\"autolink\" class=\"autolink\" href=\"http:\/\/www.monografias.com\/Anatomia\/index.shtml\">anatom\u00eda<\/a> y <a id=\"autolink\" class=\"autolink\" href=\"http:\/\/www.monografias.com\/Biologia\/index.shtml\">biolog\u00eda<\/a>. Sus influencias son <a id=\"autolink\" class=\"autolink\" href=\"http:\/\/www.monografias.com\/trabajos\/platon\/platon.shtml\">Plat\u00f3n<\/a>, <a id=\"autolink\" class=\"autolink\" href=\"http:\/\/www.monografias.com\/trabajos13\/socrats\/socrats.shtml\">S\u00f3crates<\/a>, y <a id=\"autolink\" class=\"autolink\" href=\"http:\/\/www.monografias.com\/trabajos36\/heraclito-de-efeso\/heraclito-de-efeso.shtml\">Her\u00e1clito<\/a>, los experimentos de los ya mencionados le sirvieron a <a id=\"autolink\" class=\"autolink\" href=\"http:\/\/www.monografias.com\/trabajos5\/aristo\/aristo.shtml\">Arist\u00f3teles<\/a> para reafirmar <a id=\"autolink\" class=\"autolink\" href=\"http:\/\/www.monografias.com\/trabajos15\/hipotesis\/hipotesis.shtml\">hip\u00f3tesis<\/a>, y as\u00ed descubrir si era verdad o no.<\/p>\n<p align=\"center\"><img decoding=\"async\" src=\"http:\/\/www.monografias.com\/trabajos82\/origenes-y-evolucion-fisica\/image003.jpg\" alt=\"Monografias.com\" \/><\/p>\n<p>Arist\u00f3teles propuso la <a id=\"autolink\" class=\"autolink\" href=\"http:\/\/www.monografias.com\/trabajos4\/epistemologia\/epistemologia.shtml\">teor\u00eda<\/a> de la generaci\u00f3n espontanea la cual propone el origen espontaneo de <a id=\"autolink\" class=\"autolink\" href=\"http:\/\/www.monografias.com\/trabajos5\/hiscla\/hiscla2.shtml#peces\">peces<\/a> e insectos a partir del roc\u00edo, la humedad y el sudor.<\/p>\n<p>Otro fil\u00f3sofo fue <a id=\"autolink\" class=\"autolink\" href=\"http:\/\/www.monografias.com\/trabajos32\/pascal-arquimedes-bernoulli\/pascal-arquimedes-bernoulli.shtml\">Arqu\u00edmedes<\/a>:<\/p>\n<p>Matem\u00e1tico griego, f\u00edsico, ingeniero, inventor y astr\u00f3nomo, es considerado uno de los fil\u00f3sofos m\u00e1s importantes de la \u00e9poca cl\u00e1sica.<\/p>\n<p>Entre sus conocimientos y estudios est\u00e1n la <a id=\"autolink\" class=\"autolink\" href=\"http:\/\/www.monografias.com\/trabajos35\/hidrostatica-hidrodinamica\/hidrostatica-hidrodinamica.shtml\">hidrost\u00e1tica<\/a>, <a id=\"autolink\" class=\"autolink\" href=\"http:\/\/www.monografias.com\/trabajos5\/estat\/estat.shtml\">est\u00e1tica<\/a> y la explicaci\u00f3n del principio de la palanca.<\/p>\n<p align=\"center\"><img decoding=\"async\" src=\"http:\/\/www.monografias.com\/trabajos82\/origenes-y-evolucion-fisica\/image004.jpg\" alt=\"Monografias.com\" \/><\/p>\n<p>Ideo el principio de Arqu\u00edmedes: <a id=\"autolink\" class=\"autolink\" href=\"http:\/\/www.monografias.com\/trabajos4\/leyes\/leyes.shtml\">ley<\/a> f\u00edsica que establece que cuando un objeto se sumerge total o parcialmente en un l\u00edquido, este experimenta un empuje hacia arriba igual al peso del l\u00edquido desalojado. La tarea de hacer experimentos o mediciones no fue nada f\u00e1cil, pero como ya pudimos ver, los griegos hicieron un papel importante en trabajar bajo las leyes de fen\u00f3menos naturales, algunos no mencionados son: Dem\u00f3crito, galileo, <a id=\"autolink\" class=\"autolink\" href=\"http:\/\/www.monografias.com\/trabajos14\/sirisaac\/sirisaac.shtml\">newton<\/a> y Epicuro.<\/p>\n<p>APORTES DE LA FISICA CUANTICA<\/p>\n<p>Cada uno de los temas anteriormente nombrados llevan varios aportes como lo son:<br \/>\nProcesamientos de datos.<br \/>\nConstrucci\u00f3n de ordenador cuantico.<br \/>\nDise\u00f1o de instrumentaci\u00f3n medica.<br \/>\nCriptografia decifrable.<br \/>\nCirugia laser.<br \/>\nExploraci\u00f3n radiol\u00f3gica.<br \/>\nResonancia magnetica.<br \/>\nTeletrasportacion.<\/p>\n<p>Stephen Hawking<\/p>\n<p>Stephen William Hawking (Oxford, 8 de enero de 1942) es un f\u00edsico te\u00f3rico, astrof\u00edsico, cosm\u00f3logo y divulgador cient\u00edfico brit\u00e1nico. Sus trabajos m\u00e1s importantes hasta la fecha han consistido en aportar, junto con Roger Penrose, teoremas respecto a las singularidades espaciotemporales en el marco de la relatividad general, y la predicci\u00f3n te\u00f3rica de que los agujeros negros emitir\u00edan radiaci\u00f3n, lo que se conoce hoy en d\u00eda como radiaci\u00f3n de Hawking (o a veces radiaci\u00f3n Bekenstein-Hawking).<\/p>\n<p>Es miembro de la Real Sociedad de Londres, de la Academia Pontificia de las Ciencias y de la Academia Nacional de Ciencias de Estados Unidos. Fue titular de la C\u00e1tedra Lucasiana de Matem\u00e1ticas (Lucasian Chair of Mathematics) de la Universidad de Cambridge desde 1979 hasta su jubilaci\u00f3n en 2009.1 Entre las numerosas distinciones que le han sido concedidas, Hawking ha sido honrado con doce doctorados honoris causa y ha sido galardonado con la Orden del Imperio Brit\u00e1nico (grado CBE) en 1982, con el Premio Pr\u00edncipe de Asturias de la Concordia en 1989, con la Medalla Copley en 2006 y con la Medalla de la Libertad en 2009.2<\/p>\n<p>Hawking padece una enfermedad motoneuronal relacionada con la esclerosis lateral amiotr\u00f3fica (ELA) que ha ido agravando su estado con el paso de los a\u00f1os, hasta dejarlo casi completamente paralizado, y lo ha forzado a comunicarse a trav\u00e9s de un aparato generador de voz. Ha estado casado dos veces y ha tenido tres hijos. Por su parte, ha alcanzado \u00e9xitos de ventas con sus trabajos divulgativos sobre Ciencia, en los que discute sobre sus propias teor\u00edas y la cosmolog\u00eda en general; estos incluyen A Brief History of Time, que estuvo en la lista de best-sellers del The Sunday Times brit\u00e1nico durante 237 semanas.<\/p>\n<p>Louis-Victor de Broglie<br \/>\nPr\u00edncipe Louis-Victor Pierre Raymond de Broglie (Dieppe, Francia; 15 de agosto de 1892-Par\u00eds, 19 de marzo de 1987) s\u00e9ptimo duque de Broglie, y par de Francia, fue un f\u00edsico franc\u00e9s conocido a veces en castellano como Luis de Broglie.<\/p>\n<p>Pertenec\u00eda a una de las familias m\u00e1s distinguidas de la nobleza francesa, y era el s\u00e9ptimo duque de Broglie. El apellido original italiano, Broglia,fue adaptado al franc\u00e9s en 1654. Sus parientes destacaron en actividades tales como la pol\u00edtica, la diplomacia o la carrera militar. Curs\u00f3 estudios de f\u00edsica te\u00f3rica en la Universidad de la Sorbona, as\u00ed como de historia de Francia, pues pensaba utilizarlos en su carrera diplom\u00e1tica. A los 18 a\u00f1os, despu\u00e9s de terminar un trabajo de investigaci\u00f3n hist\u00f3rica, se decidi\u00f3 a estudiar f\u00edsica, doctor\u00e1ndose en 1924.<\/p>\n<p>Fue profesor de f\u00edsica te\u00f3rica en la Universidad de Par\u00eds (1928), en el Instituto Henri Poincar\u00e9, hasta 1962. Miembro de la Academia de Ciencias (1933) y de la Academia francesa (1943), Secretario permanente de la Academia de Ciencias (1942) y consejero de la Comisi\u00f3n de Energ\u00eda At\u00f3mica Francesa (1945).<\/p>\n<p>Fue galardonado en 1929 con el Premio Nobel de F\u00edsica, por su descubrimiento de la naturaleza ondulatoria del electr\u00f3n, conocida como hip\u00f3tesis de De Broglie. Tambi\u00e9n recibi\u00f3 la Legi\u00f3n de Honor, en 1961 fue nombrado Caballero de la Gran Cruz de la Legi\u00f3n de Honor.<\/p>\n<p>Albert Einstein<br \/>\nAlbert Einstein (en alem\u00e1n [\u02c8alb\u0250t \u02c8a\u026an\u0283ta\u026an]; Ulm, Imperio alem\u00e1n, 14 de marzo de 1879 - Princeton, Estados Unidos, 18 de abril de 1955) fue un f\u00edsico alem\u00e1n de origen jud\u00edo, nacionalizado despu\u00e9s suizo y estadounidense. Es considerado como el cient\u00edfico m\u00e1s conocido y popular del siglo XX.1<\/p>\n<p>En 1905, cuando era un joven f\u00edsico desconocido, empleado en la Oficina de Patentes de Berna, public\u00f3 su teor\u00eda de la relatividad especial. En ella incorpor\u00f3, en un marco te\u00f3rico simple fundamentado en postulados f\u00edsicos sencillos, conceptos y fen\u00f3menos estudiados antes por Henri Poincar\u00e9 y por Hendrik Lorentz. Como una consecuencia l\u00f3gica de esta teor\u00eda, dedujo la ecuaci\u00f3n de la f\u00edsica m\u00e1s conocida a nivel popular: la equivalencia masa-energ\u00eda, E=mc\u00b2. Ese a\u00f1o public\u00f3 otros trabajos que sentar\u00edan bases para la f\u00edsica estad\u00edstica y la mec\u00e1nica cu\u00e1ntica.<\/p>\n<p>En 1915 present\u00f3 la teor\u00eda de la relatividad general, en la que reformul\u00f3 por completo el concepto de gravedad.2 Una de las consecuencias fue el surgimiento del estudio cient\u00edfico del origen y la evoluci\u00f3n del Universo por la rama de la f\u00edsica denominada cosmolog\u00eda. En 1919, cuando las observaciones brit\u00e1nicas de un eclipse solar confirmaron sus predicciones acerca de la curvatura de la luz, fue idolatrado por la prensa.3 Einstein se convirti\u00f3 en un icono popular de la ciencia mundialmente famoso, un privilegio al alcance de muy pocos cient\u00edficos.4<\/p>\n<p>Por sus explicaciones sobre el efecto fotoel\u00e9ctrico y sus numerosas contribuciones a la f\u00edsica te\u00f3rica, en 1921 obtuvo el Premio Nobel de F\u00edsica y no por la Teor\u00eda de la Relatividad, pues el cient\u00edfico a quien se encomend\u00f3 la tarea de evaluarla no la entendi\u00f3, y temieron correr el riesgo de que luego se demostrase err\u00f3nea.5 6 En esa \u00e9poca era a\u00fan considerada un tanto controvertida.<\/p>\n<p>Ante el ascenso del nazismo, el cient\u00edfico abandon\u00f3 Alemania hacia diciembre de 1932 con destino a Estados Unidos, donde se dedic\u00f3 a la docencia en el Instituto de Estudios Avanzados de Princeton. Se nacionaliz\u00f3 estadounidense en 1940. Durante sus \u00faltimos a\u00f1os trabaj\u00f3 por integrar en una misma teor\u00eda la fuerza gravitatoria y la electromagn\u00e9tica.<\/p>\n<p>Aunque es considerado por algunos como el \u00abpadre de la bomba at\u00f3mica\u00bb, abog\u00f3 por el federalismo mundial, el internacionalismo, el pacifismo, el sionismo y el socialismo democr\u00e1tico, con una fuerte devoci\u00f3n por la libertad individual y la libertad de expresi\u00f3n.7 8 9 10 Fue proclamado como el \u00abpersonaje del siglo XX\u00bb y el m\u00e1s preeminente cient\u00edfico por la revista Time.11<\/p>\n","protected":false},"excerpt":{"rendered":"<p>F\u00edsica antes de los griegos Como ya sabemos la f\u00edsica es la ciencia natural que estudia los fen\u00f3menos f\u00edsicos, propiedades del espacio, tiempo, materia, energ\u00eda y sus interacciones. Los chinos, los babilonios, los egipcios y los mayas observaron los movimientos de los planetas y lograron predecir los eclipses, pero no consiguieron encontrar un sistema subyacente [&hellip;]<\/p>\n","protected":false},"author":9313,"featured_media":0,"parent":0,"menu_order":0,"comment_status":"open","ping_status":"open","template":"","meta":{"footnotes":""},"class_list":["post-6","page","type-page","status-publish","hentry"],"_links":{"self":[{"href":"https:\/\/blog.espol.edu.ec\/jpcaiced\/wp-json\/wp\/v2\/pages\/6","targetHints":{"allow":["GET"]}}],"collection":[{"href":"https:\/\/blog.espol.edu.ec\/jpcaiced\/wp-json\/wp\/v2\/pages"}],"about":[{"href":"https:\/\/blog.espol.edu.ec\/jpcaiced\/wp-json\/wp\/v2\/types\/page"}],"author":[{"embeddable":true,"href":"https:\/\/blog.espol.edu.ec\/jpcaiced\/wp-json\/wp\/v2\/users\/9313"}],"replies":[{"embeddable":true,"href":"https:\/\/blog.espol.edu.ec\/jpcaiced\/wp-json\/wp\/v2\/comments?post=6"}],"version-history":[{"count":7,"href":"https:\/\/blog.espol.edu.ec\/jpcaiced\/wp-json\/wp\/v2\/pages\/6\/revisions"}],"predecessor-version":[{"id":58,"href":"https:\/\/blog.espol.edu.ec\/jpcaiced\/wp-json\/wp\/v2\/pages\/6\/revisions\/58"}],"wp:attachment":[{"href":"https:\/\/blog.espol.edu.ec\/jpcaiced\/wp-json\/wp\/v2\/media?parent=6"}],"curies":[{"name":"wp","href":"https:\/\/api.w.org\/{rel}","templated":true}]}}