{"id":52,"date":"2010-06-16T18:55:20","date_gmt":"2010-06-16T18:55:20","guid":{"rendered":"http:\/\/blog.espol.edu.ec\/jpzavala\/?page_id=52"},"modified":"2010-06-16T19:05:08","modified_gmt":"2010-06-16T19:05:08","slug":"slideshare","status":"publish","type":"page","link":"https:\/\/blog.espol.edu.ec\/jpzavala\/slideshare\/","title":{"rendered":"SlIdEsHaRe"},"content":{"rendered":"<p style=\"text-align: justify\"><strong><span style=\"color: #0000ff\"><a href=\"http:\/\/blog.espol.edu.ec\/jpzavala\/files\/2010\/06\/slideshare.jpg\"><img loading=\"lazy\" decoding=\"async\" class=\"alignleft size-full wp-image-62\" title=\"slideshare\" src=\"http:\/\/blog.espol.edu.ec\/jpzavala\/files\/2010\/06\/slideshare.jpg\" alt=\"\" width=\"138\" height=\"112\" \/><\/a>Mi opini\u00f3n sobre Slideshare es que se trata de una web creada\u00a0para compartir informaci\u00f3n sobre diferentes temas de gran ayuda para la sociedad en red, tiene una amplia gana de herramientas que facilitan su manejo para el usuario que necesite de ella, gracias a ella muchas personas se benefician d\u00eda a d\u00eda de sus grandes, oportunas e innovadoras publicaciones, las cuales van ganando terreno de aceptaci\u00f3n dentro de la red social que las rodea.<\/span><\/strong><\/p>\n<p style=\"text-align: center\"><strong><span style=\"color: #0000ff\"><a href=\"http:\/\/blog.espol.edu.ec\/jpzavala\/files\/2010\/06\/slideshare.gif\"><img loading=\"lazy\" decoding=\"async\" class=\"size-medium wp-image-63 aligncenter\" title=\"slideshare\" src=\"http:\/\/blog.espol.edu.ec\/jpzavala\/files\/2010\/06\/slideshare-300x186.gif\" alt=\"\" width=\"300\" height=\"186\" srcset=\"https:\/\/blog.espol.edu.ec\/jpzavala\/files\/2010\/06\/slideshare-300x186.gif 300w, https:\/\/blog.espol.edu.ec\/jpzavala\/files\/2010\/06\/slideshare.gif 450w\" sizes=\"auto, (max-width: 300px) 100vw, 300px\" \/><\/a><\/span><\/strong><\/p>\n<div style=\"width:425px\" id=\"__ss_305528\"><strong><a href=\"http:\/\/www.slideshare.net\/Comunidad2.0\/slideshare-305528\" title=\"slideshare Presentacion\">slideshare Presentacion<\/a><\/strong><object width=\"425\" height=\"355\"><param name=\"movie\" value=\"http:\/\/static.slidesharecdn.com\/swf\/ssplayer2.swf?doc=slideshare-120546155431245-3&amp;stripped_title=slideshare-305528\" \/><param name=\"allowFullScreen\"><param name=\"allowScriptAccess\"><embed src=\"http:\/\/static.slidesharecdn.com\/swf\/ssplayer2.swf?doc=slideshare-120546155431245-3&amp;stripped_title=slideshare-305528\" type=\"application\/x-shockwave-flash\" allowscriptaccess=\"always\" allowfullscreen=\"true\" width=\"425\" height=\"355\"><\/embed><\/object><\/p>\n<div style=\"padding:5px 0 12px\">View more <a href=\"http:\/\/www.slideshare.net\/\">presentations<\/a> from <a href=\"http:\/\/www.slideshare.net\/Comunidad2.0\">Comunidad Web 2.0<\/a>.<\/div>\n<\/div>\n","protected":false},"excerpt":{"rendered":"<p>Mi opini\u00f3n sobre Slideshare es que se trata de una web creada\u00a0para compartir informaci\u00f3n sobre diferentes temas de gran ayuda para la sociedad en red, tiene una amplia gana de herramientas que facilitan su manejo para el usuario que necesite de ella, gracias a ella muchas personas se benefician d\u00eda a d\u00eda de sus grandes, [&hellip;]<\/p>\n","protected":false},"author":4205,"featured_media":0,"parent":0,"menu_order":0,"comment_status":"open","ping_status":"open","template":"","meta":{"footnotes":""},"class_list":["post-52","page","type-page","status-publish","hentry"],"_links":{"self":[{"href":"https:\/\/blog.espol.edu.ec\/jpzavala\/wp-json\/wp\/v2\/pages\/52","targetHints":{"allow":["GET"]}}],"collection":[{"href":"https:\/\/blog.espol.edu.ec\/jpzavala\/wp-json\/wp\/v2\/pages"}],"about":[{"href":"https:\/\/blog.espol.edu.ec\/jpzavala\/wp-json\/wp\/v2\/types\/page"}],"author":[{"embeddable":true,"href":"https:\/\/blog.espol.edu.ec\/jpzavala\/wp-json\/wp\/v2\/users\/4205"}],"replies":[{"embeddable":true,"href":"https:\/\/blog.espol.edu.ec\/jpzavala\/wp-json\/wp\/v2\/comments?post=52"}],"version-history":[{"count":11,"href":"https:\/\/blog.espol.edu.ec\/jpzavala\/wp-json\/wp\/v2\/pages\/52\/revisions"}],"predecessor-version":[{"id":67,"href":"https:\/\/blog.espol.edu.ec\/jpzavala\/wp-json\/wp\/v2\/pages\/52\/revisions\/67"}],"wp:attachment":[{"href":"https:\/\/blog.espol.edu.ec\/jpzavala\/wp-json\/wp\/v2\/media?parent=52"}],"curies":[{"name":"wp","href":"https:\/\/api.w.org\/{rel}","templated":true}]}}