{"id":33,"date":"2015-06-29T16:18:28","date_gmt":"2015-06-29T16:18:28","guid":{"rendered":"http:\/\/blog.espol.edu.ec\/jstorres\/?page_id=33"},"modified":"2015-06-29T16:18:28","modified_gmt":"2015-06-29T16:18:28","slug":"sur-oscura","status":"publish","type":"page","link":"https:\/\/blog.espol.edu.ec\/jstorres\/sur-oscura\/","title":{"rendered":"Sur oscura"},"content":{"rendered":"<table>\n<tbody>\n<tr>\n<td width=\"100%\">\n<h1>Or\u00edgenes Sur Oscura<\/h1>\n<\/td>\n<\/tr>\n<\/tbody>\n<\/table>\n<table>\n<tbody>\n<tr>\n<td valign=\"top\">\n<h4>La\u00a0<strong>Suroscura<\/strong> es el nombre de la barra brava del Barcelona Sporting Club de Guayaquil, Ecuador. Esta gran barra se caracteriza por su fuerte apoyo y su pasi\u00f3n mediante c\u00e1nticos, pancartas de influencias rockeras entre otras cosas con la que ejerce en cada encuentro en el que participa el club, es originaria de la ciudad de Guayaquil y se ubica en la general sur del Estadio Monumental, de ahi su nombre. Considerada como una de las barras m\u00e1s aguerridas y m\u00e1s numerosas del Ecuador.<\/h4>\n<\/td>\n<\/tr>\n<\/tbody>\n<\/table>\n<h1>Historia<\/h1>\n<p>Se fund\u00f3 en el a\u00f1o de 1995 y sus creadores fueron Dennis Montero, Ricardo Calero,Kl\u00e9ber Alvarado y Omar Salazar, luego colaboraron Israel Ib\u00e1\u00f1ez y Michel Astaiza, que ten\u00edan ilusiones de crear una barra tan numerosa que servir\u00eda de incondicional apoyo al Barcelona, ellos se hab\u00edan separado de una antigua barra llama \u201cUni\u00f3n Amarilla\u201d debido a diferencias de opiniones. Luego se uni\u00f3 Reynaldo De La Cruz que fue miembro de la Uni\u00f3n Amarilla, principalmente se llamaron \u201cBarrio Nueve\u201d en alusi\u00f3n a que sus reuniones las frecuentaban en una de las bancas a lo largo de la avenida Nueve de Octubre en Guayaquil. Poco a poco desde que se empezaban a ubicar en la general sur del Estadio Monumental cada vez frecuentaba m\u00e1s gente, tuvo que pasar un tiempo para bautizar a dicha barra como \u201c<strong>SUROSCURA<\/strong>\u201d por deducci\u00f3n logica, sur por la localidad en la que se ubica en el Estadio Monumental y oscura debido a que a la mayoria de los integrantes escuchaban heavy metal, algo que tenian en comun ademas amor por el \u00ccdolo, porque al principio y hasta ahora la mayor\u00eda de s\u00edmbolo que la representan son de color negro y en pocos a\u00f1os se convirti\u00f3 en una barra numerosa y bulliciosa.<\/p>\n<p>El primer partido en que la barra tuvo una participaci\u00f3n trascendental fue contra el Aucas por la liga ecuatoriana de f\u00fatbol, el Barcelona perd\u00eda 3 a 1, sin embargo a partir de los goles en contra la barra comenz\u00f3 a cantar m\u00e1s fuerte, dando \u00e1nimo para que barcelona remontara el marcador y ganara el partido 4 a 3, cabe recalcar que dicho resultado se lo llevo a cabo gracias de dicha barra, en cuanto al resultado final este fue un gesto que fue agradecido por jugadores como Carlos Alejandro Alfaro Moreno que regal\u00f3 su camiseta a los asistentes y se convirti\u00f3 en el \u00eddolo de la barra y el equipo; al otro d\u00eda sali\u00f3n en los principales diarios del pa\u00eds \u201cBARCELONA GANA EMPUJADO POR SU BARRA\u201d, naciendo un apoyo incondicional para el equipo. Una an\u00e9cdota de lo que ahora es Sur Oscura es al principio cuando se inici\u00f3 la barra que las personas que estaban alrededor de ellos dec\u00edan cuando los ve\u00edan llegar \u201cve ya llegaron las brujas\u201d, porque en Ecuador no es com\u00fan ver a un grupo de melenudos rockeros saltando y cantando todo el partido, lo que les pareci\u00f3 extra\u00f1o y divertido, pero claro eso era en esos tiempos porque ahora la barra es muy conocida en todo el pa\u00eds como un gran grupo de hinchas fieles seguidores del Barcelona, sin embargo no ha estado excenta de criticas y pol\u00e9micas.<\/p>\n","protected":false},"excerpt":{"rendered":"<p>Or\u00edgenes Sur Oscura La\u00a0Suroscura es el nombre de la barra brava del Barcelona Sporting Club de Guayaquil, Ecuador. Esta gran barra se caracteriza por su fuerte apoyo y su pasi\u00f3n mediante c\u00e1nticos, pancartas de influencias rockeras entre otras cosas con la que ejerce en cada encuentro en el que participa el club, es originaria de [&hellip;]<\/p>\n","protected":false},"author":9836,"featured_media":0,"parent":0,"menu_order":0,"comment_status":"open","ping_status":"open","template":"","meta":{"footnotes":""},"class_list":["post-33","page","type-page","status-publish","hentry"],"_links":{"self":[{"href":"https:\/\/blog.espol.edu.ec\/jstorres\/wp-json\/wp\/v2\/pages\/33","targetHints":{"allow":["GET"]}}],"collection":[{"href":"https:\/\/blog.espol.edu.ec\/jstorres\/wp-json\/wp\/v2\/pages"}],"about":[{"href":"https:\/\/blog.espol.edu.ec\/jstorres\/wp-json\/wp\/v2\/types\/page"}],"author":[{"embeddable":true,"href":"https:\/\/blog.espol.edu.ec\/jstorres\/wp-json\/wp\/v2\/users\/9836"}],"replies":[{"embeddable":true,"href":"https:\/\/blog.espol.edu.ec\/jstorres\/wp-json\/wp\/v2\/comments?post=33"}],"version-history":[{"count":1,"href":"https:\/\/blog.espol.edu.ec\/jstorres\/wp-json\/wp\/v2\/pages\/33\/revisions"}],"predecessor-version":[{"id":34,"href":"https:\/\/blog.espol.edu.ec\/jstorres\/wp-json\/wp\/v2\/pages\/33\/revisions\/34"}],"wp:attachment":[{"href":"https:\/\/blog.espol.edu.ec\/jstorres\/wp-json\/wp\/v2\/media?parent=33"}],"curies":[{"name":"wp","href":"https:\/\/api.w.org\/{rel}","templated":true}]}}