{"id":39,"date":"2016-11-14T04:28:50","date_gmt":"2016-11-14T04:28:50","guid":{"rendered":"http:\/\/blog.espol.edu.ec\/jtmartin\/?page_id=39"},"modified":"2016-11-14T04:29:34","modified_gmt":"2016-11-14T04:29:34","slug":"los-gatos-y-sus-caracteristicas","status":"publish","type":"page","link":"https:\/\/blog.espol.edu.ec\/jtmartin\/los-gatos-y-sus-caracteristicas\/","title":{"rendered":"Los Gatos, breve historia y caracter\u00edsticas"},"content":{"rendered":"<p>Como\u00a0animal de compa\u00f1\u00eda, es una de las\u00a0mascotas\u00a0m\u00e1s populares en todo el mundo. Debido a que su\u00a0domesticaci\u00f3n\u00a0es relativamente reciente, pueden vivir en ambientes silvestres formando peque\u00f1as colonias. La asociaci\u00f3n del gato con los humanos lo condujo a figurar prominentemente en la\u00a0mitolog\u00eda\u00a0de diferentes culturas, incluyendo a las civilizaciones\u00a0egipcia,\u00a0japonesa,\u00a0china\u00a0y\u00a0escandinava.<\/p>\n<p style=\"text-align: center\"><img loading=\"lazy\" decoding=\"async\" class=\"size-medium wp-image-37\" src=\"http:\/\/blog.espol.edu.ec\/jtmartin\/files\/2016\/11\/felinos-peliando-1280-x-1024-300x240.jpg\" alt=\"felinos-peliando-1280-x-1024\" width=\"300\" height=\"240\" srcset=\"https:\/\/blog.espol.edu.ec\/jtmartin\/files\/2016\/11\/felinos-peliando-1280-x-1024-300x240.jpg 300w, https:\/\/blog.espol.edu.ec\/jtmartin\/files\/2016\/11\/felinos-peliando-1280-x-1024-768x614.jpg 768w, https:\/\/blog.espol.edu.ec\/jtmartin\/files\/2016\/11\/felinos-peliando-1280-x-1024-1024x819.jpg 1024w, https:\/\/blog.espol.edu.ec\/jtmartin\/files\/2016\/11\/felinos-peliando-1280-x-1024.jpg 1280w\" sizes=\"auto, (max-width: 300px) 100vw, 300px\" \/><\/p>\n<p>Es un animal instintivamente\u00a0cazador. Los gatos de\u00a0granja\u00a0viven de forma semisalvaje y cazan\u00a0ratones\u00a0y\u00a0ratas\u00a0que de otra forma comer\u00edan importantes cantidades de grano. Los dom\u00e9sticos capturan\u00a0insectos,\u00a0ratones\u00a0y peque\u00f1os\u00a0p\u00e1jaros\u00a0instintivamente, aunque generalmente no los consumen.<\/p>\n<p>El\u00a0gato\u00a0o\u00a0gato dom\u00e9stico, cuyo nombre cient\u00edfico es\u00a0<i>Felis\u00a0silvestris catus<\/i>, es un peque\u00f1o mam\u00edfero\u00a0carn\u00edvoro. El gato est\u00e1 en convivencia cercana al\u00a0hombre\u00a0desde hace unos 9.500 a\u00f1os,\u00a0fecha muy anterior a las previas estimadas en 3.500 a 8.000 a\u00f1os.<\/p>\n<p>Los nombres actuales m\u00e1s generalizados (<i>cat<\/i>,\u00a0<i>chat<\/i>,\u00a0<i>gatto<\/i>, etc\u00e9tera) derivan del\u00a0bajo lat\u00edn <i>cattus<\/i>, palabra que alud\u00eda especialmente a los gatos salvajes en contraposici\u00f3n a los gatos dom\u00e9sticos que, en lat\u00edn, eran llamados\u00a0<i>felis<\/i>.<\/p>\n<p>Hay\u00a0docenas de razas, algunas\u00a0sin pelo\u00a0o\u00a0sin cola\u00a0como resultado de mutaciones gen\u00e9ticas, y existen en una amplia variedad de colores. Se comunican con gemidos, silbidos, gru\u00f1idos y alrededor de un centenar de diferentes vocalizaciones,\u00a0adem\u00e1s del lenguaje\u00a0corporal.<\/p>\n<p>&nbsp;<\/p>\n<p><b>CARACTER\u00cdSTICAS GENERALES<\/b><\/p>\n<p>Al contrario de lo que se suele suponer, en estado\u00a0salvaje el gato es un animal muy social, que llega a establecer colonias m\u00e1s o menos jerarquizadas. Es un animal cazador y los machos marcan el territorio orinando.<\/p>\n<p>Pueden sufrir enfermedades\u00a0psicol\u00f3gicas tales como el\u00a0estr\u00e9s. Al igual que un humano estresado, tender\u00e1 a desarrollar un comportamiento\u00a0neur\u00f3tico.<\/p>\n<p>Su\u00a0vejez\u00a0no es gradual, como la humana, sino abrupta. Dura aproximadamente un a\u00f1o y desemboca en la muerte. Un ejemplar viejo desarrolla cataratas y se vuelve m\u00e1s lento. Tambi\u00e9n pierde el olfato. Generalmente duerme todo el d\u00eda, sin desarrollar ninguna otra actividad, muestra\u00a0de su extremo cansancio.<\/p>\n<p><img loading=\"lazy\" decoding=\"async\" class=\"size-medium wp-image-40 aligncenter\" src=\"http:\/\/blog.espol.edu.ec\/jtmartin\/files\/2016\/11\/Descargar-Pack-Fondos-de-Pantalla-Animales-en-HD-649-300x188.jpg\" alt=\"descargar-pack-fondos-de-pantalla-animales-en-hd-649\" width=\"300\" height=\"188\" srcset=\"https:\/\/blog.espol.edu.ec\/jtmartin\/files\/2016\/11\/Descargar-Pack-Fondos-de-Pantalla-Animales-en-HD-649-300x188.jpg 300w, https:\/\/blog.espol.edu.ec\/jtmartin\/files\/2016\/11\/Descargar-Pack-Fondos-de-Pantalla-Animales-en-HD-649-768x480.jpg 768w, https:\/\/blog.espol.edu.ec\/jtmartin\/files\/2016\/11\/Descargar-Pack-Fondos-de-Pantalla-Animales-en-HD-649-1024x640.jpg 1024w, https:\/\/blog.espol.edu.ec\/jtmartin\/files\/2016\/11\/Descargar-Pack-Fondos-de-Pantalla-Animales-en-HD-649.jpg 1600w\" sizes=\"auto, (max-width: 300px) 100vw, 300px\" \/><\/p>\n","protected":false},"excerpt":{"rendered":"<p>Como\u00a0animal de compa\u00f1\u00eda, es una de las\u00a0mascotas\u00a0m\u00e1s populares en todo el mundo. Debido a que su\u00a0domesticaci\u00f3n\u00a0es relativamente reciente, pueden vivir en ambientes silvestres formando peque\u00f1as colonias. La asociaci\u00f3n del gato con los humanos lo condujo a figurar prominentemente en la\u00a0mitolog\u00eda\u00a0de diferentes culturas, incluyendo a las civilizaciones\u00a0egipcia,\u00a0japonesa,\u00a0china\u00a0y\u00a0escandinava. Es un animal instintivamente\u00a0cazador. Los gatos de\u00a0granja\u00a0viven de forma &hellip; <\/p>\n<p><a class=\"more-link btn\" href=\"https:\/\/blog.espol.edu.ec\/jtmartin\/los-gatos-y-sus-caracteristicas\/\">Seguir leyendo<\/a><\/p>\n","protected":false},"author":10639,"featured_media":0,"parent":0,"menu_order":0,"comment_status":"closed","ping_status":"closed","template":"","meta":{"footnotes":""},"class_list":["post-39","page","type-page","status-publish","hentry","nodate","item-wrap"],"_links":{"self":[{"href":"https:\/\/blog.espol.edu.ec\/jtmartin\/wp-json\/wp\/v2\/pages\/39","targetHints":{"allow":["GET"]}}],"collection":[{"href":"https:\/\/blog.espol.edu.ec\/jtmartin\/wp-json\/wp\/v2\/pages"}],"about":[{"href":"https:\/\/blog.espol.edu.ec\/jtmartin\/wp-json\/wp\/v2\/types\/page"}],"author":[{"embeddable":true,"href":"https:\/\/blog.espol.edu.ec\/jtmartin\/wp-json\/wp\/v2\/users\/10639"}],"replies":[{"embeddable":true,"href":"https:\/\/blog.espol.edu.ec\/jtmartin\/wp-json\/wp\/v2\/comments?post=39"}],"version-history":[{"count":2,"href":"https:\/\/blog.espol.edu.ec\/jtmartin\/wp-json\/wp\/v2\/pages\/39\/revisions"}],"predecessor-version":[{"id":42,"href":"https:\/\/blog.espol.edu.ec\/jtmartin\/wp-json\/wp\/v2\/pages\/39\/revisions\/42"}],"wp:attachment":[{"href":"https:\/\/blog.espol.edu.ec\/jtmartin\/wp-json\/wp\/v2\/media?parent=39"}],"curies":[{"name":"wp","href":"https:\/\/api.w.org\/{rel}","templated":true}]}}