{"id":8,"date":"2016-11-07T21:18:14","date_gmt":"2016-11-07T21:18:14","guid":{"rendered":"http:\/\/blog.espol.edu.ec\/jtmartin\/?page_id=8"},"modified":"2016-11-07T21:19:12","modified_gmt":"2016-11-07T21:19:12","slug":"felidos","status":"publish","type":"page","link":"https:\/\/blog.espol.edu.ec\/jtmartin\/felidos\/","title":{"rendered":"F\u00e9lidos"},"content":{"rendered":"<p>Los <b>f\u00e9lidos<\/b> (<b>Felidae<\/b>) son una <a title=\"Familia (biolog\u00eda)\" href=\"https:\/\/es.wikipedia.org\/wiki\/Familia_(biolog%C3%ADa)\">familia<\/a> de <a title=\"Mammalia\" href=\"https:\/\/es.wikipedia.org\/wiki\/Mammalia\">mam\u00edferos<\/a> <a title=\"Placentalia\" href=\"https:\/\/es.wikipedia.org\/wiki\/Placentalia\">placentarios<\/a> del <a title=\"Orden (biolog\u00eda)\" href=\"https:\/\/es.wikipedia.org\/wiki\/Orden_(biolog%C3%ADa)\">orden<\/a> <a title=\"Carnivora\" href=\"https:\/\/es.wikipedia.org\/wiki\/Carnivora\">Carnivora<\/a>. Poseen un cuerpo esbelto, o\u00eddo agudo, hocico corto y excelente vista. Son los mam\u00edferos cazadores m\u00e1s sigilosos. La mayor\u00eda consume exclusivamente carne e ignora cualquier otra comida que no sea una presa viva. La capturan con sus afiladas <a title=\"Garra\" href=\"https:\/\/es.wikipedia.org\/wiki\/Garra\">garras<\/a>y suelen matarla de un \u00fanico y tenaz mordisco.<\/p>\n<p>A excepci\u00f3n de los <a title=\"Acinonyx jubatus\" href=\"https:\/\/es.wikipedia.org\/wiki\/Acinonyx_jubatus\">guepardos<\/a>, todos los f\u00e9lidos pueden retraer sus garras dentro de una vaina protectora mientras no las usan.<\/p>\n<p>Hay alrededor de cuarenta especies en esta familia; muchas de las cuales escasean en la actualidad, porque han sido objeto de caza por su piel, para aprovechar partes de su cuerpo, o porque su h\u00e1bitat est\u00e1 siendo destruido, como pasa con el lince ib\u00e9rico (<i><a title=\"Lynx pardinus\" href=\"https:\/\/es.wikipedia.org\/wiki\/Lynx_pardinus\">Lynx pardinus<\/a><\/i>), el f\u00e9lido en mayor peligro de extinci\u00f3n.<\/p>\n<p><a href=\"https:\/\/es.wikipedia.org\/wiki\/Grandes_felinos\">Abrir el siguiente enlace<\/a><\/p>\n<p><img loading=\"lazy\" decoding=\"async\" class=\"alignnone size-medium\" src=\"https:\/\/k05.kn3.net\/taringa\/7\/4\/2\/0\/0\/5\/5\/spartacus_121\/90C.jpg\" alt=\"\" width=\"2560\" height=\"1600\" \/><\/p>\n","protected":false},"excerpt":{"rendered":"<p>Los f\u00e9lidos (Felidae) son una familia de mam\u00edferos placentarios del orden Carnivora. Poseen un cuerpo esbelto, o\u00eddo agudo, hocico corto y excelente vista. Son los mam\u00edferos cazadores m\u00e1s sigilosos. La mayor\u00eda consume exclusivamente carne e ignora cualquier otra comida que no sea una presa viva. La capturan con sus afiladas garrasy suelen matarla de un &hellip; <\/p>\n<p><a class=\"more-link btn\" href=\"https:\/\/blog.espol.edu.ec\/jtmartin\/felidos\/\">Seguir leyendo<\/a><\/p>\n","protected":false},"author":10639,"featured_media":0,"parent":0,"menu_order":0,"comment_status":"closed","ping_status":"closed","template":"","meta":{"footnotes":""},"class_list":["post-8","page","type-page","status-publish","hentry","nodate","item-wrap"],"_links":{"self":[{"href":"https:\/\/blog.espol.edu.ec\/jtmartin\/wp-json\/wp\/v2\/pages\/8","targetHints":{"allow":["GET"]}}],"collection":[{"href":"https:\/\/blog.espol.edu.ec\/jtmartin\/wp-json\/wp\/v2\/pages"}],"about":[{"href":"https:\/\/blog.espol.edu.ec\/jtmartin\/wp-json\/wp\/v2\/types\/page"}],"author":[{"embeddable":true,"href":"https:\/\/blog.espol.edu.ec\/jtmartin\/wp-json\/wp\/v2\/users\/10639"}],"replies":[{"embeddable":true,"href":"https:\/\/blog.espol.edu.ec\/jtmartin\/wp-json\/wp\/v2\/comments?post=8"}],"version-history":[{"count":3,"href":"https:\/\/blog.espol.edu.ec\/jtmartin\/wp-json\/wp\/v2\/pages\/8\/revisions"}],"predecessor-version":[{"id":11,"href":"https:\/\/blog.espol.edu.ec\/jtmartin\/wp-json\/wp\/v2\/pages\/8\/revisions\/11"}],"wp:attachment":[{"href":"https:\/\/blog.espol.edu.ec\/jtmartin\/wp-json\/wp\/v2\/media?parent=8"}],"curies":[{"name":"wp","href":"https:\/\/api.w.org\/{rel}","templated":true}]}}