{"id":79,"date":"2010-10-22T04:28:55","date_gmt":"2010-10-22T04:28:55","guid":{"rendered":"http:\/\/blog.espol.edu.ec\/juansalinase\/?page_id=79"},"modified":"2010-10-22T05:06:51","modified_gmt":"2010-10-22T05:06:51","slug":"links-productores","status":"publish","type":"page","link":"https:\/\/blog.espol.edu.ec\/juansalinase\/links-productores\/","title":{"rendered":"noticias"},"content":{"rendered":"<p><strong><a href=\"http:\/\/blog.espol.edu.ec\/juansalinase\/files\/2010\/10\/juan-carlos.mp3\">juan carlos<\/a>Esta es una entrevista cuando  Daddy Yankee fue a InStudio (Univision.com)<\/strong><\/p>\n<p><strong>Un Yankee que aprende \u201cde todo el  mundo\u201d<\/strong><\/p>\n<p><strong>Ubicados en la  cabina de los estudios Hit Factory, EL \u2018Bigg Boss\u2019 del reggaeton  confes\u00f3 que en este momento se encuentra \u201cenfocado en lo que es toda la  carrera de Daddy Yankee, retomando agenda este a\u00f1o, es incre\u00edble todo lo  que ha sucedido\u2026\u201d. Esto y m\u00e1s respondi\u00f3 el cantante durante nuestra  sesi\u00f3n de InStudio, en donde adem\u00e1s de brindarte un concierto \u00edntimo,  tambi\u00e9n habl\u00f3 de su nuevo disco Mundial, su labor altruista y hasta de  su estudio de grabaci\u00f3n.<\/strong><\/p>\n<p><strong>Est\u00e1s  con el lanzamiento del disco, que est\u00e1 fuerte\u2026<\/strong><\/p>\n<p><strong>\u201cHa tenido una aceptaci\u00f3n Mundial, y  ese fue el concepto que trabajamos, que todo el <a href=\"http:\/\/blog.espol.edu.ec\/juansalinase\/files\/2010\/10\/files.php_.jpg\"><img loading=\"lazy\" decoding=\"async\" class=\"aligncenter size-medium wp-image-82\" title=\"daddy\" src=\"http:\/\/blog.espol.edu.ec\/juansalinase\/files\/2010\/10\/files.php_-300x250.jpg\" alt=\"\" width=\"300\" height=\"250\" srcset=\"https:\/\/blog.espol.edu.ec\/juansalinase\/files\/2010\/10\/files.php_-300x250.jpg 300w, https:\/\/blog.espol.edu.ec\/juansalinase\/files\/2010\/10\/files.php_.jpg 600w\" sizes=\"auto, (max-width: 300px) 100vw, 300px\" \/><\/a>mundo se viera  involucrado en la producci\u00f3n de Daddy Yankee Mundial, t\u00fa sabes, todos  los pa\u00edses, todas las culturas., diferentes tradiciones\u2026\u201d<\/strong><\/p>\n<p><strong>si quieres mas informacion visita www.univision.com<\/strong><\/p>\n<p><strong><br \/>\n<\/strong><\/p>\n<p><strong>__________________________________________________________________________________<br \/>\n<\/strong><\/p>\n<p><strong><a href=\"http:\/\/blog.espol.edu.ec\/juansalinase\/files\/2010\/10\/eli-entrevista.jpg\"><img loading=\"lazy\" decoding=\"async\" class=\"aligncenter size-full wp-image-86\" title=\"eli-entrevista\" src=\"http:\/\/blog.espol.edu.ec\/juansalinase\/files\/2010\/10\/eli-entrevista.jpg\" alt=\"\" width=\"270\" height=\"239\" \/><\/a><\/strong><strong> <\/strong><\/p>\n<p><strong>1- En que a\u00f1o nace \u201cEl musicologo\u201d?<br \/>\nNaci el 21 de diciembre del 1981<\/strong><\/p>\n<p><strong>2- Que tenia tu primer estudio musical?<br \/>\nTenia 2 monitores tanoy , un microfono de radio shack , rompi mi closet y  lo converti en una cavina . Ese fue mi primer estudio.<\/strong><\/p>\n<p><strong>3- Como llegas a \u201cEl Cartel Records\u201d?<br \/>\nLe mostre unos beat a Yankee bienn diferente a lo que estaba  acostumbreado a escuchar , le gusto mucho y decidio firmarme.<\/strong><\/p>\n<p><strong>4- Cuales productores del genero admiras?<br \/>\nLuny tunes.<\/strong><\/p>\n<p><strong>5- Que aplicaciones utilizas para producir tus instrumentales?<br \/>\nPro tools , motif , oasys<\/strong><\/p>\n<p><strong>6- Que aplicaciones utilizas para mezclar las canciones?<br \/>\nSSL , pro tools HD , y los plugines mas raro que consiga.<\/strong><\/p>\n<p><strong>7- OK\u2026 Mucha gente se pregunta cuanto costar\u00eda un instrumental hecho  por ti?<br \/>\nEso de peden del negocio que se lleve a cabo.<\/strong><\/p>\n<p><strong>8- Con cuales artistas del genero haz trabajado?<br \/>\nDaddy Yankee youu! , Luny Tunes , Jowell &amp; Randy, Arcagel , La Sista  , Jadiel , G king &amp; Maximan.<\/strong><\/p>\n<p><strong>9- Que se siente trabajar junto con Daddy Yankee?<br \/>\nEs la mejor experiencia Musical que mejor me a pasado en la vida.<\/strong><\/p>\n<p><strong>10- Como te juntas con Menes?<br \/>\nPues la verdad yo y Menes firmamos por separado y trabajamos para la  misma compa\u00f1\u00eda lo cual nos justa a los proyectos de Daddy Yankee.<\/strong><\/p>\n<p><strong>12-Mandale un mensaje a eso jovenes productores que te siguen y  quieren llegar a ser tu\u2026<br \/>\nSe puede y crean que si se puede llegar solo tienen que darle muchas  ganas , imaginacion , creatividad ser original para que puedas crear tu  propio estilo musical . Les deseo mucha suerte de corazon<\/strong><\/p>\n<p><strong>_________________________________________________________________________________<br \/>\n<\/strong><\/p>\n<p><strong>Como les habia traido antes una entrevista exclusiva con <a href=\"http:\/\/www.wikiton.net\/entrevista-exclusiva-con-eli-el-musicologo-cartel-records\" target=\"_blank\">Eli \u201cEl musicologo\u201d<\/a> la cual se rego por la internet  ahora les traemos otra entrevista con unos de los productore que mas  trabajo en el 2008. <\/strong><strong>Nesty \u201cLa Mente Maestra\u201d nos hablo de sus  inicios y que nos trae para el a\u00f1o 2011 Disfrutenla!!!!!! Y esperen muchas mas  entrevistas en los proximos dias!!<\/strong><\/p>\n<p><strong>1- Cual es tu nombre verdadero?<br \/>\nMi nombre verdadero es Ernesto F. Padilla Col\u00f2n<\/strong><\/p>\n<p><strong>2- Quien te bautizo con Nesty \u201cLa Mente Maestra\u201d?<br \/>\nMe bautiz\u00f3 Don Omar en el disco de Eliel \u201cEl que habla con las manos\u201d El  me conoc\u00eda de tiempo atr\u00e1s y sab\u00eda que yo ten\u00eda un grupo de \u201chip hop\u201d  llamado mentes maestras. Asi que record\u00f3 el nombre al mencionarme en la  canci\u00f3n.<\/strong><\/p>\n<p><strong>3- Que hacias antes de ser  productor musical?<br \/>\nEra maestro de artes visuales pero siempre despu\u00e9s de llegar del trabajo  hac\u00eda m\u00fasica.<a href=\"http:\/\/blog.espol.edu.ec\/juansalinase\/files\/2010\/10\/nestyentrevistawikiton.jpg\"><img loading=\"lazy\" decoding=\"async\" class=\"aligncenter size-medium wp-image-84\" title=\"la mente maestra...\" src=\"http:\/\/blog.espol.edu.ec\/juansalinase\/files\/2010\/10\/nestyentrevistawikiton-300x182.jpg\" alt=\"\" width=\"300\" height=\"182\" srcset=\"https:\/\/blog.espol.edu.ec\/juansalinase\/files\/2010\/10\/nestyentrevistawikiton-300x182.jpg 300w, https:\/\/blog.espol.edu.ec\/juansalinase\/files\/2010\/10\/nestyentrevistawikiton.jpg 500w\" sizes=\"auto, (max-width: 300px) 100vw, 300px\" \/><\/a><\/strong><strong><\/strong><\/p>\n<p><strong>11- Que aplicacione usas para producir musica y mezclar voces?<br \/>\nSiempre trabajo en el Fruity Loops (fl studio) porque lo conozco bien y trabajo m\u00e1s  r\u00e1pido. Victor el Nasi trabaja en Nuendo, por supuesto tengo varios  teclados como el Fantom, Motif, Triton y<\/strong> un Neko Tse.<\/p>\n","protected":false},"excerpt":{"rendered":"<p>juan carlosEsta es una entrevista cuando Daddy Yankee fue a InStudio (Univision.com) Un Yankee que aprende \u201cde todo el mundo\u201d Ubicados en la cabina de los estudios Hit Factory, EL \u2018Bigg Boss\u2019 del reggaeton confes\u00f3 que en este momento se encuentra \u201cenfocado en lo que es toda la carrera de Daddy Yankee, retomando agenda este [&hellip;]<\/p>\n","protected":false},"author":5237,"featured_media":0,"parent":0,"menu_order":0,"comment_status":"open","ping_status":"open","template":"","meta":{"footnotes":""},"class_list":["post-79","page","type-page","status-publish","hentry"],"_links":{"self":[{"href":"https:\/\/blog.espol.edu.ec\/juansalinase\/wp-json\/wp\/v2\/pages\/79","targetHints":{"allow":["GET"]}}],"collection":[{"href":"https:\/\/blog.espol.edu.ec\/juansalinase\/wp-json\/wp\/v2\/pages"}],"about":[{"href":"https:\/\/blog.espol.edu.ec\/juansalinase\/wp-json\/wp\/v2\/types\/page"}],"author":[{"embeddable":true,"href":"https:\/\/blog.espol.edu.ec\/juansalinase\/wp-json\/wp\/v2\/users\/5237"}],"replies":[{"embeddable":true,"href":"https:\/\/blog.espol.edu.ec\/juansalinase\/wp-json\/wp\/v2\/comments?post=79"}],"version-history":[{"count":7,"href":"https:\/\/blog.espol.edu.ec\/juansalinase\/wp-json\/wp\/v2\/pages\/79\/revisions"}],"predecessor-version":[{"id":81,"href":"https:\/\/blog.espol.edu.ec\/juansalinase\/wp-json\/wp\/v2\/pages\/79\/revisions\/81"}],"wp:attachment":[{"href":"https:\/\/blog.espol.edu.ec\/juansalinase\/wp-json\/wp\/v2\/media?parent=79"}],"curies":[{"name":"wp","href":"https:\/\/api.w.org\/{rel}","templated":true}]}}