{"id":82,"date":"2016-11-15T11:57:09","date_gmt":"2016-11-15T16:57:09","guid":{"rendered":"http:\/\/blog.espol.edu.ec\/jureta\/?page_id=82"},"modified":"2016-11-15T11:57:09","modified_gmt":"2016-11-15T16:57:09","slug":"korean-dramas","status":"publish","type":"page","link":"https:\/\/blog.espol.edu.ec\/jureta\/resenas\/korean-dramas\/","title":{"rendered":"KOREAN DRAMAS"},"content":{"rendered":"<h1 style=\"text-align: center\">\u00a0<span style=\"color: #ffcc00\"><strong><span style=\"text-decoration: underline\">\u00bfQu\u00e9 es un Drama Coreano (\ud55c\uad6d\ub4dc\ub77c\ub9c8)?:<\/span><\/strong><\/span><\/h1>\n<p><img loading=\"lazy\" decoding=\"async\" class=\" wp-image-38 alignleft\" src=\"http:\/\/blog.espol.edu.ec\/jureta\/files\/2016\/11\/613cb5710ff5423923a40e5ac689efc0-201x300.jpg\" alt=\"613cb5710ff5423923a40e5ac689efc0\" width=\"228\" height=\"341\" srcset=\"https:\/\/blog.espol.edu.ec\/jureta\/files\/2016\/11\/613cb5710ff5423923a40e5ac689efc0-201x300.jpg 201w, https:\/\/blog.espol.edu.ec\/jureta\/files\/2016\/11\/613cb5710ff5423923a40e5ac689efc0.jpg 564w\" sizes=\"auto, (max-width: 228px) 100vw, 228px\" \/><\/p>\n<p>Un Drama es una novela o una serie de origen Surcoreano, se refiere a los dramas televisados, similares a las miniseries occidentales, de los cuales muchos han llegado a ser muy populares en toda Asia y alrededor del mundo y a la vez forman parte del fen\u00f3meno conocido como: \u201cOla Hallyu\u201d.<\/p>\n<p>La mayor\u00eda de los dramas coreanos populares se originan en Corea del Sur, aunque algunos de los dramas son de Corea del Norte y tambi\u00e9n han llegado a ser populares en Jap\u00f3n. Algunos de los m\u00e1s populares son: Sonata de Invierno, Escalera al Cielo, oto\u00f1o en mi coraz\u00f3n y Boys Before Flowers.<\/p>\n<p>Estos dramas suelen durar entre 16 y 100 cap\u00edtulos (generalmente no superan los 200).<\/p>\n<p>Tambi\u00e9n se le puede llamar: K-Drama.<\/p>\n<p>A los coreanos no les agrada que les digan: \u201cDoramas\u201d a sus Dramas coreanos, es como que les dijeran: Chinos o japoneses\u2026<\/p>\n<p>\u00bfQu\u00e9 es un Dorama (\u30c9\u30e9\u30de)?<\/p>\n<p>Es una serie o novela de origen japon\u00e9s, es el nombre japon\u00e9s de las series televisivas de imagen real. Son el equivalente a las telenovelas, formando parte de la programaci\u00f3n diaria.<\/p>\n<p>Todas las cadenas japonesas producen diversas telenovelas de diferentes temas: romance, comedia, terror, policiaco... Se emiten en temporadas de tres meses, Se suelen emitir semanalmente y tiene una duraci\u00f3n aproximada de entre 9 y 16 episodios (aunque en caso de que sea un gran \u00e9xito, puede que se emita un cap\u00edtulo extra o un ep\u00edlogo al finalizar la serie).<\/p>\n<p>Algunos de los mas conocidos son: Hana Yori Dango, Koizora, 1 Litro de Lagrimas, Kimi wa Petto.<\/p>\n<p>Recomendaciones de p\u00e1ginas para mirar Dramas o Doramas online:<\/p>\n<ol>\n<li>VeoDoramas: Es una excelente p\u00e1gina, muy recomendable: <a href=\"http:\/\/veodoramas.net\/\">http:\/\/veodoramas.net\/<\/a><\/li>\n<\/ol>\n<ol start=\"2\">\n<li>Viki - <a href=\"http:\/\/www.viki.com\/\">http:\/\/www.viki.com\/<\/a> <em>(mi favorita<\/em><em>)<\/em> Aunque en la reproducci\u00f3n de los episodios, se interrumpen por los anuncios de publicidad, pero pueden descargar en el Google Chrome la extensi\u00f3n: Adblock Plus es un bloqueador gratuito para Chrome de TODA la publicidad molesta\u2026<strong><em>eso si cada vez que empieces a ver un capitulo ponlo en pausa y luego\u00a0re-anulado\u00a0as\u00ed no te marca\u00a0error en los v\u00eddeos<\/em><\/strong><\/li>\n<\/ol>\n<ol start=\"3\">\n<li>Dramafever: - <a href=\"http:\/\/www.dramafever.com\/es\/\">http:\/\/www.dramafever.com\/es\/<\/a> La calidad es excelente, y se encuentran muchos de los dramas o doramas que no est\u00e1n disponibles en Viki.com\u2026<em>Ademas te avisa en que parte o pedacito te quedaste por \u00faltima vez.<\/em><\/li>\n<\/ol>\n<ol start=\"4\">\n<li>DoramasTV: - <a href=\"http:\/\/doramastv.com\/\">http:\/\/doramastv.com\/<\/a><\/li>\n<\/ol>\n<ol start=\"5\">\n<li>VerSeriesCoreanas: - <a href=\"http:\/\/verseriescoreanas.com\/\">http:\/\/verseriescoreanas.com\/<\/a><\/li>\n<\/ol>\n<ol start=\"6\">\n<li>Asia-Team - <a href=\"http:\/\/www.asia-team.net\/\">http:\/\/www.asia-team.net\/<\/a> Este es m\u00e1s para descargar los dramas y doramas, que para verlos\u2026<\/li>\n<\/ol>\n<ol start=\"7\">\n<li>Novelas coreanas: <a href=\"http:\/\/novelascoreanas.es\/\">http:\/\/novelascoreanas.es\/<\/a> Es excelente aqu\u00ed se encuentra mucha variedad.<\/li>\n<\/ol>\n<ol start=\"8\">\n<li>Doramas Gratis: <a href=\"http:\/\/www.doramasgratis.com\/\">http:\/\/www.doramasgratis.com\/<\/a><\/li>\n<\/ol>\n<ol start=\"9\">\n<li>Doramas coreanos: <a href=\"http:\/\/www.doramascoreanos.net\/\">http:\/\/www.doramascoreanos.net\/<\/a><\/li>\n<\/ol>\n<ol start=\"10\">\n<li>Series coreanas: <a href=\"http:\/\/www.seriescoreanasonline.com\/\">http:\/\/www.seriescoreanasonline.com\/<\/a><\/li>\n<\/ol>\n<ol start=\"11\">\n<li>Novelas coreanas: <a href=\"http:\/\/novelascoreanas.info\/\">http:\/\/novelascoreanas.info\/<\/a><\/li>\n<\/ol>\n<ol start=\"12\">\n<li>Doramas online: <a href=\"http:\/\/doramasonline.com\/\">http:\/\/doramasonline.com\/<\/a><\/li>\n<\/ol>\n<ol start=\"13\">\n<li>Asian doramas: <a href=\"http:\/\/asiandoramas.com\/\">http:\/\/asiandoramas.com\/<\/a><\/li>\n<\/ol>\n<ol start=\"14\">\n<li>Doramasid: <a href=\"http:\/\/doramasid.net\/\">http:\/\/doramasid.net\/<\/a><\/li>\n<\/ol>\n<ol start=\"15\">\n<li>DoramasID: <a href=\"http:\/\/www.doramasid.com\/\">http:\/\/www.doramasid.com\/<\/a><\/li>\n<\/ol>\n<ol start=\"16\">\n<li>Youtube: Puedes buscar los dramas por nombre en YouTube, aqu\u00ed se encuentran muchos\u2026u\u00e1l es la diferencia entre Dramas y Doramas?:\n<p>Muchos fans de la cultura coreana o k-popers est\u00e1n acostumbrados a llamar a los Dramas coreanos como: \u201cDoramas\u201d, pero este nombre es incorrecto.<\/p>\n<p>&nbsp;<\/li>\n<\/ol>\n","protected":false},"excerpt":{"rendered":"<p>\u00a0\u00bfQu\u00e9 es un Drama Coreano (\ud55c\uad6d\ub4dc\ub77c\ub9c8)?: Un Drama es una novela o una serie de origen Surcoreano, se refiere a los dramas televisados, similares a las miniseries occidentales, de los cuales muchos han llegado a ser muy populares en toda Asia y alrededor del mundo y a la vez forman parte del fen\u00f3meno conocido como: [&hellip;]<\/p>\n","protected":false},"author":10713,"featured_media":0,"parent":80,"menu_order":0,"comment_status":"closed","ping_status":"closed","template":"","meta":{"footnotes":""},"class_list":["post-82","page","type-page","status-publish","hentry"],"_links":{"self":[{"href":"https:\/\/blog.espol.edu.ec\/jureta\/wp-json\/wp\/v2\/pages\/82","targetHints":{"allow":["GET"]}}],"collection":[{"href":"https:\/\/blog.espol.edu.ec\/jureta\/wp-json\/wp\/v2\/pages"}],"about":[{"href":"https:\/\/blog.espol.edu.ec\/jureta\/wp-json\/wp\/v2\/types\/page"}],"author":[{"embeddable":true,"href":"https:\/\/blog.espol.edu.ec\/jureta\/wp-json\/wp\/v2\/users\/10713"}],"replies":[{"embeddable":true,"href":"https:\/\/blog.espol.edu.ec\/jureta\/wp-json\/wp\/v2\/comments?post=82"}],"version-history":[{"count":1,"href":"https:\/\/blog.espol.edu.ec\/jureta\/wp-json\/wp\/v2\/pages\/82\/revisions"}],"predecessor-version":[{"id":83,"href":"https:\/\/blog.espol.edu.ec\/jureta\/wp-json\/wp\/v2\/pages\/82\/revisions\/83"}],"up":[{"embeddable":true,"href":"https:\/\/blog.espol.edu.ec\/jureta\/wp-json\/wp\/v2\/pages\/80"}],"wp:attachment":[{"href":"https:\/\/blog.espol.edu.ec\/jureta\/wp-json\/wp\/v2\/media?parent=82"}],"curies":[{"name":"wp","href":"https:\/\/api.w.org\/{rel}","templated":true}]}}