{"id":48,"date":"2014-11-08T12:37:25","date_gmt":"2014-11-08T12:37:25","guid":{"rendered":"http:\/\/blog.espol.edu.ec\/jvnunez\/?page_id=48"},"modified":"2014-11-09T02:09:55","modified_gmt":"2014-11-09T02:09:55","slug":"catalogo-chevrolet-aveo","status":"publish","type":"page","link":"https:\/\/blog.espol.edu.ec\/jvnunez\/catalogo-chevrolet-aveo\/","title":{"rendered":"Cat\u00e0logo-Chevrolet Aveo"},"content":{"rendered":"<div id=\"attachment_60\" style=\"width: 806px\" class=\"wp-caption alignleft\"><a href=\"http:\/\/blog.espol.edu.ec\/jvnunez\/files\/2014\/11\/taxi.jpg\"><img loading=\"lazy\" decoding=\"async\" aria-describedby=\"caption-attachment-60\" class=\"wp-image-60 size-full\" src=\"http:\/\/blog.espol.edu.ec\/jvnunez\/files\/2014\/11\/taxi.jpg\" alt=\"CHEVYTAXI \" width=\"796\" height=\"300\" srcset=\"https:\/\/blog.espol.edu.ec\/jvnunez\/files\/2014\/11\/taxi.jpg 796w, https:\/\/blog.espol.edu.ec\/jvnunez\/files\/2014\/11\/taxi-300x113.jpg 300w, https:\/\/blog.espol.edu.ec\/jvnunez\/files\/2014\/11\/taxi-500x188.jpg 500w\" sizes=\"auto, (max-width: 796px) 100vw, 796px\" \/><\/a><p id=\"caption-attachment-60\" class=\"wp-caption-text\"><a href=\"el 1.5 de 83 hp.\">CHEVYTAXI<\/a> est\u00e1 preparado sobre el Chevrolet Aveo Sed\u00e1n 4 Puertas, un auto compacto con buen espacio en las plazas traseras y un amplio ba\u00fal para carga. Exterior e interiormente resulta est\u00e9ticamente muy agradable y sus dimensiones son las adecuadas para el dif\u00edcil tr\u00e1nsito urbano.<\/p><\/div>\n<div id=\"attachment_62\" style=\"width: 806px\" class=\"wp-caption alignleft\"><a href=\"http:\/\/blog.espol.edu.ec\/jvnunez\/files\/2014\/11\/family.jpg\"><img loading=\"lazy\" decoding=\"async\" aria-describedby=\"caption-attachment-62\" class=\"wp-image-62 size-full\" src=\"http:\/\/blog.espol.edu.ec\/jvnunez\/files\/2014\/11\/family.jpg\" alt=\"Aveo Family\" width=\"796\" height=\"300\" srcset=\"https:\/\/blog.espol.edu.ec\/jvnunez\/files\/2014\/11\/family.jpg 796w, https:\/\/blog.espol.edu.ec\/jvnunez\/files\/2014\/11\/family-300x113.jpg 300w, https:\/\/blog.espol.edu.ec\/jvnunez\/files\/2014\/11\/family-500x188.jpg 500w\" sizes=\"auto, (max-width: 796px) 100vw, 796px\" \/><\/a><p id=\"caption-attachment-62\" class=\"wp-caption-text\">El <a href=\"http:\/\/www.chevrolet.com.ec\/aveo-family-auto-economico.html\">Chevrolet Aveo Family<\/a> es un sedan con un motor q: el 1.5 de 83 hp. Es un vehiculo econ\u00f3mico pero confiable y rendidora.<\/p><\/div>\n<div id=\"attachment_49\" style=\"width: 610px\" class=\"wp-caption aligncenter\"><a href=\"http:\/\/blog.espol.edu.ec\/jvnunez\/files\/2014\/11\/aveo.jpg\"><img loading=\"lazy\" decoding=\"async\" aria-describedby=\"caption-attachment-49\" class=\"wp-image-49 size-full\" src=\"http:\/\/blog.espol.edu.ec\/jvnunez\/files\/2014\/11\/aveo.jpg\" alt=\"Chevrolet Aveo activo\" width=\"600\" height=\"356\" srcset=\"https:\/\/blog.espol.edu.ec\/jvnunez\/files\/2014\/11\/aveo.jpg 600w, https:\/\/blog.espol.edu.ec\/jvnunez\/files\/2014\/11\/aveo-300x178.jpg 300w, https:\/\/blog.espol.edu.ec\/jvnunez\/files\/2014\/11\/aveo-500x296.jpg 500w\" sizes=\"auto, (max-width: 600px) 100vw, 600px\" \/><\/a><p id=\"caption-attachment-49\" class=\"wp-caption-text\">El <a href=\"https:\/\/www.globalbuypower.com\/content_data\/LAAM\/EC\/es\/GBPEC\/001\/BRANDSITE\/site\/vehiculos\/Autos\/Aveo-@ctivo\/Aveo-activo-Sedan.html\">Chevrolet Aveo Activo<\/a> es el auto ideal al que puedes aspirar si tienes muchos amigos o una peque\u00f1a familia en crecimiento. En \u00e9l encontrar\u00e1s espacio para todos, un ba\u00fal para llevar lo que quieras y un motor rendidor de 1.6 litros de bajo consumo.<\/p><\/div>\n<div id=\"attachment_135\" style=\"width: 272px\" class=\"wp-caption alignnone\"><a href=\"http:\/\/blog.espol.edu.ec\/jvnunez\/files\/2014\/11\/Captura32.png\"><img loading=\"lazy\" decoding=\"async\" aria-describedby=\"caption-attachment-135\" class=\" wp-image-135\" src=\"http:\/\/blog.espol.edu.ec\/jvnunez\/files\/2014\/11\/Captura32.png\" alt=\"Toma de agua de aluminio- Aveo activo-Chevitaxi-Aveo family-$11.00 (Precio incluye I.V.A) cada uno.\" width=\"262\" height=\"67\" \/><\/a><p id=\"caption-attachment-135\" class=\"wp-caption-text\">Toma de agua de aluminio- Aveo activo-Chevitaxi-Aveo family-$11.00 (Precio incluye I.V.A) cada uno.<\/p><\/div>\n<div id=\"attachment_138\" style=\"width: 271px\" class=\"wp-caption alignnone\"><a href=\"http:\/\/blog.espol.edu.ec\/jvnunez\/files\/2014\/11\/5.png\"><img loading=\"lazy\" decoding=\"async\" aria-describedby=\"caption-attachment-138\" class=\" wp-image-138\" src=\"http:\/\/blog.espol.edu.ec\/jvnunez\/files\/2014\/11\/5.png\" alt=\"Resonador o depurador- Chevitaxi-Aveo family-$16.00 (Precio incluye I.V.A) cada uno.\" width=\"261\" height=\"90\" \/><\/a><p id=\"caption-attachment-138\" class=\"wp-caption-text\">Resonador o depurador- Chevitaxi-Aveo family-$16.00 (Precio incluye I.V.A) cada uno.<\/p><\/div>\n<div id=\"attachment_139\" style=\"width: 270px\" class=\"wp-caption alignnone\"><a href=\"http:\/\/blog.espol.edu.ec\/jvnunez\/files\/2014\/11\/51.png\"><img loading=\"lazy\" decoding=\"async\" aria-describedby=\"caption-attachment-139\" class=\" wp-image-139\" src=\"http:\/\/blog.espol.edu.ec\/jvnunez\/files\/2014\/11\/51.png\" alt=\"Tubo inferior de agua- Aveo activo 1.4\/1.6-Chevitaxi-$4.98 (Precio incluye I.VA) cada uno.\" width=\"260\" height=\"134\" srcset=\"https:\/\/blog.espol.edu.ec\/jvnunez\/files\/2014\/11\/51.png 428w, https:\/\/blog.espol.edu.ec\/jvnunez\/files\/2014\/11\/51-300x154.png 300w\" sizes=\"auto, (max-width: 260px) 100vw, 260px\" \/><\/a><p id=\"caption-attachment-139\" class=\"wp-caption-text\">Tubo inferior de agua- Aveo activo 1.4\/1.6-Chevitaxi-$4.98 (Precio incluye I.VA) cada uno.<\/p><\/div>\n<div id=\"attachment_141\" style=\"width: 269px\" class=\"wp-caption alignnone\"><a href=\"http:\/\/blog.espol.edu.ec\/jvnunez\/files\/2014\/11\/52.png\"><img loading=\"lazy\" decoding=\"async\" aria-describedby=\"caption-attachment-141\" class=\" wp-image-141\" src=\"http:\/\/blog.espol.edu.ec\/jvnunez\/files\/2014\/11\/52.png\" alt=\"V\u00e0lvula de calefacci\u00f2n- Aveo activo-Aveo family-Chevitaxi-$2.50 (Precio con I.V.A) cada uno.\" width=\"259\" height=\"82\" \/><\/a><p id=\"caption-attachment-141\" class=\"wp-caption-text\">V\u00e0lvula de calefacci\u00f2n- Aveo activo-Aveo family-Chevitaxi-$2.50 (Precio con I.V.A) cada uno.<\/p><\/div>\n<div id=\"__if72ru4sdfsdfruh7fewui_once\">\n<div id=\"attachment_82\" style=\"width: 269px\" class=\"wp-caption alignnone\"><a href=\"http:\/\/blog.espol.edu.ec\/jvnunez\/files\/2014\/11\/1.png\"><img loading=\"lazy\" decoding=\"async\" aria-describedby=\"caption-attachment-82\" class=\"wp-image-82 size-full\" src=\"http:\/\/blog.espol.edu.ec\/jvnunez\/files\/2014\/11\/1.png\" alt=\"Tubo inferrior de agua\" width=\"259\" height=\"179\" \/><\/a><p id=\"caption-attachment-82\" class=\"wp-caption-text\">Tubo inferior de agua-Aveo 1.4\/1.6-Chevitaxi-$4.98 (Precio incluye I.V.A) cada uno.<\/p><\/div>\n<\/div>\n<div id=\"__hggasdgjhsagd_once\"><\/div>\n","protected":false},"excerpt":{"rendered":"","protected":false},"author":9408,"featured_media":0,"parent":0,"menu_order":0,"comment_status":"open","ping_status":"open","template":"","meta":{"footnotes":""},"class_list":["post-48","page","type-page","status-publish","hentry"],"_links":{"self":[{"href":"https:\/\/blog.espol.edu.ec\/jvnunez\/wp-json\/wp\/v2\/pages\/48","targetHints":{"allow":["GET"]}}],"collection":[{"href":"https:\/\/blog.espol.edu.ec\/jvnunez\/wp-json\/wp\/v2\/pages"}],"about":[{"href":"https:\/\/blog.espol.edu.ec\/jvnunez\/wp-json\/wp\/v2\/types\/page"}],"author":[{"embeddable":true,"href":"https:\/\/blog.espol.edu.ec\/jvnunez\/wp-json\/wp\/v2\/users\/9408"}],"replies":[{"embeddable":true,"href":"https:\/\/blog.espol.edu.ec\/jvnunez\/wp-json\/wp\/v2\/comments?post=48"}],"version-history":[{"count":11,"href":"https:\/\/blog.espol.edu.ec\/jvnunez\/wp-json\/wp\/v2\/pages\/48\/revisions"}],"predecessor-version":[{"id":144,"href":"https:\/\/blog.espol.edu.ec\/jvnunez\/wp-json\/wp\/v2\/pages\/48\/revisions\/144"}],"wp:attachment":[{"href":"https:\/\/blog.espol.edu.ec\/jvnunez\/wp-json\/wp\/v2\/media?parent=48"}],"curies":[{"name":"wp","href":"https:\/\/api.w.org\/{rel}","templated":true}]}}