{"id":23,"date":"2009-06-01T14:10:21","date_gmt":"2009-06-01T18:10:21","guid":{"rendered":"http:\/\/blog.espol.edu.ec\/k3vin\/?page_id=23"},"modified":"2009-09-16T18:56:45","modified_gmt":"2009-09-16T22:56:45","slug":"nuevas-cosas","status":"publish","type":"page","link":"https:\/\/blog.espol.edu.ec\/k3vin\/nuevas-cosas\/","title":{"rendered":"Frases llenas de Vida"},"content":{"rendered":"<p>Ciertas frases que te haran sentir bien...<\/p>\n<div class=\"t\">La posibilidad de realizar un sue\u00f1o es lo que hace que la vida sea interesante.<\/div>\n<div class=\"t\"><\/div>\n<div class=\"o\">Cuando quieres realmente una cosa, todo el Universo conspira para ayudarte a conseguirla.<\/div>\n<div class=\"o\"><\/div>\n<div class=\"o\">\n<div class=\"t\">Todos los d\u00edas Dios nos da un momento en que es posible cambiar todo lo que nos hace infelices. El instante m\u00e1gico es el momento en que un s\u00ed o un no pueden cambiar toda nuestra existencia.<\/div>\n<div class=\"t\"><\/div>\n<div class=\"t\">\n<div class=\"t\">Cuando crezcas, descubrir\u00e1s que ya defendiste mentiras, te enga\u00f1aste a ti mismo o sufriste por tonter\u00edas. Si eres un buen guerrero, no te culpar\u00e1s por ello, pero tampoco dejar\u00e1s que tus errores se repitan.<\/div>\n<div class=\"t\"><\/div>\n<div class=\"t\">\n<div class=\"t\">Hay en el mundo un lenguaje que todos comprenden: es el lenguaje del entusiasmo, de las cosas hechas con amor y con voluntad, en busca de aquello que se desea o en lo que se cree.<\/div>\n<div class=\"t\">\n<p class=\"fr\">Un ni\u00f1o siempre puede ense\u00f1ar tres cosas a un adulto: a ponerse contento sin motivo, a estar siempre ocupado con algo y a saber exigir con todas sus fuerzas aqu\u00e9llo que desea.<\/p>\n<p class=\"fr\">Esperar duele. Olvidar duele. Pero el peor de los sufrimientos es no saber qu\u00e9 decisi\u00f3n tomar.<\/p>\n<p class=\"fr\">Jam\u00e1s dejes que las dudas paralicen tus acciones. Toma siempre todas las decisiones que necesites tomar, incluso sin tener la seguridad o certeza de que est\u00e1s decidiendo correctamente.<\/p>\n<p class=\"fr\">El amor no est\u00e1 en el otro, est\u00e1 dentro de nosotros m\u00edsmos; nosotros lo despertamos. Pero para que despierte necesitamos del otro.<\/p>\n<p class=\"fr\">Las cosas simples son las m\u00e1s extraordinarias y s\u00f3lo los sabios consiguen verlas.<\/p>\n<p class=\"fr\">Cuando Dios quiere enloquecer a alguien, satisface todos sus deseos.<\/p>\n<p class=\"fr\">No pretendas ser bravo cuando basta ser inteligente.<\/p>\n<p class=\"fr\"><strong>Paulo Coelho<\/strong><\/p>\n<\/div>\n<\/div>\n<\/div>\n<\/div>\n","protected":false},"excerpt":{"rendered":"<p>Ciertas frases que te haran sentir bien... La posibilidad de realizar un sue\u00f1o es lo que hace que la vida sea interesante. Cuando quieres realmente una cosa, todo el Universo conspira para ayudarte a conseguirla. Todos los d\u00edas Dios nos da un momento en que es posible cambiar todo lo que nos hace infelices. El [&hellip;]<\/p>\n","protected":false},"author":1582,"featured_media":0,"parent":0,"menu_order":0,"comment_status":"open","ping_status":"open","template":"","meta":{"footnotes":""},"class_list":["post-23","page","type-page","status-publish","hentry"],"_links":{"self":[{"href":"https:\/\/blog.espol.edu.ec\/k3vin\/wp-json\/wp\/v2\/pages\/23","targetHints":{"allow":["GET"]}}],"collection":[{"href":"https:\/\/blog.espol.edu.ec\/k3vin\/wp-json\/wp\/v2\/pages"}],"about":[{"href":"https:\/\/blog.espol.edu.ec\/k3vin\/wp-json\/wp\/v2\/types\/page"}],"author":[{"embeddable":true,"href":"https:\/\/blog.espol.edu.ec\/k3vin\/wp-json\/wp\/v2\/users\/1582"}],"replies":[{"embeddable":true,"href":"https:\/\/blog.espol.edu.ec\/k3vin\/wp-json\/wp\/v2\/comments?post=23"}],"version-history":[{"count":7,"href":"https:\/\/blog.espol.edu.ec\/k3vin\/wp-json\/wp\/v2\/pages\/23\/revisions"}],"predecessor-version":[{"id":112,"href":"https:\/\/blog.espol.edu.ec\/k3vin\/wp-json\/wp\/v2\/pages\/23\/revisions\/112"}],"wp:attachment":[{"href":"https:\/\/blog.espol.edu.ec\/k3vin\/wp-json\/wp\/v2\/media?parent=23"}],"curies":[{"name":"wp","href":"https:\/\/api.w.org\/{rel}","templated":true}]}}