{"id":123,"date":"2010-07-19T17:13:45","date_gmt":"2010-07-19T22:13:45","guid":{"rendered":"http:\/\/blog.espol.edu.ec\/kaaguila\/?page_id=123"},"modified":"2010-11-01T17:57:39","modified_gmt":"2010-11-01T22:57:39","slug":"frase-diaria","status":"publish","type":"page","link":"https:\/\/blog.espol.edu.ec\/kaaguila\/frase-diaria\/","title":{"rendered":"Frases"},"content":{"rendered":"<p>Cada d\u00eda se publicar\u00e1 una frase  de distinto contenido.<\/p>\n<p>19 de julio del 2010<\/p>\n<p>Haz lo necesario para lograr tu m\u00e1s ardiente deseo, y  acabar\u00e1s logr\u00e1ndolo.<\/p>\n<p style=\"text-align: right\">Ludwig van  Beethoven<\/p>\n<p style=\"text-align: left\">22 de julio del 2010<\/p>\n<p style=\"text-align: left\">El aburrimiento no es malo, te ayuda a pensar o hacer cosas que no hubieses hecho si estuvieses ocupado en otra cosa.<\/p>\n<p><strong> <\/strong><\/p>\n<p style=\"text-align: left\">28 de julio del 2010<\/p>\n<p style=\"text-align: left\">El respeto al derecho ajeno es la paz.<\/p>\n<p><strong> <\/strong><\/p>\n<p style=\"text-align: right\">Benito Juarez<\/p>\n<p style=\"text-align: left\">28 de octubre del 2010<\/p>\n<p style=\"text-align: left\">\u00bfPor qu\u00e9, en general, se rehuye la soledad? Porque son muy pocos los que encuentran compa\u00f1\u00eda consigo mismos.<\/p>\n<p style=\"text-align: right\">Carlo Dossi<\/p>\n<p style=\"text-align: left\">La soledad se admira y desea cuando no se sufre, pero la necesidad humana de compartir cosas es evidente.<\/p>\n<p style=\"text-align: right\">Carmen Martin Gaite<\/p>\n<p style=\"text-align: left\">31 de octubre del 2010<\/p>\n<p style=\"text-align: left\">La alegr\u00eda es la piedra filosofal que todo lo convierte en oro.<\/p>\n<p style=\"text-align: right\">Benjamin Franklin<\/p>\n<p style=\"text-align: left\">1 de noviembre del 2010<\/p>\n<p style=\"text-align: left\">Si quieres ser sabio, aprende a interrogar razonablemente, a escuchar  con atenci\u00f3n, a responder serenamente y a callar cuando no tengas nada  que decir.<\/p>\n<p style=\"text-align: right\">Johann Kaspar Lavater<\/p>\n<p style=\"text-align: left\">No hay que confundir nunca el conocimiento con la sabidur\u00eda. El primero  nos sirve para ganarnos la vida; la sabidur\u00eda nos ayuda a vivir.<\/p>\n<p style=\"text-align: right\">Sorcha Carey<\/p>\n<p style=\"text-align: left\">\n","protected":false},"excerpt":{"rendered":"<p>Cada d\u00eda se publicar\u00e1 una frase de distinto contenido. 19 de julio del 2010 Haz lo necesario para lograr tu m\u00e1s ardiente deseo, y acabar\u00e1s logr\u00e1ndolo. Ludwig van Beethoven 22 de julio del 2010 El aburrimiento no es malo, te ayuda a pensar o hacer cosas que no hubieses hecho si estuvieses ocupado en otra [&hellip;]<\/p>\n","protected":false},"author":495,"featured_media":0,"parent":0,"menu_order":0,"comment_status":"open","ping_status":"open","template":"","meta":{"footnotes":""},"class_list":["post-123","page","type-page","status-publish","hentry"],"_links":{"self":[{"href":"https:\/\/blog.espol.edu.ec\/kaaguila\/wp-json\/wp\/v2\/pages\/123","targetHints":{"allow":["GET"]}}],"collection":[{"href":"https:\/\/blog.espol.edu.ec\/kaaguila\/wp-json\/wp\/v2\/pages"}],"about":[{"href":"https:\/\/blog.espol.edu.ec\/kaaguila\/wp-json\/wp\/v2\/types\/page"}],"author":[{"embeddable":true,"href":"https:\/\/blog.espol.edu.ec\/kaaguila\/wp-json\/wp\/v2\/users\/495"}],"replies":[{"embeddable":true,"href":"https:\/\/blog.espol.edu.ec\/kaaguila\/wp-json\/wp\/v2\/comments?post=123"}],"version-history":[{"count":8,"href":"https:\/\/blog.espol.edu.ec\/kaaguila\/wp-json\/wp\/v2\/pages\/123\/revisions"}],"predecessor-version":[{"id":148,"href":"https:\/\/blog.espol.edu.ec\/kaaguila\/wp-json\/wp\/v2\/pages\/123\/revisions\/148"}],"wp:attachment":[{"href":"https:\/\/blog.espol.edu.ec\/kaaguila\/wp-json\/wp\/v2\/media?parent=123"}],"curies":[{"name":"wp","href":"https:\/\/api.w.org\/{rel}","templated":true}]}}