{"id":60,"date":"2009-08-03T17:29:37","date_gmt":"2009-08-03T21:29:37","guid":{"rendered":"http:\/\/blog.espol.edu.ec\/kaborja\/?page_id=60"},"modified":"2009-08-09T20:41:48","modified_gmt":"2009-08-10T00:41:48","slug":"acerca-del-sida","status":"publish","type":"page","link":"https:\/\/blog.espol.edu.ec\/kaborja\/acerca-del-sida\/","title":{"rendered":"EL SIDA!!!"},"content":{"rendered":"<p>El sida consiste en la incapacidad del sistema inmunitario para hacer frente a las infecciones y otros procesos patol\u00f3gicos, y se desarrolla cuando el nivel de Linfocitos T CD4 desciende por debajo de 200 c\u00e9lulas por mililitro de sangre.<\/p>\n<p>Normalmente, los gl\u00f3bulos blancos y anticuerpos atacan y destruyen a cualquier organismo extra\u00f1o que entra al cuerpo humano. Esta respuesta es coordinada por un tipo de c\u00e9lulas llamados linfocitos CD4. Desafortunadamente, el VIH ataca espec\u00edficamente a las c\u00e9lulas que expresan el receptor CD4, una de las m\u00e1s importantes son los linfocitos T CD4+ y entra en ellos. Una vez dentro, el virus transforma su material gen\u00e9tico de cadena simple (ARN) a uno de cadena doble (ADN) para incorporarlo al material gen\u00e9tico propio del hu\u00e9sped (persona infectada) y lo utiliza para replicarse o hacer copias de s\u00ed mismo. Cuando las nuevas copias del virus salen de las c\u00e9lulas a la sangre, buscan a otras c\u00e9lulas para atacar. Mientras, las c\u00e9lulas de donde salieron mueren. Este ciclo se repite una y otra vez.<\/p>\n<p><object width=\"425\" height=\"344\"><param name=\"movie\" value=\"http:\/\/www.youtube.com\/v\/DEAP9M-b0TQ&amp;hl=en&amp;fs=1&amp;\"><\/param><param name=\"allowFullScreen\" value=\"true\"><\/param><param name=\"allowscriptaccess\" value=\"always\"><\/param><embed src=\"http:\/\/www.youtube.com\/v\/DEAP9M-b0TQ&amp;hl=en&amp;fs=1&amp;\" type=\"application\/x-shockwave-flash\" width=\"425\" height=\"344\"><\/embed><\/object><\/p>\n<p>El VIH est\u00e1 emparentado con otros virus que causan enfermedades parecidas al sida. Se cree que este virus se transfiri\u00f3 de los animales a los humanos a comienzos del siglo XX. Existen dos virus diferenciados que causan sida en los seres humanos, el VIH-1 y el VIH-2. Del primero la especie reservorio son los chimpanc\u00e9s, de cuyo virus propio, el SIVcpz, deriva. El VIH-2 procede del SIVsm, propio de una especie de monos de \u00c1frica Occidental. En ambos casos la transmisi\u00f3n entre especies se ha producido varias veces, pero la actual pandemia resulta de la extensi\u00f3n del grupo M del VIH-1, procedente seg\u00fan estimaciones de una infecci\u00f3n producida en \u00c1frica Central, donde el virus manifiesta la m\u00e1xima diversidad, en la primera mitad del siglo XX.<\/p>\n<p>La pandemia actual arranc\u00f3 en \u00c1frica Central, pero pas\u00f3 inadvertida mientras no empez\u00f3 a afectar a poblaci\u00f3n de pa\u00edses ricos, en los que la inmunosupresi\u00f3n del sida no pod\u00eda confundirse f\u00e1cilmente con depauperaci\u00f3n debida a otras causas, sobre todo para sistemas m\u00e9dicos y de control de enfermedades muy dotados de recursos. La muestra humana m\u00e1s antigua que se sepa que contiene VIH fue tomada en 1959 a un marino brit\u00e1nico, quien aparentemente la contrajo en lo que ahora es la Rep\u00fablica Democr\u00e1tica del Congo. Otras muestras que conten\u00edan el virus fueron encontradas en un hombre estadounidense que muri\u00f3 en 1969 y en un marino noruego en 1976. Se cree que el virus se contagi\u00f3 a trav\u00e9s de actividad sexual, posiblemente a trav\u00e9s de prostitutas, en las \u00e1reas urbanas de \u00c1frica. A medida que los primeros infectados viajaron por el mundo, fueron llevando la enfermedad a varias ciudades de distintos continentes.<\/p>\n<p>En la actualidad, la manera m\u00e1s com\u00fan en que se transmite el VIH es a trav\u00e9s de actividad sexual desprotegida y al compartir agujas entre usuarios de drogas inyectables. El virus tambi\u00e9n puede ser transmitido desde una madre embarazada a su hijo (transmisi\u00f3n vertical). En el pasado tambi\u00e9n se transmiti\u00f3 el sida a trav\u00e9s de transfusiones de sangre y el uso de productos derivados de \u00e9sta para el tratamiento de la hemofilia o por el uso compartido de material m\u00e9dico sin esterilizar; sin embargo, hoy en d\u00eda esto ocurre muy raramente, salvo lo \u00faltimo en regiones pobres, debido a los controles realizados sobre estos productos.<\/p>\n<p>No todos los pacientes infectados con el virus VIH tienen sida. El criterio para diagnosticar el sida puede variar de regi\u00f3n en regi\u00f3n, pero el diagn\u00f3stico t\u00edpicamente requiere:<\/p>\n<p>Un recuento absoluto de las c\u00e9lulas T CD4 menor a 200 por mil\u00edmetro c\u00fabico, o<br \/>\nLa presencia de alguna de las infecciones oportunistas t\u00edpicas, causadas por agentes incapaces de producir enfermedad en personas sanas.<br \/>\nLa persona infectada por el VIH es denominada \u00abseropositiva\u00bb o \u00abVIH positivo\u00bb (VIH+) y a los no infectados se les llama \u00abseronegativos\u00bb o \u00abVIH negativo\u00bb (VIH\u2013). La mayor\u00eda de las personas seropositivas no saben que lo son.<\/p>\n<p>La infecci\u00f3n primaria por VIH es llamada \u00abseroconversi\u00f3n\u00bb y puede ser acompa\u00f1ada por una serie de s\u00edntomas inespec\u00edficos, parecidos a los de una gripe, por ejemplo, fiebre, dolores musculares y articulares, dolor de garganta y ganglios linf\u00e1ticos inflamados. En esta etapa el infectado es m\u00e1s transmisor que en cualquier otra etapa de la enfermedad, ya que la cantidad de virus en su organismo es la m\u00e1s alta que alcanzar\u00e1. Esto se debe a que todav\u00eda no se desarrolla por completo la respuesta inmunol\u00f3gica del hu\u00e9sped. No todos los reci\u00e9n infectados con VIH padecen de estos s\u00edntomas y finalmente todos los individuos se vuelven asintom\u00e1ticos.<\/p>\n<p>Curso t\u00edpico de la infecci\u00f3n por VIH. Los detalles, en particular los plazos, var\u00edan ampliamente de un infectado a otro. En azul, evoluci\u00f3n del recuento de linfocitos T CD4+. En rojo, evoluci\u00f3n de la carga viral.Durante la etapa asintom\u00e1tica, cada d\u00eda se producen varios miles de millones de virus VIH, lo cual se acompa\u00f1a de una disminuci\u00f3n de las c\u00e9lulas T CD4+. El virus no s\u00f3lo se encuentra en la sangre, sino en todo el cuerpo, particularmente en los ganglios linf\u00e1ticos, el cerebro y las secreciones genitales.<\/p>\n<p>El tiempo que demora el diagn\u00f3stico de sida desde la infecci\u00f3n inicial del virus VIH es variable. Algunos pacientes desarrollan alg\u00fan s\u00edntoma de inmunosupresi\u00f3n muy pocos meses despu\u00e9s de haber sido infectados, mientras que otros se mantienen asintom\u00e1ticos hasta 20 a\u00f1os.<\/p>\n<p>La raz\u00f3n por la que algunos pacientes no desarrollan la enfermedad y por que hay tanta variabilidad interpersonal en el avance de la enfermedad, todav\u00eda es objeto de estudio. El tiempo promedio entre la infecci\u00f3n inicial y el desarrollo del sida var\u00eda entre ocho a diez a\u00f1os en ausencia de tratamiento.<\/p>\n<p><object width=\"445\" height=\"364\"><param name=\"movie\" value=\"http:\/\/www.youtube.com\/v\/isElBSyAjGQ&amp;hl=en&amp;fs=1&amp;color1=0xe1600f&amp;color2=0xfebd01&amp;border=1\"><\/param><param name=\"allowFullScreen\" value=\"true\"><\/param><param name=\"allowscriptaccess\" value=\"always\"><\/param><embed src=\"http:\/\/www.youtube.com\/v\/isElBSyAjGQ&amp;hl=en&amp;fs=1&amp;color1=0xe1600f&amp;color2=0xfebd01&amp;border=1\" type=\"application\/x-shockwave-flash\" width=\"445\" height=\"364\"><\/embed><\/object><\/p>\n","protected":false},"excerpt":{"rendered":"<p>El sida consiste en la incapacidad del sistema inmunitario para hacer frente a las infecciones y otros procesos patol\u00f3gicos, y se desarrolla cuando el nivel de Linfocitos T CD4 desciende por debajo de 200 c\u00e9lulas por mililitro de sangre. Normalmente, los gl\u00f3bulos blancos y anticuerpos atacan y destruyen a cualquier organismo extra\u00f1o que entra al [&hellip;]<\/p>\n","protected":false},"author":1775,"featured_media":0,"parent":0,"menu_order":0,"comment_status":"open","ping_status":"open","template":"","meta":{"footnotes":""},"class_list":["post-60","page","type-page","status-publish","hentry"],"_links":{"self":[{"href":"https:\/\/blog.espol.edu.ec\/kaborja\/wp-json\/wp\/v2\/pages\/60","targetHints":{"allow":["GET"]}}],"collection":[{"href":"https:\/\/blog.espol.edu.ec\/kaborja\/wp-json\/wp\/v2\/pages"}],"about":[{"href":"https:\/\/blog.espol.edu.ec\/kaborja\/wp-json\/wp\/v2\/types\/page"}],"author":[{"embeddable":true,"href":"https:\/\/blog.espol.edu.ec\/kaborja\/wp-json\/wp\/v2\/users\/1775"}],"replies":[{"embeddable":true,"href":"https:\/\/blog.espol.edu.ec\/kaborja\/wp-json\/wp\/v2\/comments?post=60"}],"version-history":[{"count":8,"href":"https:\/\/blog.espol.edu.ec\/kaborja\/wp-json\/wp\/v2\/pages\/60\/revisions"}],"predecessor-version":[{"id":72,"href":"https:\/\/blog.espol.edu.ec\/kaborja\/wp-json\/wp\/v2\/pages\/60\/revisions\/72"}],"wp:attachment":[{"href":"https:\/\/blog.espol.edu.ec\/kaborja\/wp-json\/wp\/v2\/media?parent=60"}],"curies":[{"name":"wp","href":"https:\/\/api.w.org\/{rel}","templated":true}]}}