{"id":46,"date":"2016-11-14T08:19:12","date_gmt":"2016-11-14T08:19:12","guid":{"rendered":"http:\/\/blog.espol.edu.ec\/kalcmax\/?page_id=46"},"modified":"2016-11-14T09:52:10","modified_gmt":"2016-11-14T09:52:10","slug":"panoleta","status":"publish","type":"page","link":"https:\/\/blog.espol.edu.ec\/kalcmax\/panoleta\/","title":{"rendered":"Pa\u00f1oleta"},"content":{"rendered":"<p>La pa\u00f1oleta es una de las principales caracter\u00edsticas de un scout, debido a que en ella se guarda la promesa que uno realiza como scout. Cada grupo dise\u00f1a su propia pa\u00f1oleta, en la cual cada color posee un significado.<\/p>\n<div id=\"attachment_104\" style=\"width: 310px\" class=\"wp-caption aligncenter\"><img loading=\"lazy\" decoding=\"async\" aria-describedby=\"caption-attachment-104\" class=\"wp-image-104 size-medium\" src=\"http:\/\/blog.espol.edu.ec\/kalcmax\/files\/2016\/11\/12294848_1500519816943715_7238552747691048244_n-300x168.jpg\" alt=\"12294848_1500519816943715_7238552747691048244_n\" width=\"300\" height=\"168\" srcset=\"https:\/\/blog.espol.edu.ec\/kalcmax\/files\/2016\/11\/12294848_1500519816943715_7238552747691048244_n-300x168.jpg 300w, https:\/\/blog.espol.edu.ec\/kalcmax\/files\/2016\/11\/12294848_1500519816943715_7238552747691048244_n-768x431.jpg 768w, https:\/\/blog.espol.edu.ec\/kalcmax\/files\/2016\/11\/12294848_1500519816943715_7238552747691048244_n.jpg 960w\" sizes=\"auto, (max-width: 300px) 100vw, 300px\" \/><p id=\"caption-attachment-104\" class=\"wp-caption-text\">Pa\u00f1oleta del Grupo Scout #22 P.V.N.<\/p><\/div>\n<p>&nbsp;<\/p>\n<p>La pa\u00f1oleta del Grupo Scout #22 P.V.N. consta de 5 colores:<\/p>\n<ul>\n<li>Azul: Relaciona el mar con nuestros sue\u00f1os y metas, los cuales don infinitos.<\/li>\n<li>Dorado: Simboliza el brillo que tenemos cada uno de nosotros.<\/li>\n<li>Celeste y blanco: Es el manto de la Virgen Mar\u00eda que nos cuida y protege.<\/li>\n<li>Negro: Es esa parte mala que las personas tenemos, por eso se encuentra por debajo del manto de la virgen.<\/li>\n<\/ul>\n","protected":false},"excerpt":{"rendered":"<p>La pa\u00f1oleta es una de las principales caracter\u00edsticas de un scout, debido a que en ella se guarda la promesa que uno realiza como scout. Cada grupo dise\u00f1a su propia pa\u00f1oleta, en la cual cada color posee un significado. &nbsp; La pa\u00f1oleta del Grupo Scout #22 P.V.N. consta de 5 colores: Azul: Relaciona el mar con nuestros sue\u00f1os y metas,<br \/><span class=\"read_more\"><a href=\"https:\/\/blog.espol.edu.ec\/kalcmax\/panoleta\/\">Read more...<\/a><\/span><\/p>\n","protected":false},"author":10643,"featured_media":0,"parent":0,"menu_order":0,"comment_status":"closed","ping_status":"closed","template":"","meta":{"footnotes":""},"class_list":["post-46","page","type-page","status-publish","hentry"],"_links":{"self":[{"href":"https:\/\/blog.espol.edu.ec\/kalcmax\/wp-json\/wp\/v2\/pages\/46","targetHints":{"allow":["GET"]}}],"collection":[{"href":"https:\/\/blog.espol.edu.ec\/kalcmax\/wp-json\/wp\/v2\/pages"}],"about":[{"href":"https:\/\/blog.espol.edu.ec\/kalcmax\/wp-json\/wp\/v2\/types\/page"}],"author":[{"embeddable":true,"href":"https:\/\/blog.espol.edu.ec\/kalcmax\/wp-json\/wp\/v2\/users\/10643"}],"replies":[{"embeddable":true,"href":"https:\/\/blog.espol.edu.ec\/kalcmax\/wp-json\/wp\/v2\/comments?post=46"}],"version-history":[{"count":4,"href":"https:\/\/blog.espol.edu.ec\/kalcmax\/wp-json\/wp\/v2\/pages\/46\/revisions"}],"predecessor-version":[{"id":107,"href":"https:\/\/blog.espol.edu.ec\/kalcmax\/wp-json\/wp\/v2\/pages\/46\/revisions\/107"}],"wp:attachment":[{"href":"https:\/\/blog.espol.edu.ec\/kalcmax\/wp-json\/wp\/v2\/media?parent=46"}],"curies":[{"name":"wp","href":"https:\/\/api.w.org\/{rel}","templated":true}]}}