{"id":2,"date":"2010-06-03T21:31:38","date_gmt":"2010-06-03T21:31:38","guid":{"rendered":""},"modified":"2012-11-06T12:34:51","modified_gmt":"2012-11-06T17:34:51","slug":"about","status":"publish","type":"page","link":"https:\/\/blog.espol.edu.ec\/kalufrei\/about\/","title":{"rendered":"About me \u02c6\u2323\u02c6"},"content":{"rendered":"<div style=\"text-align: justify\">\n<p><font size=\"1\" color=\"#b48783\">una persona llena de ideas y mente totalmente abierta a los cambios que puedan producir acciones totalmente positivas y de cambios reales para formar un nuevo mundo, considerada una persona no muy cuerda, pero yo soy as\u00ed de buen humor..!<br \/>\nAmo la astronom\u00eda, la lectura, el aprendizaje, la educaci\u00f3n, los ni\u00f1os, la cocina, la artesan\u00eda, el arte, la fotograf\u00eda, los deportes extremos, las cosas nuevas, \u00a1Sonr\u00ede!<\/p>\n<p>Vivir intensamente!! ... Abrazos fort\u00edsimos!! ....Melod\u00edas del d\u00eda!!...La vida es un aventura!!... Sentir y Mirar son sin\u00f3nimos!!... Pensamientos mariposa!!... Sonrisas en el Alma!!... Siempre = siempre es una linea continua \u2665 que nunca termina .... Azul celeste te siento Vida!!... Vivo enamorada!!...Hasta la sonrisa!!... (...M..) la m\u00e1s bella entre las estrellas.<br \/>\nSintiendo, Mirando, Viviendo Intensamente Siempre!!<br \/>\nUna misi\u00f3n m\u00e1s y posiblemente regrese a casa =^.^=<\/p>\n<p><span style=\"color: #b48783;font-size: x-small\"><br \/>\n<\/span><\/p>\n<p><\/font><\/div>\n<p style=\"text-align: center\"><a href=\"http:\/\/s555.beta.photobucket.com\/user\/karlucyp\/library\/\" target=\"_blank\"><img decoding=\"async\" src=\"http:\/\/i555.photobucket.com\/albums\/jj476\/karlucyp\/P1100029.png\" border=\"0\" alt=\"Photobucket\" \/><\/a><\/p>\n","protected":false},"excerpt":{"rendered":"<p>una persona llena de ideas y mente totalmente abierta a los cambios que puedan producir acciones totalmente positivas y de cambios reales para formar un nuevo mundo, considerada una persona no muy cuerda, pero yo soy as\u00ed de buen humor..! Amo la astronom\u00eda, la lectura, el aprendizaje, la educaci\u00f3n, los ni\u00f1os, la cocina, la artesan\u00eda, [&hellip;]<\/p>\n","protected":false},"author":4335,"featured_media":0,"parent":0,"menu_order":0,"comment_status":"open","ping_status":"open","template":"","meta":{"footnotes":""},"class_list":["post-2","page","type-page","status-publish","hentry"],"_links":{"self":[{"href":"https:\/\/blog.espol.edu.ec\/kalufrei\/wp-json\/wp\/v2\/pages\/2","targetHints":{"allow":["GET"]}}],"collection":[{"href":"https:\/\/blog.espol.edu.ec\/kalufrei\/wp-json\/wp\/v2\/pages"}],"about":[{"href":"https:\/\/blog.espol.edu.ec\/kalufrei\/wp-json\/wp\/v2\/types\/page"}],"author":[{"embeddable":true,"href":"https:\/\/blog.espol.edu.ec\/kalufrei\/wp-json\/wp\/v2\/users\/4335"}],"replies":[{"embeddable":true,"href":"https:\/\/blog.espol.edu.ec\/kalufrei\/wp-json\/wp\/v2\/comments?post=2"}],"version-history":[{"count":19,"href":"https:\/\/blog.espol.edu.ec\/kalufrei\/wp-json\/wp\/v2\/pages\/2\/revisions"}],"predecessor-version":[{"id":205,"href":"https:\/\/blog.espol.edu.ec\/kalufrei\/wp-json\/wp\/v2\/pages\/2\/revisions\/205"}],"wp:attachment":[{"href":"https:\/\/blog.espol.edu.ec\/kalufrei\/wp-json\/wp\/v2\/media?parent=2"}],"curies":[{"name":"wp","href":"https:\/\/api.w.org\/{rel}","templated":true}]}}